{"id":556,"date":"2018-06-03T15:34:39","date_gmt":"2018-06-03T13:34:39","guid":{"rendered":"http:\/\/agora.xtec.cat\/iesdecelra\/?page_id=556"},"modified":"2025-06-19T13:39:23","modified_gmt":"2025-06-19T11:39:23","slug":"sollicitud-i-recollida-de-titols","status":"publish","type":"page","link":"https:\/\/agora.xtec.cat\/iesdecelra\/secretaria-2\/sollicitud-i-recollida-de-titols\/","title":{"rendered":"Sol\u00b7licitud i inst\u00e0ncies"},"content":{"rendered":"<ul>\n<li><a href=\"https:\/\/drive.google.com\/file\/d\/1FPa6otWUKzxTEImmb4QBHm1X6OJivrlc\/view?usp=sharing\">Sol\u00b7licitud d&#8217;expedici\u00f3 de t\u00edtol acad\u00e8mic<\/a><\/li>\n<li><a href=\"https:\/\/drive.google.com\/file\/d\/1_5rhFdUb1cYo7mIu5qqINRgHy4a-lM8j\/view?usp=share_link\">Sol\u00b7licitud duplicat de t\u00edtol acad\u00e8mic<\/a><\/li>\n<li><a href=\"https:\/\/drive.google.com\/file\/d\/13E6zj2KKJzMz-dMfa7-dtRm2ZD4Aw9jB\/view?usp=share_link\">Sol\u00b7licitud de baixa escolar alumnat menor d&#8217;edat<\/a><\/li>\n<li><a href=\"https:\/\/drive.google.com\/file\/d\/1wsx_B58asMCHiULlAl2WPqXxe0APTFBN\/view?usp=share_link\">Sol\u00b7licitud de baixa escolar alumnat major d&#8217;edat<\/a><\/li>\n<li><a href=\"https:\/\/drive.google.com\/file\/d\/13Gk76DKQ5Ph6aVr274zhKzpIN-AcxXy8\/view?usp=share_link\">Sol\u00b7licitud gen\u00e8rica<\/a><\/li>\n<\/ul>\n","protected":false},"excerpt":{"rendered":"<ul>\n<li><a href=\"https:\/\/drive.google.com\/file\/d\/1FPa6otWUKzxTEImmb4QBHm1X6OJivrlc\/view?usp=sharing\">Sol\u00b7licitud d&#8217;expedici\u00f3 de t\u00edtol acad\u00e8mic<\/a><\/li>\n<li><a href=\"https:\/\/drive.google.com\/file\/d\/1_5rhFdUb1cYo7mIu5qqINRgHy4a-lM8j\/view?usp=share_link\">Sol\u00b7licitud duplicat de t\u00edtol acad\u00e8mic<\/a><\/li>\n<li><a href=\"https:\/\/drive.google.com\/file\/d\/13E6zj2KKJzMz-dMfa7-dtRm2ZD4Aw9jB\/view?usp=share_link\">Sol\u00b7licitud de baixa escolar alumnat menor d&#8217;edat<\/a><\/li>\n<li><a href=\"https:\/\/drive.google.com\/file\/d\/1wsx_B58asMCHiULlAl2WPqXxe0APTFBN\/view?usp=share_link\">Sol\u00b7licitud de baixa escolar alumnat major d&#8217;edat<\/a><\/li>\n<li><a href=\"https:\/\/drive.google.com\/file\/d\/13Gk76DKQ5Ph6aVr274zhKzpIN-AcxXy8\/view?usp=share_link\">Sol\u00b7licitud gen\u00e8rica<\/a><\/li>\n<\/ul>\n","protected":false},"author":1,"featured_media":0,"parent":740,"menu_order":3,"comment_status":"closed","ping_status":"closed","template":"page-templates\/side-menu.php","meta":{"_bbp_topic_count":0,"_bbp_reply_count":0,"_bbp_total_topic_count":0,"_bbp_total_reply_count":0,"_bbp_voice_count":0,"_bbp_anonymous_reply_count":0,"_bbp_topic_count_hidden":0,"_bbp_reply_count_hidden":0,"_bbp_forum_subforum_count":0,"footnotes":""},"class_list":["post-556","page","type-page","status-publish","hentry"],"post_mailing_queue_ids":[],"_links":{"self":[{"href":"https:\/\/agora.xtec.cat\/iesdecelra\/wp-json\/wp\/v2\/pages\/556","targetHints":{"allow":["GET"]}}],"collection":[{"href":"https:\/\/agora.xtec.cat\/iesdecelra\/wp-json\/wp\/v2\/pages"}],"about":[{"href":"https:\/\/agora.xtec.cat\/iesdecelra\/wp-json\/wp\/v2\/types\/page"}],"author":[{"embeddable":true,"href":"https:\/\/agora.xtec.cat\/iesdecelra\/wp-json\/wp\/v2\/users\/1"}],"replies":[{"embeddable":true,"href":"https:\/\/agora.xtec.cat\/iesdecelra\/wp-json\/wp\/v2\/comments?post=556"}],"version-history":[{"count":6,"href":"https:\/\/agora.xtec.cat\/iesdecelra\/wp-json\/wp\/v2\/pages\/556\/revisions"}],"predecessor-version":[{"id":9815,"href":"https:\/\/agora.xtec.cat\/iesdecelra\/wp-json\/wp\/v2\/pages\/556\/revisions\/9815"}],"up":[{"embeddable":true,"href":"https:\/\/agora.xtec.cat\/iesdecelra\/wp-json\/wp\/v2\/pages\/740"}],"wp:attachment":[{"href":"https:\/\/agora.xtec.cat\/iesdecelra\/wp-json\/wp\/v2\/media?parent=556"}],"curies":[{"name":"wp","href":"https:\/\/api.w.org\/{rel}","templated":true}]}}

Sol·licitud i instàncies

<ul>
<li><a href="https://drive.google.com/file/d/1FPa6otWUKzxTEImmb4QBHm1X6OJivrlc/view?usp=sharing">Sol·licitud d&#8217;expedició de títol acadèmic</a></li>
<li><a href="https://drive.google.com/file/d/1_5rhFdUb1cYo7mIu5qqINRgHy4a-lM8j/view?usp=share_link">Sol·licitud duplicat de títol acadèmic</a></li>
<li><a href="https://drive.google.com/file/d/13E6zj2KKJzMz-dMfa7-dtRm2ZD4Aw9jB/view?usp=share_link">Sol·licitud de baixa escolar alumnat menor d&#8217;edat</a></li>
<li><a href="https://drive.google.com/file/d/1wsx_B58asMCHiULlAl2WPqXxe0APTFBN/view?usp=share_link">Sol·licitud de baixa escolar alumnat major d&#8217;edat</a></li>
<li><a href="https://drive.google.com/file/d/13Gk76DKQ5Ph6aVr274zhKzpIN-AcxXy8/view?usp=share_link">Sol·licitud genèrica</a></li>
</ul>
