{"id":55,"date":"2014-09-17T16:59:49","date_gmt":"2014-09-17T16:59:49","guid":{"rendered":"http:\/\/agora.xtec.cat\/iesdecelra\/?page_id=55"},"modified":"2025-06-19T13:38:45","modified_gmt":"2025-06-19T11:38:45","slug":"horaris","status":"publish","type":"page","link":"https:\/\/agora.xtec.cat\/iesdecelra\/secretaria-2\/horaris\/","title":{"rendered":"Atenci\u00f3 al p\u00fablic"},"content":{"rendered":"<p>&nbsp;<\/p>\n<div class=\"row\">\n<div class=\"columns small-12 large-2\"><img decoding=\"async\" src=\"https:\/\/img.icons8.com\/color\/120\/000000\/overtime.png\" \/><\/div>\n<div class=\"columns small-12 large-10\">\n<h2>Horari d&#8217;atenci\u00f3 al p\u00fablic<\/h2>\n<p>Hora d&#8217;oficina d&#8217;1 de setembre a 30 de juny.<\/p>\n<p>De dilluns a divendres la secretaria estar\u00e0 oberta per atenci\u00f3 al p\u00fablic de 9h a 14h.<br \/>\n\u00c9s molt recomanable demanar cita pr\u00e8via per tel\u00e8fon (972492405) o per correu electr\u00f2nic (iesdecelra@xtec.cat). Els dimarts a la tarda la secretaria nom\u00e9s obrir\u00e0 amb cita pr\u00e8via.<\/p>\n<p>Tel\u00e8fon: 972 49 24 05<br \/>\nAdre\u00e7a: Pa\u00efsos Catalans s\/n Celr\u00e0 17460<br \/>\nCorreu electr\u00f2nic: iesdecelra<span class=\"atwho-query\">@xtec.cat<\/span><\/p>\n<\/div>\n<\/div>\n<div><\/div>\n<div><\/div>\n<div>\n<div>\n<div><\/div>\n<\/div>\n<\/div>\n","protected":false},"excerpt":{"rendered":"<p>&nbsp;<\/p>\n<p>Horari d&#8217;atenci\u00f3 al p\u00fablic<br \/>\nHora d&#8217;oficina d&#8217;1 de setembre a 30 de juny.<br \/>\nDe dilluns a divendres la secretaria estar\u00e0 oberta per atenci\u00f3 al p\u00fablic de 9h a 14h.<br \/>\n\u00c9s molt recomanable demanar cita pr\u00e8via per tel\u00e8fon (972492405) o per correu electr\u00f2nic (iesdecelra@xtec.cat). Els dimarts a la tarda&hellip;  <a href=\"https:\/\/agora.xtec.cat\/iesdecelra\/secretaria-2\/horaris\/\" title=\"Read Atenci\u00f3 al p\u00fablic\">Llegeix m\u00e9s\u00bb<\/a><\/p>\n","protected":false},"author":1,"featured_media":0,"parent":740,"menu_order":1,"comment_status":"closed","ping_status":"closed","template":"page-templates\/side-menu.php","meta":{"_bbp_topic_count":0,"_bbp_reply_count":0,"_bbp_total_topic_count":0,"_bbp_total_reply_count":0,"_bbp_voice_count":0,"_bbp_anonymous_reply_count":0,"_bbp_topic_count_hidden":0,"_bbp_reply_count_hidden":0,"_bbp_forum_subforum_count":0,"footnotes":""},"class_list":["post-55","page","type-page","status-publish","hentry"],"post_mailing_queue_ids":[],"_links":{"self":[{"href":"https:\/\/agora.xtec.cat\/iesdecelra\/wp-json\/wp\/v2\/pages\/55","targetHints":{"allow":["GET"]}}],"collection":[{"href":"https:\/\/agora.xtec.cat\/iesdecelra\/wp-json\/wp\/v2\/pages"}],"about":[{"href":"https:\/\/agora.xtec.cat\/iesdecelra\/wp-json\/wp\/v2\/types\/page"}],"author":[{"embeddable":true,"href":"https:\/\/agora.xtec.cat\/iesdecelra\/wp-json\/wp\/v2\/users\/1"}],"replies":[{"embeddable":true,"href":"https:\/\/agora.xtec.cat\/iesdecelra\/wp-json\/wp\/v2\/comments?post=55"}],"version-history":[{"count":3,"href":"https:\/\/agora.xtec.cat\/iesdecelra\/wp-json\/wp\/v2\/pages\/55\/revisions"}],"predecessor-version":[{"id":5528,"href":"https:\/\/agora.xtec.cat\/iesdecelra\/wp-json\/wp\/v2\/pages\/55\/revisions\/5528"}],"up":[{"embeddable":true,"href":"https:\/\/agora.xtec.cat\/iesdecelra\/wp-json\/wp\/v2\/pages\/740"}],"wp:attachment":[{"href":"https:\/\/agora.xtec.cat\/iesdecelra\/wp-json\/wp\/v2\/media?parent=55"}],"curies":[{"name":"wp","href":"https:\/\/api.w.org\/{rel}","templated":true}]}}

Atenció al públic

<p>&nbsp;</p>
<div class="row">
<div class="columns small-12 large-2"><img decoding="async" src="https://img.icons8.com/color/120/000000/overtime.png" /></div>
<div class="columns small-12 large-10">
<h2>Horari d&#8217;atenció al públic</h2>
<p>Hora d&#8217;oficina d&#8217;1 de setembre a 30 de juny.</p>
<p>De dilluns a divendres la secretaria estarà oberta per atenció al públic de 9h a 14h.<br />
És molt recomanable demanar cita prèvia per telèfon (972492405) o per correu electrònic (iesdecelra@xtec.cat). Els dimarts a la tarda la secretaria només obrirà amb cita prèvia.</p>
<p>Telèfon: 972 49 24 05<br />
Adreça: Països Catalans s/n Celrà 17460<br />
Correu electrònic: iesdecelra<span class="atwho-query">@xtec.cat</span></p>
</div>
</div>
<div></div>
<div></div>
<div>
<div>
<div></div>
</div>
</div>

<p>&nbsp;</p>
<p>Horari d&#8217;atenció al públic<br />
Hora d&#8217;oficina d&#8217;1 de setembre a 30 de juny.<br />
De dilluns a divendres la secretaria estarà oberta per atenció al públic de 9h a 14h.<br />
És molt recomanable demanar cita prèvia per telèfon (972492405) o per correu electrònic (iesdecelra@xtec.cat). Els dimarts a la tarda&hellip;  <a href="https://agora.xtec.cat/iesdecelra/secretaria-2/horaris/" title="Read Atenció al públic">Llegeix més»</a></p>
