{"id":542,"date":"2018-06-03T15:26:18","date_gmt":"2018-06-03T13:26:18","guid":{"rendered":"http:\/\/agora.xtec.cat\/iesdecelra\/?page_id=542"},"modified":"2025-10-20T10:13:30","modified_gmt":"2025-10-20T08:13:30","slug":"professorat","status":"publish","type":"page","link":"https:\/\/agora.xtec.cat\/iesdecelra\/linstitut\/professorat\/","title":{"rendered":"Organigrama i tutories"},"content":{"rendered":"<p><strong style=\"font-family: inherit; font-size: 1em;\">EQUIP DIRECTIU<\/strong><\/p>\n<table style=\"width: 60.8887%;\">\n<tbody>\n<tr>\n<td style=\"width: 51.0984%;\"><strong>C\u00c0RREC<\/strong><\/td>\n<td style=\"width: 78.0074%;\"><strong>PROFESSORAT<\/strong><\/td>\n<\/tr>\n<tr>\n<td style=\"width: 51.0984%;\">Direcci\u00f3<\/td>\n<td style=\"width: 78.0074%;\">Francesc Gran\u00e9s Segret<\/td>\n<\/tr>\n<tr>\n<td style=\"width: 51.0984%;\">Cap d\u2019Estudis<\/td>\n<td style=\"width: 78.0074%;\">Llu\u00eds Camps Gimeno<\/td>\n<\/tr>\n<tr>\n<td style=\"width: 51.0984%;\">Secretaria<\/td>\n<td style=\"width: 78.0074%;\">Arnau Torrent Freixa<\/td>\n<\/tr>\n<tr>\n<td style=\"width: 51.0984%;\">Coordinaci\u00f3 Pedag\u00f2gica<\/td>\n<td style=\"width: 78.0074%;\">Mireia Guillaumes Dom\u00e8nech<\/td>\n<\/tr>\n<\/tbody>\n<\/table>\n<p><strong>COORDINACIONS DE NIVELL\u00a0<\/strong><\/p>\n<table style=\"width: 61.0121%;\">\n<tbody>\n<tr>\n<td style=\"width: 49.6444%;\"><strong>C\u00c0RREC<\/strong><\/td>\n<td style=\"width: 47.9973%;\"><strong>PROFESSORAT<\/strong><\/td>\n<\/tr>\n<tr style=\"height: 31px;\">\n<td style=\"height: 31px; width: 49.6444%;\">Coordinaci\u00f3 1r ESO<\/td>\n<td style=\"height: 31px; width: 47.9973%;\">Pau Pag\u00e8s Ja\u00e9n<\/td>\n<\/tr>\n<tr style=\"height: 31px;\">\n<td style=\"height: 31px; width: 49.6444%;\">Coordinaci\u00f3 2n ESO<\/td>\n<td style=\"height: 31px; width: 47.9973%;\">Sara Ortiz Paniagua<\/td>\n<\/tr>\n<tr style=\"height: 31px;\">\n<td style=\"height: 31px; width: 49.6444%;\">Coordinaci\u00f3 3r ESO<\/td>\n<td style=\"height: 31px; width: 47.9973%;\">Liliana Mu\u00f1oz Fortu\u00f1o<\/td>\n<\/tr>\n<tr style=\"height: 31px;\">\n<td style=\"height: 31px; width: 49.6444%;\">Coordinaci\u00f3 4t ESO<\/td>\n<td style=\"height: 31px; width: 47.9973%;\">Olga Soler Morales<\/td>\n<\/tr>\n<tr style=\"height: 31px;\">\n<td style=\"height: 31px; width: 49.6444%;\">Coordinaci\u00f3 Batxillerat<\/td>\n<td style=\"height: 31px; width: 47.9973%;\">Cristina Salv\u00e0 Reca<\/td>\n<\/tr>\n<\/tbody>\n<\/table>\n<p><strong>CAPS DE DEPARTAMENT<\/strong><\/p>\n<table style=\"width: 60.9717%; height: 186px;\">\n<tbody>\n<tr style=\"height: 31px;\">\n<td style=\"width: 48.8134%; height: 31px;\"><strong>DEPARTAMENT<\/strong><\/td>\n<td style=\"width: 47.2706%; height: 31px;\"><strong>PROFESSORAT<\/strong><\/td>\n<\/tr>\n<tr style=\"height: 31px;\">\n<td style=\"height: 31px; width: 48.8134%;\">Ci\u00e8ncies experimentals<\/td>\n<td style=\"height: 31px; width: 47.2706%;\">Josep Kostopoulos Rami<\/td>\n<\/tr>\n<tr style=\"height: 31px;\">\n<td style=\"height: 31px; width: 48.8134%;\">Ci\u00e8ncies socials<\/td>\n<td style=\"height: 31px; width: 47.2706%;\">N\u00faria Rodr\u00edguez Corcoll<\/td>\n<\/tr>\n<tr style=\"height: 31px;\">\n<td style=\"height: 31px; width: 48.8134%;\">Expressi\u00f3<\/td>\n<td style=\"height: 31px; width: 47.2706%;\">Coral Vila Torrents<\/td>\n<\/tr>\n<tr style=\"height: 31px;\">\n<td style=\"height: 31px; width: 48.8134%;\">Lleng\u00fces estrangeres<\/td>\n<td style=\"height: 31px; width: 47.2706%;\">Josep Vilalta Vi\u00f1as<\/td>\n<\/tr>\n<tr style=\"height: 31px;\">\n<td style=\"height: 31px; width: 48.8134%;\">Llengua i literatura castellanes<\/td>\n<td style=\"height: 31px; width: 47.2706%;\">Neus Masergas Caballeria<\/td>\n<\/tr>\n<tr>\n<td style=\"width: 48.8134%;\">Llengua i literatura catalanes<\/td>\n<td style=\"width: 47.2706%;\">Rafel Vil\u00e0 Nogueras<\/td>\n<\/tr>\n<tr>\n<td style=\"width: 48.8134%;\">Matem\u00e0tiques<\/td>\n<td style=\"width: 47.2706%;\">Francesc Massich Vall<\/td>\n<\/tr>\n<tr>\n<td style=\"width: 48.8134%;\">Orientaci\u00f3<\/td>\n<td style=\"width: 47.2706%;\">Cristina Puga Silva<\/td>\n<\/tr>\n<tr>\n<td style=\"width: 48.8134%;\">Tecnologia<\/td>\n<td style=\"width: 47.2706%;\">Eva Sala Darn\u00e9<\/td>\n<\/tr>\n<tr>\n<td style=\"width: 48.8134%;\">Dansa<\/td>\n<td style=\"width: 47.2706%;\">Alba P\u00e9rez Malag\u00f3n<\/td>\n<\/tr>\n<\/tbody>\n<\/table>\n<p><strong>ALTRES C\u00c0RRECS<\/strong><\/p>\n<table style=\"width: 60.7736%; height: 252px;\">\n<tbody>\n<tr style=\"height: 31px;\">\n<td style=\"width: 28.6436%; height: 31px;\"><strong>C\u00c0RREC<\/strong><\/td>\n<td style=\"width: 48.8026%; height: 31px;\"><strong>PROFESSORAT<\/strong><\/td>\n<\/tr>\n<tr style=\"height: 31px;\">\n<td style=\"height: 31px; width: 28.6436%;\">Coordinaci\u00f3 inform\u00e0tica<\/td>\n<td style=\"height: 31px; width: 48.8026%;\">Albert Ferr\u00e9 Pons<\/td>\n<\/tr>\n<tr style=\"height: 31px;\">\n<td style=\"height: 31px; width: 28.6436%;\">Gesti\u00f3 iEduca<\/td>\n<td style=\"height: 31px; width: 48.8026%;\">Llu\u00eds Camps Gimeno i Arnau Torrent Freixa<\/td>\n<\/tr>\n<tr style=\"height: 31px;\">\n<td style=\"height: 31px; width: 28.6436%;\">Coordinaci\u00f3 p\u00e0gina web<\/td>\n<td style=\"height: 31px; width: 48.8026%;\">Andrea Biondi C\u00e9spedes<\/td>\n<\/tr>\n<tr style=\"height: 31px;\">\n<td style=\"height: 31px; width: 28.6436%;\">Gesti\u00f3 del Moodle<\/td>\n<td style=\"height: 31px; width: 48.8026%;\">C\u00e8lia Ginjaume Vilalta<\/td>\n<\/tr>\n<tr style=\"height: 31px;\">\n<td style=\"height: 31px; width: 28.6436%;\">Coordinaci\u00f3 d&#8217;activitats<\/td>\n<td style=\"height: 31px; width: 48.8026%;\">Laura Fructuoso Miquel<\/td>\n<\/tr>\n<tr style=\"height: 35px;\">\n<td style=\"width: 28.6436%; height: 35px;\">Coordinaci\u00f3 de riscos laborals<\/td>\n<td style=\"width: 48.8026%; height: 35px;\">Francesc Gonz\u00e1lez Planas<\/td>\n<\/tr>\n<\/tbody>\n<\/table>\n<p><span style=\"font-size: 14pt; color: #4b2860;\"><strong>TUTORIES\u00a0<\/strong><\/span><\/p>\n<p><strong>Primers d\u2019ESO<\/strong><\/p>\n<table style=\"width: 52.133%; height: 231px;\">\n<tbody>\n<tr style=\"height: 33px;\">\n<td style=\"width: 17.3724%; height: 33px;\"><b>GRUPS<\/b><\/td>\n<td style=\"width: 85.2454%; height: 33px;\"><strong>TUTORIES<\/strong><\/td>\n<\/tr>\n<tr style=\"height: 33px;\">\n<td style=\"width: 17.3724%; height: 33px;\">1A ESO<\/td>\n<td style=\"width: 85.2454%; height: 33px;\">Mireia Egea Clotet<\/td>\n<\/tr>\n<tr style=\"height: 33px;\">\n<td style=\"width: 17.3724%; height: 33px;\">1B ESO<\/td>\n<td style=\"width: 85.2454%; height: 33px;\">Yolanda Fort Vilaseca<\/td>\n<\/tr>\n<tr style=\"height: 33px;\">\n<td style=\"width: 17.3724%; height: 33px;\">1C ESO<\/td>\n<td style=\"width: 85.2454%; height: 33px;\">Montse Junc\u00e0 Costa<\/td>\n<\/tr>\n<tr style=\"height: 33px;\">\n<td style=\"width: 17.3724%; height: 33px;\">1D ESO<\/td>\n<td style=\"width: 85.2454%; height: 33px;\">Josep Vilalta Vi\u00f1as<\/td>\n<\/tr>\n<tr style=\"height: 33px;\">\n<td style=\"width: 17.3724%; height: 33px;\">1E ESO<\/td>\n<td style=\"width: 85.2454%; height: 33px;\">N\u00faria Rodr\u00edguez Corcoll<\/td>\n<\/tr>\n<tr style=\"height: 33px;\">\n<td style=\"width: 17.3724%; height: 33px;\">COORDINACI\u00d3<\/td>\n<td style=\"width: 85.2454%; height: 33px;\">Pau Pag\u00e8s Ja\u00e9n<\/td>\n<\/tr>\n<\/tbody>\n<\/table>\n<p><strong>Segons d\u2019ESO<\/strong><\/p>\n<table style=\"height: 218px; width: 52.1262%;\">\n<tbody>\n<tr style=\"height: 31px;\">\n<td style=\"height: 31px; width: 6.10619%;\"><strong>GRUPS<\/strong><\/td>\n<td style=\"height: 31px; width: 137.321%;\"><strong>TUTORIES<\/strong><\/td>\n<\/tr>\n<tr style=\"height: 31px;\">\n<td style=\"height: 31px; width: 6.10619%;\">2A ESO<\/td>\n<td style=\"height: 31px; width: 137.321%;\">Carles Callis Vilarrasa<\/td>\n<\/tr>\n<tr style=\"height: 31px;\">\n<td style=\"height: 31px; width: 6.10619%;\">2B ESO<\/td>\n<td style=\"height: 31px; width: 137.321%;\">Rosa Pag\u00e8s Mas\u00f3<\/td>\n<\/tr>\n<tr style=\"height: 31px;\">\n<td style=\"height: 31px; width: 6.10619%;\">2C ESO<\/td>\n<td style=\"height: 31px; width: 137.321%;\">Neus Masergas Caballeria<\/td>\n<\/tr>\n<tr style=\"height: 31px;\">\n<td style=\"height: 31px; width: 6.10619%;\">2D ESO<\/td>\n<td style=\"height: 31px; width: 137.321%;\">Rafel Vil\u00e0 Nogueras<\/td>\n<\/tr>\n<tr style=\"height: 32px;\">\n<td style=\"width: 6.10619%; height: 32px;\">2E ESO<\/td>\n<td style=\"width: 137.321%; height: 32px;\">Carles Mu\u00f1oz Barrera<\/td>\n<\/tr>\n<tr>\n<td style=\"width: 6.10619%;\">2F ESO<\/td>\n<td style=\"width: 137.321%;\">Marta For\u00e9s Bosch<\/td>\n<\/tr>\n<tr style=\"height: 31px;\">\n<td style=\"height: 31px; width: 6.10619%;\">COORDINACI\u00d3<\/td>\n<td style=\"height: 31px; width: 137.321%;\">Sara Ortiz Paniagua<\/td>\n<\/tr>\n<\/tbody>\n<\/table>\n<p><strong>Tercers d\u2019ESO<\/strong><\/p>\n<table style=\"height: 248px; width: 52.38%;\">\n<tbody>\n<tr style=\"height: 31px;\">\n<td style=\"height: 31px; width: 11.8745%;\"><strong>GRUPS<\/strong><\/td>\n<td style=\"height: 31px; width: 188.139%;\"><strong>TUTORIES<\/strong><\/td>\n<\/tr>\n<tr style=\"height: 31px;\">\n<td style=\"height: 31px; width: 11.8745%;\">3A ESO<\/td>\n<td style=\"height: 31px; width: 188.139%;\">Toni Rico Garcia<\/td>\n<\/tr>\n<tr style=\"height: 31px;\">\n<td style=\"height: 31px; width: 11.8745%;\">3B ESO<\/td>\n<td style=\"height: 31px; width: 188.139%;\">Josep Kostopoulos Rami<\/td>\n<\/tr>\n<tr style=\"height: 31px;\">\n<td style=\"height: 31px; width: 11.8745%;\">3C ESO<\/td>\n<td style=\"height: 31px; width: 188.139%;\">Rafael Ferr\u00e9 Malagon<\/td>\n<\/tr>\n<tr style=\"height: 31px;\">\n<td style=\"height: 31px; width: 11.8745%;\">3D ESO<\/td>\n<td style=\"height: 31px; width: 188.139%;\">Laura Fructuoso Miquel<\/td>\n<\/tr>\n<tr style=\"height: 31px;\">\n<td style=\"height: 31px; width: 11.8745%;\">3r Pla Singular<\/td>\n<td style=\"height: 31px; width: 188.139%;\">Anna Pascual Romero<\/td>\n<\/tr>\n<tr style=\"height: 31px;\">\n<td style=\"height: 31px; width: 11.8745%;\">COORDINACI\u00d3<\/td>\n<td style=\"height: 31px; width: 188.139%;\">Liliana Mu\u00f1oz Fortu\u00f1o<\/td>\n<\/tr>\n<\/tbody>\n<\/table>\n<p><strong>Quarts d\u2019ESO<\/strong><\/p>\n<table style=\"height: 227px; width: 52.2897%;\">\n<tbody>\n<tr style=\"height: 31px;\">\n<td style=\"height: 31px; width: 2.35962%;\"><b>GRUPS<\/b><\/td>\n<td style=\"height: 31px; width: 100.475%;\"><strong>TUTORIES<\/strong><\/td>\n<\/tr>\n<tr style=\"height: 31px;\">\n<td style=\"height: 31px; width: 2.35962%;\">4A ESO<\/td>\n<td style=\"height: 31px; width: 100.475%;\">Encarna Mu\u00f1oz Gonz\u00e1lez i Laura Carb\u00f3 Royo<\/td>\n<\/tr>\n<tr style=\"height: 31px;\">\n<td style=\"height: 31px; width: 2.35962%;\">4B ESO<\/td>\n<td style=\"height: 31px; width: 100.475%;\">Judit Ferrer Sastre<\/td>\n<\/tr>\n<tr style=\"height: 31px;\">\n<td style=\"height: 31px; width: 2.35962%;\">4C ESO<\/td>\n<td style=\"height: 31px; width: 100.475%;\">Isabel Ferr\u00e9 Mart\u00edn<\/td>\n<\/tr>\n<tr>\n<td style=\"width: 2.35962%;\">4D ESO<\/td>\n<td style=\"width: 100.475%;\">Imma Garc\u00eda Serrano<\/td>\n<\/tr>\n<tr style=\"height: 31px;\">\n<td style=\"width: 2.35962%; height: 31px;\">4E ESO<\/td>\n<td style=\"width: 100.475%; height: 31px;\">Llu\u00eds Ribera Masgrau<\/td>\n<\/tr>\n<tr style=\"height: 31px;\">\n<td style=\"width: 2.35962%; height: 31px;\">4F ESO<\/td>\n<td style=\"width: 100.475%; height: 31px;\">V\u00edctor Mart\u00ednez Urgeles<\/td>\n<\/tr>\n<tr style=\"height: 31px;\">\n<td style=\"width: 2.35962%; height: 31px;\">4t Pla Singular<\/td>\n<td style=\"width: 100.475%; height: 31px;\">Anna Pascual Romero<\/td>\n<\/tr>\n<tr style=\"height: 31px;\">\n<td style=\"height: 31px; width: 2.35962%;\">COORDINACI\u00d3<\/td>\n<td style=\"height: 31px; width: 100.475%;\">Olga Soler Morales<\/td>\n<\/tr>\n<\/tbody>\n<\/table>\n<p><strong>Batxillerat<\/strong><\/p>\n<table style=\"height: 200px; width: 52.14%;\">\n<tbody>\n<tr style=\"height: 31px;\">\n<td style=\"height: 24px; width: 9.9704%;\"><strong>GRUPS<\/strong><\/td>\n<td style=\"height: 24px; width: 121.644%;\"><strong>TUTORIES<\/strong><\/td>\n<\/tr>\n<tr style=\"height: 31px;\">\n<td style=\"height: 31px; width: 9.9704%;\">1A Batxillerat<\/td>\n<td style=\"height: 31px; width: 121.644%;\">Andrea Biondi C\u00e9spedes<\/td>\n<\/tr>\n<tr style=\"height: 31px;\">\n<td style=\"height: 26px; width: 9.9704%;\">1B Batxillerat<\/td>\n<td style=\"height: 26px; width: 121.644%;\">Francesc Gonz\u00e1lez Planas<\/td>\n<\/tr>\n<tr>\n<td style=\"width: 9.9704%;\">2A Batxillerat<\/td>\n<td style=\"width: 121.644%;\"><span style=\"font-weight: 400;\">Sergi Aguilar Llavore<\/span><\/td>\n<\/tr>\n<tr style=\"height: 31px;\">\n<td style=\"height: 31px; width: 9.9704%;\">2B Batxillerat<\/td>\n<td style=\"height: 31px; width: 121.644%;\">Anna Prat Reixach<\/td>\n<\/tr>\n<tr style=\"height: 31px;\">\n<td style=\"height: 31px; width: 9.9704%;\">2C Batxillerat<\/td>\n<td style=\"height: 31px; width: 121.644%;\">Olga Salom\u00f3 Casals<\/td>\n<\/tr>\n<tr style=\"height: 31px;\">\n<td style=\"height: 31px; width: 9.9704%;\">COORDINACI\u00d3<\/td>\n<td style=\"height: 31px; width: 121.644%;\">Cristina Salv\u00e0 Reca<\/td>\n<\/tr>\n<\/tbody>\n<\/table>\n<p><strong>Cicle formatiu de grau mitj\u00e0 T\u00e8cniques de Dansa Urbana\u00a0<\/strong><\/p>\n<table>\n<tbody>\n<tr style=\"height: 31px;\">\n<td style=\"height: 24px; width: 9.9704%;\"><strong>GRUPS<\/strong><\/td>\n<td style=\"height: 24px; width: 121.644%;\"><strong>TUTORIES<\/strong><\/td>\n<\/tr>\n<tr style=\"height: 31px;\">\n<td style=\"height: 31px; width: 9.9704%;\">1r Curs<\/td>\n<td style=\"height: 31px; width: 121.644%;\">Estel L\u00f3pez Rodr\u00edguez<\/td>\n<\/tr>\n<tr style=\"height: 31px;\">\n<td style=\"height: 26px; width: 9.9704%;\">2n Curs<\/td>\n<td style=\"height: 26px; width: 121.644%;\">Raquel Vi\u00f1uales M\u00e1rquez<\/td>\n<\/tr>\n<tr>\n<td style=\"width: 9.9704%;\">COORDINACI\u00d3<\/td>\n<td style=\"width: 121.644%;\">Alba P\u00e9rez Malag\u00f3n<\/td>\n<\/tr>\n<\/tbody>\n<\/table>\n","protected":false},"excerpt":{"rendered":"<p>EQUIP DIRECTIU<\/p>\n<p>C\u00c0RREC<br \/>\nPROFESSORAT<\/p>\n<p>Direcci\u00f3<br \/>\nFrancesc Gran\u00e9s Segret<\/p>\n<p>Cap d\u2019Estudis<br \/>\nLlu\u00eds Camps Gimeno<\/p>\n<p>Secretaria<br \/>\nArnau Torrent Freixa<\/p>\n<p>Coordinaci\u00f3 Pedag\u00f2gica<br \/>\nMireia Guillaumes Dom\u00e8nech<\/p>\n<p>COORDINACIONS DE NIVELL\u00a0<\/p>\n<p>C\u00c0RREC<br \/>\nPROFESSORAT<\/p>\n<p>Coordinaci\u00f3 1r ESO<br \/>\nPau Pag\u00e8s Ja\u00e9n<\/p>\n<p>Coordinaci\u00f3 2n ESO<br \/>\nSara Ortiz Paniagua<\/p>\n<p>Coordinaci\u00f3 3r ESO<br \/>\nLiliana Mu\u00f1oz Fortu\u00f1o<\/p>\n<p>Coordinaci\u00f3 4t ESO<br \/>\nOlga Soler Morales<\/p>\n<p>Coordinaci\u00f3 Batxillerat<br \/>\nCristina Salv\u00e0 Reca<\/p>\n<p>CAPS DE DEPARTAMENT<\/p>\n<p>DEPARTAMENT<br \/>\nPROFESSORAT<\/p>\n<p>Ci\u00e8ncies experimentals<br \/>\nJosep Kostopoulos Rami<\/p>\n<p>Ci\u00e8ncies socials<br \/>\nN\u00faria Rodr\u00edguez Corcoll<\/p>\n<p>Expressi\u00f3<br \/>\nCoral Vila Torrents<\/p>\n<p>Lleng\u00fces estrangeres<br \/>\nJosep Vilalta&hellip;  <a href=\"https:\/\/agora.xtec.cat\/iesdecelra\/linstitut\/professorat\/\" title=\"Read Organigrama i tutories\">Llegeix m\u00e9s\u00bb<\/a><\/p>\n","protected":false},"author":1,"featured_media":0,"parent":19,"menu_order":14,"comment_status":"closed","ping_status":"closed","template":"page-templates\/side-menu.php","meta":{"_bbp_topic_count":0,"_bbp_reply_count":0,"_bbp_total_topic_count":0,"_bbp_total_reply_count":0,"_bbp_voice_count":0,"_bbp_anonymous_reply_count":0,"_bbp_topic_count_hidden":0,"_bbp_reply_count_hidden":0,"_bbp_forum_subforum_count":0,"footnotes":""},"class_list":["post-542","page","type-page","status-publish","hentry"],"post_mailing_queue_ids":[],"_links":{"self":[{"href":"https:\/\/agora.xtec.cat\/iesdecelra\/wp-json\/wp\/v2\/pages\/542","targetHints":{"allow":["GET"]}}],"collection":[{"href":"https:\/\/agora.xtec.cat\/iesdecelra\/wp-json\/wp\/v2\/pages"}],"about":[{"href":"https:\/\/agora.xtec.cat\/iesdecelra\/wp-json\/wp\/v2\/types\/page"}],"author":[{"embeddable":true,"href":"https:\/\/agora.xtec.cat\/iesdecelra\/wp-json\/wp\/v2\/users\/1"}],"replies":[{"embeddable":true,"href":"https:\/\/agora.xtec.cat\/iesdecelra\/wp-json\/wp\/v2\/comments?post=542"}],"version-history":[{"count":7,"href":"https:\/\/agora.xtec.cat\/iesdecelra\/wp-json\/wp\/v2\/pages\/542\/revisions"}],"predecessor-version":[{"id":13013,"href":"https:\/\/agora.xtec.cat\/iesdecelra\/wp-json\/wp\/v2\/pages\/542\/revisions\/13013"}],"up":[{"embeddable":true,"href":"https:\/\/agora.xtec.cat\/iesdecelra\/wp-json\/wp\/v2\/pages\/19"}],"wp:attachment":[{"href":"https:\/\/agora.xtec.cat\/iesdecelra\/wp-json\/wp\/v2\/media?parent=542"}],"curies":[{"name":"wp","href":"https:\/\/api.w.org\/{rel}","templated":true}]}}