{"id":517,"date":"2018-06-02T22:49:04","date_gmt":"2018-06-02T20:49:04","guid":{"rendered":"http:\/\/agora.xtec.cat\/iesdecelra\/?page_id=517"},"modified":"2021-10-06T11:26:19","modified_gmt":"2021-10-06T09:26:19","slug":"families","status":"publish","type":"page","link":"https:\/\/agora.xtec.cat\/iesdecelra\/families\/","title":{"rendered":"Fam\u00edlies"},"content":{"rendered":"<div>\n<h3>Representaci\u00f3 dels pares i mares al Consell Escolar<\/h3>\n<\/div>\n<p>Els pares i les mares tenim la nostra pr\u00f2pia representaci\u00f3 en el Consell Escolar, on hi participem, juntament amb representants dels altres sectors de la comunitat educativa, en les decisions que cal prendre per al bon funcionament del centre. A m\u00e9s, volem ser una via directa de contacte amb l&#8217;equip directiu del nostre Institut, per poder transmetre de primera m\u00e0 les preocupacions que puguin sorgir als pares, en qualsevol aspecte relacionat amb la doc\u00e8ncia i la conviv\u00e8ncia. Esperem que el Consell serveixi per canalitzar propostes positives per a tots.<\/p>\n<p>&nbsp;<\/p>\n<h3>Associaci\u00f3 de Fam\u00edlies d&#8217;Alumnes (AFA) de l\u2019Institut de Celr\u00e0<\/h3>\n<p><b>QU\u00c8 FEM DES DE L\u00b4AFA DE L\u2019INSTITUT DE CELR\u00c0?<\/b><\/p>\n<ul>\n<li><b>Col.laborem econ\u00f2micament<\/b> per poder fer possibles activitats educatives complement\u00e0ries de l\u00b4Institut (Lli\u00e7\u00f3 Inaugural, Diada del Centre, confer\u00e8ncies especifiques, premis, etc).<\/li>\n<li><b>Participem en la vida del centre<\/b> per tal de col.laborar amb l\u00b4equip directiu i el professorat en la consecuci\u00f3 dels objectius comuns de millora de la qualitat educativa de l\u00b4Institut de Celr\u00e0. Som presents al Consell Escolar, mantenim reunions peri\u00f2diques amb l\u00b4equip directiu i defensem conjuntament els interessos del centre.<\/li>\n<li><b>Mantenim el Servei de Bibilioteca<\/b> cobrint les despeses generades per tenir-la oberta els migdies a disposici\u00f3 de tot l\u2019alumnat.<\/li>\n<li><b>Disposem de serveis i descomptes espec\u00edfics per a les fam\u00edlies associades<\/b>.<\/li>\n<li><b>Organitzem xerrades i\/o tallers<\/b> per ajudar en la important tasca educativa i de suport dels vostres fills i filles.<\/li>\n<\/ul>\n<p>US ANIMEM A ENTRAR, DONCS, A L&#8217;ASSOCIACI\u00d3 I, SI HO DESITGEU, A COL\u00b7LABORAR ACTIVAMENT AMB LA JUNTA.<\/p>\n<p>Ens podeu fer arribar qualsevol suggeriment a <a href=\"mailto:afa@iesdecelra.cat\">afa@iesdecelra.cat<\/a><\/p>\n<p><b>IMPORTANT<\/b>: LA QUOTA \u00c9S FAMILIAR, NOM\u00c9S CAL PAGAR-LA UNA VEGADA PER FAM\u00cdLIA CADA CURS.<\/p>\n","protected":false},"excerpt":{"rendered":"<p>Representaci\u00f3 dels pares i mares al Consell Escolar<\/p>\n<p>Els pares i les mares tenim la nostra pr\u00f2pia representaci\u00f3 en el Consell Escolar, on hi participem, juntament amb representants dels altres sectors de la comunitat educativa, en les decisions que cal prendre per al bon funcionament del&hellip;  <a href=\"https:\/\/agora.xtec.cat\/iesdecelra\/families\/\" title=\"Read Fam\u00edlies\">Llegeix m\u00e9s\u00bb<\/a><\/p>\n","protected":false},"author":1,"featured_media":0,"parent":0,"menu_order":0,"comment_status":"closed","ping_status":"closed","template":"page-templates\/side-menu.php","meta":{"_bbp_topic_count":0,"_bbp_reply_count":0,"_bbp_total_topic_count":0,"_bbp_total_reply_count":0,"_bbp_voice_count":0,"_bbp_anonymous_reply_count":0,"_bbp_topic_count_hidden":0,"_bbp_reply_count_hidden":0,"_bbp_forum_subforum_count":0,"footnotes":""},"class_list":["post-517","page","type-page","status-publish","hentry"],"post_mailing_queue_ids":[],"_links":{"self":[{"href":"https:\/\/agora.xtec.cat\/iesdecelra\/wp-json\/wp\/v2\/pages\/517","targetHints":{"allow":["GET"]}}],"collection":[{"href":"https:\/\/agora.xtec.cat\/iesdecelra\/wp-json\/wp\/v2\/pages"}],"about":[{"href":"https:\/\/agora.xtec.cat\/iesdecelra\/wp-json\/wp\/v2\/types\/page"}],"author":[{"embeddable":true,"href":"https:\/\/agora.xtec.cat\/iesdecelra\/wp-json\/wp\/v2\/users\/1"}],"replies":[{"embeddable":true,"href":"https:\/\/agora.xtec.cat\/iesdecelra\/wp-json\/wp\/v2\/comments?post=517"}],"version-history":[{"count":3,"href":"https:\/\/agora.xtec.cat\/iesdecelra\/wp-json\/wp\/v2\/pages\/517\/revisions"}],"predecessor-version":[{"id":4117,"href":"https:\/\/agora.xtec.cat\/iesdecelra\/wp-json\/wp\/v2\/pages\/517\/revisions\/4117"}],"wp:attachment":[{"href":"https:\/\/agora.xtec.cat\/iesdecelra\/wp-json\/wp\/v2\/media?parent=517"}],"curies":[{"name":"wp","href":"https:\/\/api.w.org\/{rel}","templated":true}]}}

Famílies

<div>
<h3>Representació dels pares i mares al Consell Escolar</h3>
</div>
<p>Els pares i les mares tenim la nostra pròpia representació en el Consell Escolar, on hi participem, juntament amb representants dels altres sectors de la comunitat educativa, en les decisions que cal prendre per al bon funcionament del centre. A més, volem ser una via directa de contacte amb l&#8217;equip directiu del nostre Institut, per poder transmetre de primera mà les preocupacions que puguin sorgir als pares, en qualsevol aspecte relacionat amb la docència i la convivència. Esperem que el Consell serveixi per canalitzar propostes positives per a tots.</p>
<p>&nbsp;</p>
<h3>Associació de Famílies d&#8217;Alumnes (AFA) de l’Institut de Celrà</h3>
<p><b>QUÈ FEM DES DE L´AFA DE L’INSTITUT DE CELRÀ?</b></p>
<ul>
<li><b>Col.laborem econòmicament</b> per poder fer possibles activitats educatives complementàries de l´Institut (Lliçó Inaugural, Diada del Centre, conferències especifiques, premis, etc).</li>
<li><b>Participem en la vida del centre</b> per tal de col.laborar amb l´equip directiu i el professorat en la consecució dels objectius comuns de millora de la qualitat educativa de l´Institut de Celrà. Som presents al Consell Escolar, mantenim reunions periòdiques amb l´equip directiu i defensem conjuntament els interessos del centre.</li>
<li><b>Mantenim el Servei de Bibilioteca</b> cobrint les despeses generades per tenir-la oberta els migdies a disposició de tot l’alumnat.</li>
<li><b>Disposem de serveis i descomptes específics per a les famílies associades</b>.</li>
<li><b>Organitzem xerrades i/o tallers</b> per ajudar en la important tasca educativa i de suport dels vostres fills i filles.</li>
</ul>
<p>US ANIMEM A ENTRAR, DONCS, A L&#8217;ASSOCIACIÓ I, SI HO DESITGEU, A COL·LABORAR ACTIVAMENT AMB LA JUNTA.</p>
<p>Ens podeu fer arribar qualsevol suggeriment a <a href="mailto:afa@iesdecelra.cat">afa@iesdecelra.cat</a></p>
<p><b>IMPORTANT</b>: LA QUOTA ÉS FAMILIAR, NOMÉS CAL PAGAR-LA UNA VEGADA PER FAMÍLIA CADA CURS.</p>

<p>Representació dels pares i mares al Consell Escolar</p>
<p>Els pares i les mares tenim la nostra pròpia representació en el Consell Escolar, on hi participem, juntament amb representants dels altres sectors de la comunitat educativa, en les decisions que cal prendre per al bon funcionament del&hellip;  <a href="https://agora.xtec.cat/iesdecelra/families/" title="Read Famílies">Llegeix més»</a></p>
