{"id":4306,"date":"2021-02-11T17:17:51","date_gmt":"2021-02-11T16:17:51","guid":{"rendered":"http:\/\/agora.xtec.cat\/iesdecelra\/?page_id=4306"},"modified":"2025-06-19T13:39:36","modified_gmt":"2025-06-19T11:39:36","slug":"certificats-2","status":"publish","type":"page","link":"https:\/\/agora.xtec.cat\/iesdecelra\/secretaria-2\/certificats-2\/","title":{"rendered":"Certificats"},"content":{"rendered":"<div>\n<div class=\"entry article_93\">\n<p><strong><span style=\"font-size: 18pt;\">SOL\u00b7LICITUD DE CERTIFICATS<\/span><\/strong><\/p>\n<p>Els certificats es poden sol\u00b7licitar per correu electr\u00f2nic a l&#8217;adre\u00e7a <strong>iesdecelra@xtec.cat\u00a0<\/strong>presentant tota la documentaci\u00f3 necess\u00e0ria i la sol\u00b7licitud degudament omplerta amb una antelaci\u00f3 m\u00ednima de 24 hores.<\/p>\n<p><a href=\"https:\/\/drive.google.com\/file\/d\/1BkYfJvIU71NxnJ_n5NH3SJ39I21JNXVM\/view?usp=share_link\">Sol\u00b7licitud de certificats diversos<\/a><\/p>\n<\/div>\n<p>&nbsp;<\/p>\n<p><span style=\"font-size: 18pt; font-weight: bold; font-family: inherit;\">Reconeixement dels nivells B2 i C1 de catal\u00e0 per escolaritat reglada no universit\u00e0ria<\/span><\/p>\n<p><span style=\"color: #000000;\">Aqu\u00ed teniu la <\/span><span style=\"color: #3366ff;\"><a style=\"color: #3366ff;\" href=\"https:\/\/drive.google.com\/file\/d\/1mf5MHcuQphFC579VmMsYJKtAr5TmDnQN\/view?usp=sharing\">sol\u00b7licitud que heu d&#8217;omplir <\/a><span style=\"color: #000000;\">per demanar el certificat de reconeixement del nivell de catal\u00e0.<\/span><\/span><\/p>\n<div class=\"entry article_93\">\n<p><strong>A qui va dirigit:<\/strong><\/p>\n<p>A les persones nascudes a partir de l&#8217;any 1972 que volen obtenir aquest reconeixement i l&#8217;itinerari educatiu de les quals s&#8217;hagi portat a terme \u00edntegrament a Catalunya o, parcialment, a altres territoris on el catal\u00e0 hi fos llengua curricular i avaluable, de manera\u00a0<strong>que\u00a0s&#8217;hagi acabat obtenint la titulaci\u00f3 al sistema educatiu de Catalunya<\/strong>.<\/p>\n<p>Aix\u00ed doncs, la primera promoci\u00f3 escolar que t\u00e9 dret a demanar aquest reconeixement \u00e9s la que va comen\u00e7ar el primer any de l&#8217;educaci\u00f3 general b\u00e0sica (EGB) el curs 1978-1979, a partir del qual l&#8217;ensenyament del catal\u00e0 va ser oficial al sistema educatiu de Catalunya, tal com s&#8217;estableix al\u00a0Reial decret 2092\/1978, de 23 de juny.<\/p>\n<p><strong>Requisits:<\/strong><\/p>\n<ul>\n<li>Haver nascut a partir de l\u2019any 1972 (inici escolaritzaci\u00f3 a partir del curs 1978-1979).<\/li>\n<li>Escolaritzaci\u00f3 completa a Catalunya (des d\u2019EGB o Prim\u00e0ria)<\/li>\n<li>No estar exempt de catal\u00e0<\/li>\n<li>Tenir algun dels seg\u00fcents t\u00edtols; EGB, ESO, BATXILLERAT, FP1 o FP2.<\/li>\n<li>El fet de disposar d\u2019un Cicle Formatiu de Grau Mitj\u00e0 o de Grau Superior no permet acreditar l\u2019obtenci\u00f3 del nivell de catal\u00e0.<\/li>\n<\/ul>\n<p><strong>Documentaci\u00f3 a presentar:<\/strong><\/p>\n<\/div>\n<p><strong>Nivell B2<\/strong><\/p>\n<p><a href=\"https:\/\/agora.xtec.cat\/iesdecelra\/wp-content\/uploads\/usu1789\/2023\/10\/NivellB2-1200x540-1.png\"><img loading=\"lazy\" decoding=\"async\" class=\"alignnone wp-image-9833\" src=\"https:\/\/agora.xtec.cat\/iesdecelra\/wp-content\/uploads\/usu1789\/2023\/10\/NivellB2-1200x540-1-1024x461.png\" alt=\"\" width=\"910\" height=\"410\" srcset=\"https:\/\/agora.xtec.cat\/iesdecelra\/wp-content\/uploads\/usu1789\/2023\/10\/NivellB2-1200x540-1-1024x461.png 1024w, https:\/\/agora.xtec.cat\/iesdecelra\/wp-content\/uploads\/usu1789\/2023\/10\/NivellB2-1200x540-1-300x135.png 300w, https:\/\/agora.xtec.cat\/iesdecelra\/wp-content\/uploads\/usu1789\/2023\/10\/NivellB2-1200x540-1-768x346.png 768w, https:\/\/agora.xtec.cat\/iesdecelra\/wp-content\/uploads\/usu1789\/2023\/10\/NivellB2-1200x540-1.png 1200w\" sizes=\"auto, (max-width: 910px) 100vw, 910px\" \/><\/a><\/p>\n<p><strong>Nivell C1<\/strong><\/p>\n<p><a href=\"https:\/\/agora.xtec.cat\/iesdecelra\/wp-content\/uploads\/usu1789\/2023\/10\/NivellC1-953x800-1.png\"><img loading=\"lazy\" decoding=\"async\" class=\"alignnone wp-image-9832\" src=\"https:\/\/agora.xtec.cat\/iesdecelra\/wp-content\/uploads\/usu1789\/2023\/10\/NivellC1-953x800-1.png\" alt=\"\" width=\"911\" height=\"765\" srcset=\"https:\/\/agora.xtec.cat\/iesdecelra\/wp-content\/uploads\/usu1789\/2023\/10\/NivellC1-953x800-1.png 953w, https:\/\/agora.xtec.cat\/iesdecelra\/wp-content\/uploads\/usu1789\/2023\/10\/NivellC1-953x800-1-300x252.png 300w, https:\/\/agora.xtec.cat\/iesdecelra\/wp-content\/uploads\/usu1789\/2023\/10\/NivellC1-953x800-1-768x645.png 768w\" sizes=\"auto, (max-width: 911px) 100vw, 911px\" \/><\/a><\/p>\n<div class=\"entry article_93\">\n<div id=\"acordio-tramits-2\" class=\"panel-collapse collapse in\">\n<div class=\"panel-body\" role=\"region\" aria-labelledby=\"acordioDocumentacio\">\n<div>\n<p>En cas que no es disposi dels llibres d&#8217;escolaritat i que el centre o centres que els van emetre hagin tancat o ja no existeixin, caldr\u00e0 demanar a\u00a0<strong>la Inspecci\u00f3 d&#8217;Educaci\u00f3 del servei territorial que correspongui\u00a0<\/strong>el nom del centre dipositari de la documentaci\u00f3 i que custodi\u00ef les actes i expedients del centre o centres tancats o desapareguts.<\/p>\n<\/div>\n<\/div>\n<\/div>\n<\/div>\n<\/div>\n<div><a style=\"font-family: inherit; font-size: 1em;\" href=\"https:\/\/web.gencat.cat\/ca\/tramits\/tramits-temes\/22046-reconeixement-b2-c1-catala?category=742b7874-a82c-11e3-a972-000c29052e2c\">Trobareu m\u00e9s informaci\u00f3 a la web del Departament d&#8217;Educaci\u00f3<\/a><\/div>\n","protected":false},"excerpt":{"rendered":"<p>SOL\u00b7LICITUD DE CERTIFICATS<br \/>\nEls certificats es poden sol\u00b7licitar per correu electr\u00f2nic a l&#8217;adre\u00e7a iesdecelra@xtec.cat\u00a0presentant tota la documentaci\u00f3 necess\u00e0ria i la sol\u00b7licitud degudament omplerta amb una antelaci\u00f3 m\u00ednima de 24 hores.<br \/>\n<a href=\"https:\/\/drive.google.com\/file\/d\/1BkYfJvIU71NxnJ_n5NH3SJ39I21JNXVM\/view?usp=share_link\">Sol\u00b7licitud de certificats diversos<\/a><\/p>\n<p>&nbsp;<br \/>\nReconeixement dels nivells B2 i C1 de catal\u00e0 per escolaritat reglada no universit\u00e0ria<br \/>\nAqu\u00ed&hellip;  <a href=\"https:\/\/agora.xtec.cat\/iesdecelra\/secretaria-2\/certificats-2\/\" title=\"Read Certificats\">Llegeix m\u00e9s\u00bb<\/a><\/p>\n","protected":false},"author":1,"featured_media":0,"parent":740,"menu_order":6,"comment_status":"closed","ping_status":"closed","template":"page-templates\/side-menu.php","meta":{"_bbp_topic_count":0,"_bbp_reply_count":0,"_bbp_total_topic_count":0,"_bbp_total_reply_count":0,"_bbp_voice_count":0,"_bbp_anonymous_reply_count":0,"_bbp_topic_count_hidden":0,"_bbp_reply_count_hidden":0,"_bbp_forum_subforum_count":0,"footnotes":""},"class_list":["post-4306","page","type-page","status-publish","hentry"],"post_mailing_queue_ids":[],"_links":{"self":[{"href":"https:\/\/agora.xtec.cat\/iesdecelra\/wp-json\/wp\/v2\/pages\/4306","targetHints":{"allow":["GET"]}}],"collection":[{"href":"https:\/\/agora.xtec.cat\/iesdecelra\/wp-json\/wp\/v2\/pages"}],"about":[{"href":"https:\/\/agora.xtec.cat\/iesdecelra\/wp-json\/wp\/v2\/types\/page"}],"author":[{"embeddable":true,"href":"https:\/\/agora.xtec.cat\/iesdecelra\/wp-json\/wp\/v2\/users\/1"}],"replies":[{"embeddable":true,"href":"https:\/\/agora.xtec.cat\/iesdecelra\/wp-json\/wp\/v2\/comments?post=4306"}],"version-history":[{"count":6,"href":"https:\/\/agora.xtec.cat\/iesdecelra\/wp-json\/wp\/v2\/pages\/4306\/revisions"}],"predecessor-version":[{"id":9834,"href":"https:\/\/agora.xtec.cat\/iesdecelra\/wp-json\/wp\/v2\/pages\/4306\/revisions\/9834"}],"up":[{"embeddable":true,"href":"https:\/\/agora.xtec.cat\/iesdecelra\/wp-json\/wp\/v2\/pages\/740"}],"wp:attachment":[{"href":"https:\/\/agora.xtec.cat\/iesdecelra\/wp-json\/wp\/v2\/media?parent=4306"}],"curies":[{"name":"wp","href":"https:\/\/api.w.org\/{rel}","templated":true}]}}

<div>
<div class="entry article_93">
<p><strong><span style="font-size: 18pt;">SOL·LICITUD DE CERTIFICATS</span></strong></p>
<p>Els certificats es poden sol·licitar per correu electrònic a l&#8217;adreça <strong>iesdecelra@xtec.cat </strong>presentant tota la documentació necessària i la sol·licitud degudament omplerta amb una antelació mínima de 24 hores.</p>
<p><a href="https://drive.google.com/file/d/1BkYfJvIU71NxnJ_n5NH3SJ39I21JNXVM/view?usp=share_link">Sol·licitud de certificats diversos</a></p>
</div>
<p>&nbsp;</p>
<p><span style="font-size: 18pt; font-weight: bold; font-family: inherit;">Reconeixement dels nivells B2 i C1 de català per escolaritat reglada no universitària</span></p>
<p><span style="color: #000000;">Aquí teniu la </span><span style="color: #3366ff;"><a style="color: #3366ff;" href="https://drive.google.com/file/d/1mf5MHcuQphFC579VmMsYJKtAr5TmDnQN/view?usp=sharing">sol·licitud que heu d&#8217;omplir </a><span style="color: #000000;">per demanar el certificat de reconeixement del nivell de català.</span></span></p>
<div class="entry article_93">
<p><strong>A qui va dirigit:</strong></p>
<p>A les persones nascudes a partir de l&#8217;any 1972 que volen obtenir aquest reconeixement i l&#8217;itinerari educatiu de les quals s&#8217;hagi portat a terme íntegrament a Catalunya o, parcialment, a altres territoris on el català hi fos llengua curricular i avaluable, de manera <strong>que s&#8217;hagi acabat obtenint la titulació al sistema educatiu de Catalunya</strong>.</p>
<p>Així doncs, la primera promoció escolar que té dret a demanar aquest reconeixement és la que va començar el primer any de l&#8217;educació general bàsica (EGB) el curs 1978-1979, a partir del qual l&#8217;ensenyament del català va ser oficial al sistema educatiu de Catalunya, tal com s&#8217;estableix al Reial decret 2092/1978, de 23 de juny.</p>
<p><strong>Requisits:</strong></p>
<ul>
<li>Haver nascut a partir de l’any 1972 (inici escolarització a partir del curs 1978-1979).</li>
<li>Escolarització completa a Catalunya (des d’EGB o Primària)</li>
<li>No estar exempt de català</li>
<li>Tenir algun dels següents títols; EGB, ESO, BATXILLERAT, FP1 o FP2.</li>
<li>El fet de disposar d’un Cicle Formatiu de Grau Mitjà o de Grau Superior no permet acreditar l’obtenció del nivell de català.</li>
</ul>
<p><strong>Documentació a presentar:</strong></p>
</div>
<p><strong>Nivell B2</strong></p>
<p><a href="https://agora.xtec.cat/iesdecelra/wp-content/uploads/usu1789/2023/10/NivellB2-1200x540-1.png"><img loading="lazy" decoding="async" class="alignnone wp-image-9833" src="https://agora.xtec.cat/iesdecelra/wp-content/uploads/usu1789/2023/10/NivellB2-1200x540-1-1024x461.png" alt="" width="910" height="410" srcset="https://agora.xtec.cat/iesdecelra/wp-content/uploads/usu1789/2023/10/NivellB2-1200x540-1-1024x461.png 1024w, https://agora.xtec.cat/iesdecelra/wp-content/uploads/usu1789/2023/10/NivellB2-1200x540-1-300x135.png 300w, https://agora.xtec.cat/iesdecelra/wp-content/uploads/usu1789/2023/10/NivellB2-1200x540-1-768x346.png 768w, https://agora.xtec.cat/iesdecelra/wp-content/uploads/usu1789/2023/10/NivellB2-1200x540-1.png 1200w" sizes="auto, (max-width: 910px) 100vw, 910px" /></a></p>
<p><strong>Nivell C1</strong></p>
<p><a href="https://agora.xtec.cat/iesdecelra/wp-content/uploads/usu1789/2023/10/NivellC1-953x800-1.png"><img loading="lazy" decoding="async" class="alignnone wp-image-9832" src="https://agora.xtec.cat/iesdecelra/wp-content/uploads/usu1789/2023/10/NivellC1-953x800-1.png" alt="" width="911" height="765" srcset="https://agora.xtec.cat/iesdecelra/wp-content/uploads/usu1789/2023/10/NivellC1-953x800-1.png 953w, https://agora.xtec.cat/iesdecelra/wp-content/uploads/usu1789/2023/10/NivellC1-953x800-1-300x252.png 300w, https://agora.xtec.cat/iesdecelra/wp-content/uploads/usu1789/2023/10/NivellC1-953x800-1-768x645.png 768w" sizes="auto, (max-width: 911px) 100vw, 911px" /></a></p>
<div class="entry article_93">
<div id="acordio-tramits-2" class="panel-collapse collapse in">
<div class="panel-body" role="region" aria-labelledby="acordioDocumentacio">
<div>
<p>En cas que no es disposi dels llibres d&#8217;escolaritat i que el centre o centres que els van emetre hagin tancat o ja no existeixin, caldrà demanar a <strong>la Inspecció d&#8217;Educació del servei territorial que correspongui </strong>el nom del centre dipositari de la documentació i que custodiï les actes i expedients del centre o centres tancats o desapareguts.</p>
</div>
</div>
</div>
</div>
</div>
<div><a style="font-family: inherit; font-size: 1em;" href="https://web.gencat.cat/ca/tramits/tramits-temes/22046-reconeixement-b2-c1-catala?category=742b7874-a82c-11e3-a972-000c29052e2c">Trobareu més informació a la web del Departament d&#8217;Educació</a></div>

<p>SOL·LICITUD DE CERTIFICATS<br />
Els certificats es poden sol·licitar per correu electrònic a l&#8217;adreça iesdecelra@xtec.cat presentant tota la documentació necessària i la sol·licitud degudament omplerta amb una antelació mínima de 24 hores.<br />
<a href="https://drive.google.com/file/d/1BkYfJvIU71NxnJ_n5NH3SJ39I21JNXVM/view?usp=share_link">Sol·licitud de certificats diversos</a></p>
<p>&nbsp;<br />
Reconeixement dels nivells B2 i C1 de català per escolaritat reglada no universitària<br />
Aquí&hellip;  <a href="https://agora.xtec.cat/iesdecelra/secretaria-2/certificats-2/" title="Read Certificats">Llegeix més»</a></p>
