{"id":2922,"date":"2020-01-20T11:27:46","date_gmt":"2020-01-20T10:27:46","guid":{"rendered":"http:\/\/agora.xtec.cat\/iesdecelra\/?page_id=2922"},"modified":"2023-10-27T11:23:31","modified_gmt":"2023-10-27T09:23:31","slug":"examens-delf","status":"publish","type":"page","link":"https:\/\/agora.xtec.cat\/iesdecelra\/serveis\/examens-delf\/","title":{"rendered":"Ex\u00e0mens DELF"},"content":{"rendered":"<p style=\"text-align: justify;\">L\u2019Institut de Celr\u00e0 \u00e9s un centre que ofereix al seu alumnat la possibilitat de preparar-se i presentar-se als diferents nivells (A2, B1 i B2) de l\u2019examen oficial de llengua francesa DELF Scolaire.<\/p>\n<p style=\"text-align: justify;\">Trobareu la informaci\u00f3 en els enlla\u00e7os que hi ha a continuaci\u00f3:<\/p>\n<ul>\n<li><a href=\"https:\/\/delf-scolaire.cat\/\">DELF Scolaire Catalunya<\/a><\/li>\n<\/ul>\n<ul>\n<li>Models d&#8217;ex\u00e0mens\n<ul>\n<li><a href=\"https:\/\/www.france-education-international.fr\/es\">France Education International<\/a><\/li>\n<li><a href=\"http:\/\/www.delfdalf.fr\/\">DELF-DALF<\/a><\/li>\n<\/ul>\n<\/li>\n<\/ul>\n<p style=\"text-align: justify;\">El coordinador dels ex\u00e0mens de franc\u00e8s al nostre institut \u00e9s el professor Josep Vilalta (<a href=\"mailto:josepvilalta@iesdecelra.cat\">josepvilalta@iesdecelra.cat<\/a>)<\/p>\n<p><a href=\"https:\/\/agora.xtec.cat\/iesdecelra\/wp-content\/uploads\/usu1789\/2020\/01\/delf-catalunya-logo.png\"><img loading=\"lazy\" decoding=\"async\" class=\"size-full wp-image-2926 aligncenter\" src=\"https:\/\/agora.xtec.cat\/iesdecelra\/wp-content\/uploads\/usu1789\/2020\/01\/delf-catalunya-logo.png\" alt=\"\" width=\"340\" height=\"150\" srcset=\"https:\/\/agora.xtec.cat\/iesdecelra\/wp-content\/uploads\/usu1789\/2020\/01\/delf-catalunya-logo.png 340w, https:\/\/agora.xtec.cat\/iesdecelra\/wp-content\/uploads\/usu1789\/2020\/01\/delf-catalunya-logo-300x132.png 300w\" sizes=\"auto, (max-width: 340px) 100vw, 340px\" \/><\/a><\/p>\n","protected":false},"excerpt":{"rendered":"<p>L\u2019Institut de Celr\u00e0 \u00e9s un centre que ofereix al seu alumnat la possibilitat de preparar-se i presentar-se als diferents nivells (A2, B1 i B2) de l\u2019examen oficial de llengua francesa DELF Scolaire.<br \/>\nTrobareu la informaci\u00f3 en els enlla\u00e7os que hi ha a continuaci\u00f3:<\/p>\n<ul>\n<li><a href=\"https:\/\/delf-scolaire.cat\/\">DELF Scolaire Catalunya<\/a><\/li>\n<\/ul>\n<ul>\n<li>Models&hellip;  <a href=\"https:\/\/agora.xtec.cat\/iesdecelra\/serveis\/examens-delf\/\" title=\"Read Ex\u00e0mens DELF\">Llegeix m\u00e9s\u00bb<\/a><br \/>\n","protected":false},"author":1,"featured_media":0,"parent":63,"menu_order":49,"comment_status":"closed","ping_status":"closed","template":"page-templates\/side-menu.php","meta":{"_bbp_topic_count":0,"_bbp_reply_count":0,"_bbp_total_topic_count":0,"_bbp_total_reply_count":0,"_bbp_voice_count":0,"_bbp_anonymous_reply_count":0,"_bbp_topic_count_hidden":0,"_bbp_reply_count_hidden":0,"_bbp_forum_subforum_count":0,"footnotes":""},"class_list":["post-2922","page","type-page","status-publish","hentry"],"post_mailing_queue_ids":[],"_links":{"self":[{"href":"https:\/\/agora.xtec.cat\/iesdecelra\/wp-json\/wp\/v2\/pages\/2922","targetHints":{"allow":["GET"]}}],"collection":[{"href":"https:\/\/agora.xtec.cat\/iesdecelra\/wp-json\/wp\/v2\/pages"}],"about":[{"href":"https:\/\/agora.xtec.cat\/iesdecelra\/wp-json\/wp\/v2\/types\/page"}],"author":[{"embeddable":true,"href":"https:\/\/agora.xtec.cat\/iesdecelra\/wp-json\/wp\/v2\/users\/1"}],"replies":[{"embeddable":true,"href":"https:\/\/agora.xtec.cat\/iesdecelra\/wp-json\/wp\/v2\/comments?post=2922"}],"version-history":[{"count":6,"href":"https:\/\/agora.xtec.cat\/iesdecelra\/wp-json\/wp\/v2\/pages\/2922\/revisions"}],"predecessor-version":[{"id":9890,"href":"https:\/\/agora.xtec.cat\/iesdecelra\/wp-json\/wp\/v2\/pages\/2922\/revisions\/9890"}],"up":[{"embeddable":true,"href":"https:\/\/agora.xtec.cat\/iesdecelra\/wp-json\/wp\/v2\/pages\/63"}],"wp:attachment":[{"href":"https:\/\/agora.xtec.cat\/iesdecelra\/wp-json\/wp\/v2\/media?parent=2922"}],"curies":[{"name":"wp","href":"https:\/\/api.w.org\/{rel}","templated":true}]}}

Exàmens DELF

<p style="text-align: justify;">L’Institut de Celrà és un centre que ofereix al seu alumnat la possibilitat de preparar-se i presentar-se als diferents nivells (A2, B1 i B2) de l’examen oficial de llengua francesa DELF Scolaire.</p>
<p style="text-align: justify;">Trobareu la informació en els enllaços que hi ha a continuació:</p>
<ul>
<li><a href="https://delf-scolaire.cat/">DELF Scolaire Catalunya</a></li>
</ul>
<ul>
<li>Models d&#8217;exàmens
<ul>
<li><a href="https://www.france-education-international.fr/es">France Education International</a></li>
<li><a href="http://www.delfdalf.fr/">DELF-DALF</a></li>
</ul>
</li>
</ul>
<p style="text-align: justify;">El coordinador dels exàmens de francès al nostre institut és el professor Josep Vilalta (<a href="mailto:josepvilalta@iesdecelra.cat">josepvilalta@iesdecelra.cat</a>)</p>
<p><a href="https://agora.xtec.cat/iesdecelra/wp-content/uploads/usu1789/2020/01/delf-catalunya-logo.png"><img loading="lazy" decoding="async" class="size-full wp-image-2926 aligncenter" src="https://agora.xtec.cat/iesdecelra/wp-content/uploads/usu1789/2020/01/delf-catalunya-logo.png" alt="" width="340" height="150" srcset="https://agora.xtec.cat/iesdecelra/wp-content/uploads/usu1789/2020/01/delf-catalunya-logo.png 340w, https://agora.xtec.cat/iesdecelra/wp-content/uploads/usu1789/2020/01/delf-catalunya-logo-300x132.png 300w" sizes="auto, (max-width: 340px) 100vw, 340px" /></a></p>

<p>L’Institut de Celrà és un centre que ofereix al seu alumnat la possibilitat de preparar-se i presentar-se als diferents nivells (A2, B1 i B2) de l’examen oficial de llengua francesa DELF Scolaire.<br />
Trobareu la informació en els enllaços que hi ha a continuació:</p>
<ul>
<li><a href="https://delf-scolaire.cat/">DELF Scolaire Catalunya</a></li>
</ul>
<ul>
<li>Models&hellip;  <a href="https://agora.xtec.cat/iesdecelra/serveis/examens-delf/" title="Read Exàmens DELF">Llegeix més»</a><br />
