{"id":2588,"date":"2019-10-07T11:03:22","date_gmt":"2019-10-07T09:03:22","guid":{"rendered":"http:\/\/agora.xtec.cat\/iesdecelra\/?page_id=2588"},"modified":"2025-09-23T18:49:23","modified_gmt":"2025-09-23T16:49:23","slug":"ieducatokapp","status":"publish","type":"page","link":"https:\/\/agora.xtec.cat\/iesdecelra\/families\/ieducatokapp\/","title":{"rendered":"iEduca &#8211; TokApp"},"content":{"rendered":"<p style=\"text-align: center;\"><img loading=\"lazy\" decoding=\"async\" class=\"aligncenter wp-image-12833\" src=\"https:\/\/agora.xtec.cat\/iesdecelra\/wp-content\/uploads\/usu1789\/2025\/09\/logo-tokapp.png\" alt=\"\" width=\"589\" height=\"150\" srcset=\"https:\/\/agora.xtec.cat\/iesdecelra\/wp-content\/uploads\/usu1789\/2025\/09\/logo-tokapp.png 1024w, https:\/\/agora.xtec.cat\/iesdecelra\/wp-content\/uploads\/usu1789\/2025\/09\/logo-tokapp-300x76.png 300w, https:\/\/agora.xtec.cat\/iesdecelra\/wp-content\/uploads\/usu1789\/2025\/09\/logo-tokapp-768x196.png 768w\" sizes=\"auto, (max-width: 589px) 100vw, 589px\" \/><\/p>\n<p><strong>iEduca &#8211; TokApp<\/strong> \u00e9s l&#8217;aplicaci\u00f3 de comunicaci\u00f3 que fem servir a l&#8217;Institut de Celr\u00e0. Aquesta plataforma ens permet fer un control de l\u2019assist\u00e8ncia de l\u2019alumnat, anotar observacions i incid\u00e8ncies del dia a dia, comunicar-nos amb les fam\u00edlies, passar autoritzacions i pagaments estalviant paper i gestionar altres aspectes d\u2019organitzaci\u00f3 interna del centre.<\/p>\n<p style=\"text-align: justify;\"><span style=\"font-size: 14pt;\"><b>QU\u00c8 PODEN FER LES FAM\u00cdLIES AMB IEDUCA-TOKAPP?<\/b><\/span><\/p>\n<p style=\"text-align: justify;\"><span style=\"font-weight: 400;\">Amb <strong>iEduca &#8211; TokApp<\/strong>, les fam\u00edlies poden:<\/span><\/p>\n<ul style=\"text-align: justify;\">\n<li style=\"list-style-type: none;\">\n<ul>\n<li aria-level=\"1\">Consultar l&#8217;horari i calendari dels seus fills o filles<\/li>\n<li aria-level=\"1\">Consultar les faltes d&#8217;assist\u00e8ncia anotades a la fitxa dels seus fills o filles<\/li>\n<li aria-level=\"1\">Consultar altres tipus d&#8217;observacions i incid\u00e8ncies que s&#8217;hagin registrat<\/li>\n<li aria-level=\"1\">Comunicar-se directament amb el tutor o tutora<\/li>\n<li style=\"font-weight: 400;\" aria-level=\"1\"><span style=\"font-weight: 400;\">Fer pagaments de sortides<\/span><\/li>\n<li style=\"font-weight: 400;\" aria-level=\"1\"><span style=\"font-weight: 400;\">Firmar autoritzacions<\/span><\/li>\n<li style=\"font-weight: 400;\" aria-level=\"1\"><span style=\"font-weight: 400;\">Rebre notificaci\u00f3 de sancions<\/span><\/li>\n<li style=\"font-weight: 400;\" aria-level=\"1\"><span style=\"font-weight: 400;\">Rebre informacions de sortides i altres comunicats<\/span><\/li>\n<\/ul>\n<\/li>\n<\/ul>\n<p>Un cop dins el men\u00fa veureu diverses opcions:<\/p>\n<table style=\"width: 100%; border-collapse: collapse; border: none;\">\n<tbody>\n<tr style=\"border-style: none;\">\n<td style=\"width: 50%; border-style: none;\"><img loading=\"lazy\" decoding=\"async\" class=\"wp-image-12934 alignright\" src=\"https:\/\/agora.xtec.cat\/iesdecelra\/wp-content\/uploads\/usu1789\/2025\/09\/xat-portrait.png\" alt=\"\" width=\"240\" height=\"473\" srcset=\"https:\/\/agora.xtec.cat\/iesdecelra\/wp-content\/uploads\/usu1789\/2025\/09\/xat-portrait.png 1419w, https:\/\/agora.xtec.cat\/iesdecelra\/wp-content\/uploads\/usu1789\/2025\/09\/xat-portrait-152x300.png 152w, https:\/\/agora.xtec.cat\/iesdecelra\/wp-content\/uploads\/usu1789\/2025\/09\/xat-portrait-520x1024.png 520w, https:\/\/agora.xtec.cat\/iesdecelra\/wp-content\/uploads\/usu1789\/2025\/09\/xat-portrait-768x1513.png 768w, https:\/\/agora.xtec.cat\/iesdecelra\/wp-content\/uploads\/usu1789\/2025\/09\/xat-portrait-780x1536.png 780w, https:\/\/agora.xtec.cat\/iesdecelra\/wp-content\/uploads\/usu1789\/2025\/09\/xat-portrait-1039x2048.png 1039w\" sizes=\"auto, (max-width: 240px) 100vw, 240px\" \/><\/td>\n<td style=\"width: 50%; border-style: none;\"><span style=\"font-size: 12pt;\"><strong>XAT<\/strong><\/span><\/p>\n<p><span style=\"font-size: 12pt;\">El xat \u00e9s una b\u00fastia unidireccional on, des del centre, us farem arribar not\u00edcies, autoritzacions i informacions importants. Veureu que aqu\u00ed no podeu enviar missatges. Nom\u00e9s podreu contestar quan us fem arribar una autoritzaci\u00f3 o una enquesta.<\/span><\/td>\n<\/tr>\n<tr style=\"border-style: none;\">\n<td style=\"width: 50%; border-style: none; background-color: #ffffff;\">\n<p style=\"text-align: right;\"><span style=\"font-size: 12pt;\"><strong>INSTITUT DE CELR\u00c0<\/strong><\/span><\/p>\n<p style=\"text-align: right;\"><span style=\"font-size: 12pt;\">Institut de Celr\u00e0 \u00e9s on trobareu tota la informaci\u00f3 del vostre fill o filla (horari, faltes, observacions, incid\u00e8ncies, &#8230;) i tamb\u00e9 \u00e9s on podreu contactar amb el tutor o tutora de refer\u00e8ncia.<\/span><\/p>\n<\/td>\n<td style=\"width: 50%; border-style: none; background-color: #ffffff;\"><img loading=\"lazy\" decoding=\"async\" class=\"wp-image-12932 alignleft\" src=\"https:\/\/agora.xtec.cat\/iesdecelra\/wp-content\/uploads\/usu1789\/2025\/09\/institut-portrait.png\" alt=\"\" width=\"240\" height=\"473\" srcset=\"https:\/\/agora.xtec.cat\/iesdecelra\/wp-content\/uploads\/usu1789\/2025\/09\/institut-portrait.png 1419w, https:\/\/agora.xtec.cat\/iesdecelra\/wp-content\/uploads\/usu1789\/2025\/09\/institut-portrait-152x300.png 152w, https:\/\/agora.xtec.cat\/iesdecelra\/wp-content\/uploads\/usu1789\/2025\/09\/institut-portrait-520x1024.png 520w, https:\/\/agora.xtec.cat\/iesdecelra\/wp-content\/uploads\/usu1789\/2025\/09\/institut-portrait-768x1513.png 768w, https:\/\/agora.xtec.cat\/iesdecelra\/wp-content\/uploads\/usu1789\/2025\/09\/institut-portrait-780x1536.png 780w, https:\/\/agora.xtec.cat\/iesdecelra\/wp-content\/uploads\/usu1789\/2025\/09\/institut-portrait-1039x2048.png 1039w\" sizes=\"auto, (max-width: 240px) 100vw, 240px\" \/><\/td>\n<\/tr>\n<tr style=\"border-style: none;\">\n<td style=\"width: 50%; border-style: none;\"><img loading=\"lazy\" decoding=\"async\" class=\"wp-image-12933 alignright\" src=\"https:\/\/agora.xtec.cat\/iesdecelra\/wp-content\/uploads\/usu1789\/2025\/09\/pagaments-portrait.png\" alt=\"\" width=\"240\" height=\"473\" srcset=\"https:\/\/agora.xtec.cat\/iesdecelra\/wp-content\/uploads\/usu1789\/2025\/09\/pagaments-portrait.png 1419w, https:\/\/agora.xtec.cat\/iesdecelra\/wp-content\/uploads\/usu1789\/2025\/09\/pagaments-portrait-152x300.png 152w, https:\/\/agora.xtec.cat\/iesdecelra\/wp-content\/uploads\/usu1789\/2025\/09\/pagaments-portrait-520x1024.png 520w, https:\/\/agora.xtec.cat\/iesdecelra\/wp-content\/uploads\/usu1789\/2025\/09\/pagaments-portrait-768x1513.png 768w, https:\/\/agora.xtec.cat\/iesdecelra\/wp-content\/uploads\/usu1789\/2025\/09\/pagaments-portrait-780x1536.png 780w, https:\/\/agora.xtec.cat\/iesdecelra\/wp-content\/uploads\/usu1789\/2025\/09\/pagaments-portrait-1039x2048.png 1039w\" sizes=\"auto, (max-width: 240px) 100vw, 240px\" \/><\/td>\n<td style=\"width: 50%; border-style: none;\"><span style=\"font-size: 12pt;\"><strong>PAGAMENTS<\/strong><\/span><\/p>\n<p><span style=\"font-size: 12pt;\">A l&#8217;apartat pagaments, \u00e9s on rebreu les quotes de material a principi de curs, i els pagaments de les diferents sortides que es facin durant el curs. Assegureu-vos que la transacci\u00f3 s&#8217;hagi efectuat correctament comprovant la vostra banca en l\u00ednia.<\/span><\/td>\n<\/tr>\n<\/tbody>\n<\/table>\n<p>&nbsp;<\/p>\n","protected":false},"excerpt":{"rendered":"<p>iEduca &#8211; TokApp \u00e9s l&#8217;aplicaci\u00f3 de comunicaci\u00f3 que fem servir a l&#8217;Institut de Celr\u00e0. Aquesta plataforma ens permet fer un control de l\u2019assist\u00e8ncia de l\u2019alumnat, anotar observacions i incid\u00e8ncies del dia a dia, comunicar-nos amb les fam\u00edlies, passar autoritzacions i pagaments estalviant paper i gestionar&hellip;  <a href=\"https:\/\/agora.xtec.cat\/iesdecelra\/families\/ieducatokapp\/\" title=\"Read iEduca &#8211; TokApp\">Llegeix m\u00e9s\u00bb<\/a><\/p>\n","protected":false},"author":1,"featured_media":0,"parent":517,"menu_order":11,"comment_status":"closed","ping_status":"closed","template":"page-templates\/side-menu.php","meta":{"_bbp_topic_count":0,"_bbp_reply_count":0,"_bbp_total_topic_count":0,"_bbp_total_reply_count":0,"_bbp_voice_count":0,"_bbp_anonymous_reply_count":0,"_bbp_topic_count_hidden":0,"_bbp_reply_count_hidden":0,"_bbp_forum_subforum_count":0,"footnotes":""},"class_list":["post-2588","page","type-page","status-publish","hentry"],"post_mailing_queue_ids":[],"_links":{"self":[{"href":"https:\/\/agora.xtec.cat\/iesdecelra\/wp-json\/wp\/v2\/pages\/2588","targetHints":{"allow":["GET"]}}],"collection":[{"href":"https:\/\/agora.xtec.cat\/iesdecelra\/wp-json\/wp\/v2\/pages"}],"about":[{"href":"https:\/\/agora.xtec.cat\/iesdecelra\/wp-json\/wp\/v2\/types\/page"}],"author":[{"embeddable":true,"href":"https:\/\/agora.xtec.cat\/iesdecelra\/wp-json\/wp\/v2\/users\/1"}],"replies":[{"embeddable":true,"href":"https:\/\/agora.xtec.cat\/iesdecelra\/wp-json\/wp\/v2\/comments?post=2588"}],"version-history":[{"count":7,"href":"https:\/\/agora.xtec.cat\/iesdecelra\/wp-json\/wp\/v2\/pages\/2588\/revisions"}],"predecessor-version":[{"id":12941,"href":"https:\/\/agora.xtec.cat\/iesdecelra\/wp-json\/wp\/v2\/pages\/2588\/revisions\/12941"}],"up":[{"embeddable":true,"href":"https:\/\/agora.xtec.cat\/iesdecelra\/wp-json\/wp\/v2\/pages\/517"}],"wp:attachment":[{"href":"https:\/\/agora.xtec.cat\/iesdecelra\/wp-json\/wp\/v2\/media?parent=2588"}],"curies":[{"name":"wp","href":"https:\/\/api.w.org\/{rel}","templated":true}]}}

<p style="text-align: center;"><img loading="lazy" decoding="async" class="aligncenter wp-image-12833" src="https://agora.xtec.cat/iesdecelra/wp-content/uploads/usu1789/2025/09/logo-tokapp.png" alt="" width="589" height="150" srcset="https://agora.xtec.cat/iesdecelra/wp-content/uploads/usu1789/2025/09/logo-tokapp.png 1024w, https://agora.xtec.cat/iesdecelra/wp-content/uploads/usu1789/2025/09/logo-tokapp-300x76.png 300w, https://agora.xtec.cat/iesdecelra/wp-content/uploads/usu1789/2025/09/logo-tokapp-768x196.png 768w" sizes="auto, (max-width: 589px) 100vw, 589px" /></p>
<p><strong>iEduca &#8211; TokApp</strong> és l&#8217;aplicació de comunicació que fem servir a l&#8217;Institut de Celrà. Aquesta plataforma ens permet fer un control de l’assistència de l’alumnat, anotar observacions i incidències del dia a dia, comunicar-nos amb les famílies, passar autoritzacions i pagaments estalviant paper i gestionar altres aspectes d’organització interna del centre.</p>
<p style="text-align: justify;"><span style="font-size: 14pt;"><b>QUÈ PODEN FER LES FAMÍLIES AMB IEDUCA-TOKAPP?</b></span></p>
<p style="text-align: justify;"><span style="font-weight: 400;">Amb <strong>iEduca &#8211; TokApp</strong>, les famílies poden:</span></p>
<ul style="text-align: justify;">
<li style="list-style-type: none;">
<ul>
<li aria-level="1">Consultar l&#8217;horari i calendari dels seus fills o filles</li>
<li aria-level="1">Consultar les faltes d&#8217;assistència anotades a la fitxa dels seus fills o filles</li>
<li aria-level="1">Consultar altres tipus d&#8217;observacions i incidències que s&#8217;hagin registrat</li>
<li aria-level="1">Comunicar-se directament amb el tutor o tutora</li>
<li style="font-weight: 400;" aria-level="1"><span style="font-weight: 400;">Fer pagaments de sortides</span></li>
<li style="font-weight: 400;" aria-level="1"><span style="font-weight: 400;">Firmar autoritzacions</span></li>
<li style="font-weight: 400;" aria-level="1"><span style="font-weight: 400;">Rebre notificació de sancions</span></li>
<li style="font-weight: 400;" aria-level="1"><span style="font-weight: 400;">Rebre informacions de sortides i altres comunicats</span></li>
</ul>
</li>
</ul>
<p>Un cop dins el menú veureu diverses opcions:</p>
<table style="width: 100%; border-collapse: collapse; border: none;">
<tbody>
<tr style="border-style: none;">
<td style="width: 50%; border-style: none;"><img loading="lazy" decoding="async" class="wp-image-12934 alignright" src="https://agora.xtec.cat/iesdecelra/wp-content/uploads/usu1789/2025/09/xat-portrait.png" alt="" width="240" height="473" srcset="https://agora.xtec.cat/iesdecelra/wp-content/uploads/usu1789/2025/09/xat-portrait.png 1419w, https://agora.xtec.cat/iesdecelra/wp-content/uploads/usu1789/2025/09/xat-portrait-152x300.png 152w, https://agora.xtec.cat/iesdecelra/wp-content/uploads/usu1789/2025/09/xat-portrait-520x1024.png 520w, https://agora.xtec.cat/iesdecelra/wp-content/uploads/usu1789/2025/09/xat-portrait-768x1513.png 768w, https://agora.xtec.cat/iesdecelra/wp-content/uploads/usu1789/2025/09/xat-portrait-780x1536.png 780w, https://agora.xtec.cat/iesdecelra/wp-content/uploads/usu1789/2025/09/xat-portrait-1039x2048.png 1039w" sizes="auto, (max-width: 240px) 100vw, 240px" /></td>
<td style="width: 50%; border-style: none;"><span style="font-size: 12pt;"><strong>XAT</strong></span></p>
<p><span style="font-size: 12pt;">El xat és una bústia unidireccional on, des del centre, us farem arribar notícies, autoritzacions i informacions importants. Veureu que aquí no podeu enviar missatges. Només podreu contestar quan us fem arribar una autorització o una enquesta.</span></td>
</tr>
<tr style="border-style: none;">
<td style="width: 50%; border-style: none; background-color: #ffffff;">
<p style="text-align: right;"><span style="font-size: 12pt;"><strong>INSTITUT DE CELRÀ</strong></span></p>
<p style="text-align: right;"><span style="font-size: 12pt;">Institut de Celrà és on trobareu tota la informació del vostre fill o filla (horari, faltes, observacions, incidències, &#8230;) i també és on podreu contactar amb el tutor o tutora de referència.</span></p>
</td>
<td style="width: 50%; border-style: none; background-color: #ffffff;"><img loading="lazy" decoding="async" class="wp-image-12932 alignleft" src="https://agora.xtec.cat/iesdecelra/wp-content/uploads/usu1789/2025/09/institut-portrait.png" alt="" width="240" height="473" srcset="https://agora.xtec.cat/iesdecelra/wp-content/uploads/usu1789/2025/09/institut-portrait.png 1419w, https://agora.xtec.cat/iesdecelra/wp-content/uploads/usu1789/2025/09/institut-portrait-152x300.png 152w, https://agora.xtec.cat/iesdecelra/wp-content/uploads/usu1789/2025/09/institut-portrait-520x1024.png 520w, https://agora.xtec.cat/iesdecelra/wp-content/uploads/usu1789/2025/09/institut-portrait-768x1513.png 768w, https://agora.xtec.cat/iesdecelra/wp-content/uploads/usu1789/2025/09/institut-portrait-780x1536.png 780w, https://agora.xtec.cat/iesdecelra/wp-content/uploads/usu1789/2025/09/institut-portrait-1039x2048.png 1039w" sizes="auto, (max-width: 240px) 100vw, 240px" /></td>
</tr>
<tr style="border-style: none;">
<td style="width: 50%; border-style: none;"><img loading="lazy" decoding="async" class="wp-image-12933 alignright" src="https://agora.xtec.cat/iesdecelra/wp-content/uploads/usu1789/2025/09/pagaments-portrait.png" alt="" width="240" height="473" srcset="https://agora.xtec.cat/iesdecelra/wp-content/uploads/usu1789/2025/09/pagaments-portrait.png 1419w, https://agora.xtec.cat/iesdecelra/wp-content/uploads/usu1789/2025/09/pagaments-portrait-152x300.png 152w, https://agora.xtec.cat/iesdecelra/wp-content/uploads/usu1789/2025/09/pagaments-portrait-520x1024.png 520w, https://agora.xtec.cat/iesdecelra/wp-content/uploads/usu1789/2025/09/pagaments-portrait-768x1513.png 768w, https://agora.xtec.cat/iesdecelra/wp-content/uploads/usu1789/2025/09/pagaments-portrait-780x1536.png 780w, https://agora.xtec.cat/iesdecelra/wp-content/uploads/usu1789/2025/09/pagaments-portrait-1039x2048.png 1039w" sizes="auto, (max-width: 240px) 100vw, 240px" /></td>
<td style="width: 50%; border-style: none;"><span style="font-size: 12pt;"><strong>PAGAMENTS</strong></span></p>
<p><span style="font-size: 12pt;">A l&#8217;apartat pagaments, és on rebreu les quotes de material a principi de curs, i els pagaments de les diferents sortides que es facin durant el curs. Assegureu-vos que la transacció s&#8217;hagi efectuat correctament comprovant la vostra banca en línia.</span></td>
</tr>
</tbody>
</table>
<p>&nbsp;</p>

<p>iEduca &#8211; TokApp és l&#8217;aplicació de comunicació que fem servir a l&#8217;Institut de Celrà. Aquesta plataforma ens permet fer un control de l’assistència de l’alumnat, anotar observacions i incidències del dia a dia, comunicar-nos amb les famílies, passar autoritzacions i pagaments estalviant paper i gestionar&hellip;  <a href="https://agora.xtec.cat/iesdecelra/families/ieducatokapp/" title="Read iEduca &#8211; TokApp">Llegeix més»</a></p>
