{"id":2287,"date":"2019-06-12T11:48:06","date_gmt":"2019-06-12T09:48:06","guid":{"rendered":"http:\/\/agora.xtec.cat\/iesdecelra\/?page_id=2287"},"modified":"2023-03-31T12:12:00","modified_gmt":"2023-03-31T10:12:00","slug":"portada-agenda","status":"publish","type":"page","link":"https:\/\/agora.xtec.cat\/iesdecelra\/portada-agenda\/","title":{"rendered":"Portada Agenda"},"content":{"rendered":"<p>Des del curs 2017-18, a l&#8217;Institut de Celr\u00e0 tenim una agenda pr\u00f2pia (s&#8217;hi inclou: calendari escolar del centre, marc horari propi, serveis, dades generals, normes de conviv\u00e8ncia, llibre d\u2019estil, organigrama, etc.) que l&#8217;alumnat pot comprar al centre. A partir del curs 2019-20, la portada d&#8217;aquesta agenda s&#8217;escull d&#8217;entre les presentades al concurs que es convoca amb aquesta finalitat.<\/p>\n<p><a href=\"https:\/\/drive.google.com\/file\/d\/1_lFIpYYdhyXzIweWCAkcJEpSHSiUUGA2\/view?usp=sharing\">Aqu\u00ed<\/a> teniu m\u00e9s informaci\u00f3 del concurs per triar la portada del pr\u00f2xim curs.<\/p>\n\r\n\t<div class=\"slideshow_container slideshow_container_style-light\" style=\"height: 500px; \" data-slideshow-id=\"8462\" data-style-name=\"style-light\" data-style-version=\"2.3.1\" >\r\n\r\n\t\t\t\t\t<div class=\"slideshow_loading_icon\"><\/div>\r\n\t\t\r\n\t\t<div class=\"slideshow_content\" style=\"display: none;\">\r\n\r\n\t\t\t<div class=\"slideshow_view\">\r\n\t\t\t\t<div class=\"slideshow_slide slideshow_slide_image\">\r\n\t\t\t\t\t\t\t\t\t\t\t<img src=\"https:\/\/agora.xtec.cat\/iesdecelra\/wp-content\/uploads\/usu1789\/2023\/03\/PORTADA.jpeg\" alt=\"Agenda curs 22-23.\" width=\"626\" height=\"923\" \/>\r\n\t\t\t\t\t\t\t\t\t\t<div class=\"slideshow_description_box slideshow_transparent\">\r\n\t\t\t\t\t\t<div class=\"slideshow_title\">Agenda curs 22-23.<\/div>\t\t\t\t\t\t\t\t\t\t\t<\/div>\r\n\t\t\t\t<\/div>\r\n\r\n\t\t\t\t\t\t<div style=\"clear: both;\"><\/div><\/div><div class=\"slideshow_view\">\r\n\t\t\t\t<div class=\"slideshow_slide slideshow_slide_image\">\r\n\t\t\t\t\t\t\t\t\t\t\t<img src=\"https:\/\/agora.xtec.cat\/iesdecelra\/wp-content\/uploads\/usu1789\/2023\/03\/Mireia-Grabulosa.jpg\" alt=\"Agenda curs 21-22. Mireia Grabulosa\" width=\"1020\" height=\"1035\" \/>\r\n\t\t\t\t\t\t\t\t\t\t<div class=\"slideshow_description_box slideshow_transparent\">\r\n\t\t\t\t\t\t<div class=\"slideshow_title\">Agenda curs 21-22. Mireia Grabulosa<\/div>\t\t\t\t\t\t\t\t\t\t\t<\/div>\r\n\t\t\t\t<\/div>\r\n\r\n\t\t\t\t\t\t<div style=\"clear: both;\"><\/div><\/div><div class=\"slideshow_view\">\r\n\t\t\t\t<div class=\"slideshow_slide slideshow_slide_image\">\r\n\t\t\t\t\t\t\t\t\t\t\t<img src=\"https:\/\/agora.xtec.cat\/iesdecelra\/wp-content\/uploads\/usu1789\/2023\/03\/Irina-Davila.png\" alt=\"Agenda curs 20-21. Irina D\u00e0vila\" width=\"173\" height=\"300\" \/>\r\n\t\t\t\t\t\t\t\t\t\t<div class=\"slideshow_description_box slideshow_transparent\">\r\n\t\t\t\t\t\t<div class=\"slideshow_title\">Agenda curs 20-21. Irina D\u00e0vila<\/div>\t\t\t\t\t\t\t\t\t\t\t<\/div>\r\n\t\t\t\t<\/div>\r\n\r\n\t\t\t\t\t\t<div style=\"clear: both;\"><\/div><\/div><div class=\"slideshow_view\">\r\n\t\t\t\t<div class=\"slideshow_slide slideshow_slide_image\">\r\n\t\t\t\t\t\t\t\t\t\t\t<img src=\"https:\/\/agora.xtec.cat\/iesdecelra\/wp-content\/uploads\/usu1789\/2023\/03\/Alba-Pifarrer.png\" alt=\"Agenda Curs 19-20. Alba Pifarrer.\" width=\"231\" height=\"300\" \/>\r\n\t\t\t\t\t\t\t\t\t\t<div class=\"slideshow_description_box slideshow_transparent\">\r\n\t\t\t\t\t\t<div class=\"slideshow_title\">Agenda Curs 19-20. Alba Pifarrer.<\/div>\t\t\t\t\t\t\t\t\t\t\t<\/div>\r\n\t\t\t\t<\/div>\r\n\r\n\t\t\t\t\t\t<div style=\"clear: both;\"><\/div><\/div><div class=\"slideshow_view\">\r\n\t\t\t\t<div class=\"slideshow_slide slideshow_slide_image\">\r\n\t\t\t\t\t\t\t\t\t\t\t<img src=\"https:\/\/agora.xtec.cat\/iesdecelra\/wp-content\/uploads\/usu1789\/2021\/04\/portada-agenda-18-19-e1618921182234.png\" alt=\"Agenda curs 18-19.\" width=\"441\" height=\"450\" \/>\r\n\t\t\t\t\t\t\t\t\t\t<div class=\"slideshow_description_box slideshow_transparent\">\r\n\t\t\t\t\t\t<div class=\"slideshow_title\">Agenda curs 18-19.<\/div>\t\t\t\t\t\t\t\t\t\t\t<\/div>\r\n\t\t\t\t<\/div>\r\n\r\n\t\t\t\t\t\t<div style=\"clear: both;\"><\/div><\/div><div class=\"slideshow_view\">\r\n\t\t\t\t<div class=\"slideshow_slide slideshow_slide_image\">\r\n\t\t\t\t\t\t\t\t\t\t\t<img src=\"https:\/\/agora.xtec.cat\/iesdecelra\/wp-content\/uploads\/usu1789\/2021\/04\/portada-agenda-17-18-e1632908203912.png\" alt=\"Agenda  curs 17-18.\" width=\"527\" height=\"202\" \/>\r\n\t\t\t\t\t\t\t\t\t\t<div class=\"slideshow_description_box slideshow_transparent\">\r\n\t\t\t\t\t\t<div class=\"slideshow_title\">Agenda  curs 17-18.<\/div>\t\t\t\t\t\t\t\t\t\t\t<\/div>\r\n\t\t\t\t<\/div>\r\n\r\n\t\t\t\t\t\t<div style=\"clear: both;\"><\/div><\/div>\r\n\t\t<\/div>\r\n\r\n\t\t<div class=\"slideshow_controlPanel slideshow_transparent\" style=\"display: none;\"><ul><li class=\"slideshow_togglePlay\" data-play-text=\"Visualitza\" data-pause-text=\"Pausa\"><\/li><\/ul><\/div>\r\n\r\n\t\t<div class=\"slideshow_button slideshow_previous slideshow_transparent\" role=\"button\" data-previous-text=\"Anterior\" style=\"display: none;\"><\/div>\r\n\t\t<div class=\"slideshow_button slideshow_next slideshow_transparent\" role=\"button\" data-next-text=\"Seg\u00fcent\" style=\"display: none;\"><\/div>\r\n\r\n\t\t<div class=\"slideshow_pagination\" style=\"display: none;\" data-go-to-text=\"V\u00e9s a la diapositiva\"><div class=\"slideshow_pagination_center\"><\/div><\/div>\r\n\r\n\t\t<!-- WordPress Slideshow Version 2.3.1 -->\r\n\r\n\t\t\t<\/div>\r\n\r\n\n","protected":false},"excerpt":{"rendered":"<p>Des del curs 2017-18, a l&#8217;Institut de Celr\u00e0 tenim una agenda pr\u00f2pia (s&#8217;hi inclou: calendari escolar del centre, marc horari propi, serveis, dades generals, normes de conviv\u00e8ncia, llibre d\u2019estil, organigrama, etc.) que l&#8217;alumnat pot comprar al centre. A partir del curs 2019-20, la portada d&#8217;aquesta&hellip;  <a href=\"https:\/\/agora.xtec.cat\/iesdecelra\/portada-agenda\/\" title=\"Read Portada Agenda\">Llegeix m\u00e9s\u00bb<\/a><\/p>\n","protected":false},"author":1,"featured_media":0,"parent":0,"menu_order":0,"comment_status":"closed","ping_status":"closed","template":"","meta":{"_bbp_topic_count":0,"_bbp_reply_count":0,"_bbp_total_topic_count":0,"_bbp_total_reply_count":0,"_bbp_voice_count":0,"_bbp_anonymous_reply_count":0,"_bbp_topic_count_hidden":0,"_bbp_reply_count_hidden":0,"_bbp_forum_subforum_count":0,"footnotes":""},"class_list":["post-2287","page","type-page","status-publish","hentry"],"post_mailing_queue_ids":[],"_links":{"self":[{"href":"https:\/\/agora.xtec.cat\/iesdecelra\/wp-json\/wp\/v2\/pages\/2287","targetHints":{"allow":["GET"]}}],"collection":[{"href":"https:\/\/agora.xtec.cat\/iesdecelra\/wp-json\/wp\/v2\/pages"}],"about":[{"href":"https:\/\/agora.xtec.cat\/iesdecelra\/wp-json\/wp\/v2\/types\/page"}],"author":[{"embeddable":true,"href":"https:\/\/agora.xtec.cat\/iesdecelra\/wp-json\/wp\/v2\/users\/1"}],"replies":[{"embeddable":true,"href":"https:\/\/agora.xtec.cat\/iesdecelra\/wp-json\/wp\/v2\/comments?post=2287"}],"version-history":[{"count":3,"href":"https:\/\/agora.xtec.cat\/iesdecelra\/wp-json\/wp\/v2\/pages\/2287\/revisions"}],"predecessor-version":[{"id":8484,"href":"https:\/\/agora.xtec.cat\/iesdecelra\/wp-json\/wp\/v2\/pages\/2287\/revisions\/8484"}],"wp:attachment":[{"href":"https:\/\/agora.xtec.cat\/iesdecelra\/wp-json\/wp\/v2\/media?parent=2287"}],"curies":[{"name":"wp","href":"https:\/\/api.w.org\/{rel}","templated":true}]}}

<p>Des del curs 2017-18, a l&#8217;Institut de Celrà tenim una agenda pròpia (s&#8217;hi inclou: calendari escolar del centre, marc horari propi, serveis, dades generals, normes de convivència, llibre d’estil, organigrama, etc.) que l&#8217;alumnat pot comprar al centre. A partir del curs 2019-20, la portada d&#8217;aquesta agenda s&#8217;escull d&#8217;entre les presentades al concurs que es convoca amb aquesta finalitat.</p>
<p><a href="https://drive.google.com/file/d/1_lFIpYYdhyXzIweWCAkcJEpSHSiUUGA2/view?usp=sharing">Aquí</a> teniu més informació del concurs per triar la portada del pròxim curs.</p>

	<div class="slideshow_container slideshow_container_style-light" style="height: 500px; " data-slideshow-id="8462" data-style-name="style-light" data-style-version="2.3.1" >

					<div class="slideshow_loading_icon"></div>
		
		<div class="slideshow_content" style="display: none;">

			<div class="slideshow_view">
				<div class="slideshow_slide slideshow_slide_image">
											<img src="https://agora.xtec.cat/iesdecelra/wp-content/uploads/usu1789/2023/03/PORTADA.jpeg" alt="Agenda curs 22-23." width="626" height="923" />
										<div class="slideshow_description_box slideshow_transparent">
						<div class="slideshow_title">Agenda curs 22-23.</div>											</div>
				</div>

						<div style="clear: both;"></div></div><div class="slideshow_view">
				<div class="slideshow_slide slideshow_slide_image">
											<img src="https://agora.xtec.cat/iesdecelra/wp-content/uploads/usu1789/2023/03/Mireia-Grabulosa.jpg" alt="Agenda curs 21-22. Mireia Grabulosa" width="1020" height="1035" />
										<div class="slideshow_description_box slideshow_transparent">
						<div class="slideshow_title">Agenda curs 21-22. Mireia Grabulosa</div>											</div>
				</div>

						<div style="clear: both;"></div></div><div class="slideshow_view">
				<div class="slideshow_slide slideshow_slide_image">
											<img src="https://agora.xtec.cat/iesdecelra/wp-content/uploads/usu1789/2023/03/Irina-Davila.png" alt="Agenda curs 20-21. Irina Dàvila" width="173" height="300" />
										<div class="slideshow_description_box slideshow_transparent">
						<div class="slideshow_title">Agenda curs 20-21. Irina Dàvila</div>											</div>
				</div>

						<div style="clear: both;"></div></div><div class="slideshow_view">
				<div class="slideshow_slide slideshow_slide_image">
											<img src="https://agora.xtec.cat/iesdecelra/wp-content/uploads/usu1789/2023/03/Alba-Pifarrer.png" alt="Agenda Curs 19-20. Alba Pifarrer." width="231" height="300" />
										<div class="slideshow_description_box slideshow_transparent">
						<div class="slideshow_title">Agenda Curs 19-20. Alba Pifarrer.</div>											</div>
				</div>

						<div style="clear: both;"></div></div><div class="slideshow_view">
				<div class="slideshow_slide slideshow_slide_image">
											<img src="https://agora.xtec.cat/iesdecelra/wp-content/uploads/usu1789/2021/04/portada-agenda-18-19-e1618921182234.png" alt="Agenda curs 18-19." width="441" height="450" />
										<div class="slideshow_description_box slideshow_transparent">
						<div class="slideshow_title">Agenda curs 18-19.</div>											</div>
				</div>

						<div style="clear: both;"></div></div><div class="slideshow_view">
				<div class="slideshow_slide slideshow_slide_image">
											<img src="https://agora.xtec.cat/iesdecelra/wp-content/uploads/usu1789/2021/04/portada-agenda-17-18-e1632908203912.png" alt="Agenda  curs 17-18." width="527" height="202" />
										<div class="slideshow_description_box slideshow_transparent">
						<div class="slideshow_title">Agenda  curs 17-18.</div>											</div>
				</div>

						<div style="clear: both;"></div></div>
		</div>

		<div class="slideshow_controlPanel slideshow_transparent" style="display: none;"><ul><li class="slideshow_togglePlay" data-play-text="Visualitza" data-pause-text="Pausa"></li></ul></div>

		<div class="slideshow_button slideshow_previous slideshow_transparent" role="button" data-previous-text="Anterior" style="display: none;"></div>
		<div class="slideshow_button slideshow_next slideshow_transparent" role="button" data-next-text="Següent" style="display: none;"></div>

		<div class="slideshow_pagination" style="display: none;" data-go-to-text="Vés a la diapositiva"><div class="slideshow_pagination_center"></div></div>

		<!-- WordPress Slideshow Version 2.3.1 -->

			</div>

<p>Des del curs 2017-18, a l&#8217;Institut de Celrà tenim una agenda pròpia (s&#8217;hi inclou: calendari escolar del centre, marc horari propi, serveis, dades generals, normes de convivència, llibre d’estil, organigrama, etc.) que l&#8217;alumnat pot comprar al centre. A partir del curs 2019-20, la portada d&#8217;aquesta&hellip;  <a href="https://agora.xtec.cat/iesdecelra/portada-agenda/" title="Read Portada Agenda">Llegeix més»</a></p>
