{"id":19,"date":"2014-09-17T14:56:56","date_gmt":"2014-09-17T14:56:56","guid":{"rendered":"http:\/\/agora.xtec.cat\/iesdecelra\/?page_id=19"},"modified":"2023-09-07T13:43:41","modified_gmt":"2023-09-07T11:43:41","slug":"linstitut","status":"publish","type":"page","link":"https:\/\/agora.xtec.cat\/iesdecelra\/linstitut\/","title":{"rendered":"L&#8217;institut"},"content":{"rendered":"<p style=\"text-align: justify;\">L\u2019Institut de Celr\u00e0\u00a0at\u00e9n l\u2019Educaci\u00f3 Secund\u00e0ria Obligat\u00f2ria i la formaci\u00f3 de Batxillerat dels alumnes dels municipis de Celr\u00e0, Bordils, Fla\u00e7\u00e0, Sant Joan de Mollet, Sant Mart\u00ed Vell, Madremanya, Jui\u00e0, Mediny\u00e0 (Sant Juli\u00e0 de Ramis), Cervi\u00e0, Viladasens i Sant Jordi Desvalls.<\/p>\n<p style=\"text-align: justify;\"><img loading=\"lazy\" decoding=\"async\" class=\"wp-image-5153 aligncenter\" src=\"https:\/\/agora.xtec.cat\/iesdecelra\/wp-content\/uploads\/usu1789\/2021\/08\/logo_InsdeCelra-300x219.jpg\" alt=\"\" width=\"200\" height=\"146\" srcset=\"https:\/\/agora.xtec.cat\/iesdecelra\/wp-content\/uploads\/usu1789\/2021\/08\/logo_InsdeCelra-300x219.jpg 300w, https:\/\/agora.xtec.cat\/iesdecelra\/wp-content\/uploads\/usu1789\/2021\/08\/logo_InsdeCelra.jpg 625w\" sizes=\"auto, (max-width: 200px) 100vw, 200px\" \/><\/p>\n","protected":false},"excerpt":{"rendered":"<p>L\u2019Institut de Celr\u00e0\u00a0at\u00e9n l\u2019Educaci\u00f3 Secund\u00e0ria Obligat\u00f2ria i la formaci\u00f3 de Batxillerat dels alumnes dels municipis de Celr\u00e0, Bordils, Fla\u00e7\u00e0, Sant Joan de Mollet, Sant Mart\u00ed Vell, Madremanya, Jui\u00e0, Mediny\u00e0 (Sant Juli\u00e0 de Ramis), Cervi\u00e0, Viladasens i Sant Jordi Desvalls.<\/p>\n","protected":false},"author":1,"featured_media":0,"parent":0,"menu_order":0,"comment_status":"closed","ping_status":"closed","template":"page-templates\/side-menu.php","meta":{"_bbp_topic_count":0,"_bbp_reply_count":0,"_bbp_total_topic_count":0,"_bbp_total_reply_count":0,"_bbp_voice_count":0,"_bbp_anonymous_reply_count":0,"_bbp_topic_count_hidden":0,"_bbp_reply_count_hidden":0,"_bbp_forum_subforum_count":0,"footnotes":""},"class_list":["post-19","page","type-page","status-publish","hentry"],"post_mailing_queue_ids":[],"_links":{"self":[{"href":"https:\/\/agora.xtec.cat\/iesdecelra\/wp-json\/wp\/v2\/pages\/19","targetHints":{"allow":["GET"]}}],"collection":[{"href":"https:\/\/agora.xtec.cat\/iesdecelra\/wp-json\/wp\/v2\/pages"}],"about":[{"href":"https:\/\/agora.xtec.cat\/iesdecelra\/wp-json\/wp\/v2\/types\/page"}],"author":[{"embeddable":true,"href":"https:\/\/agora.xtec.cat\/iesdecelra\/wp-json\/wp\/v2\/users\/1"}],"replies":[{"embeddable":true,"href":"https:\/\/agora.xtec.cat\/iesdecelra\/wp-json\/wp\/v2\/comments?post=19"}],"version-history":[{"count":3,"href":"https:\/\/agora.xtec.cat\/iesdecelra\/wp-json\/wp\/v2\/pages\/19\/revisions"}],"predecessor-version":[{"id":9613,"href":"https:\/\/agora.xtec.cat\/iesdecelra\/wp-json\/wp\/v2\/pages\/19\/revisions\/9613"}],"wp:attachment":[{"href":"https:\/\/agora.xtec.cat\/iesdecelra\/wp-json\/wp\/v2\/media?parent=19"}],"curies":[{"name":"wp","href":"https:\/\/api.w.org\/{rel}","templated":true}]}}

<p style="text-align: justify;">L’Institut de Celrà atén l’Educació Secundària Obligatòria i la formació de Batxillerat dels alumnes dels municipis de Celrà, Bordils, Flaçà, Sant Joan de Mollet, Sant Martí Vell, Madremanya, Juià, Medinyà (Sant Julià de Ramis), Cervià, Viladasens i Sant Jordi Desvalls.</p>
<p style="text-align: justify;"><img loading="lazy" decoding="async" class="wp-image-5153 aligncenter" src="https://agora.xtec.cat/iesdecelra/wp-content/uploads/usu1789/2021/08/logo_InsdeCelra-300x219.jpg" alt="" width="200" height="146" srcset="https://agora.xtec.cat/iesdecelra/wp-content/uploads/usu1789/2021/08/logo_InsdeCelra-300x219.jpg 300w, https://agora.xtec.cat/iesdecelra/wp-content/uploads/usu1789/2021/08/logo_InsdeCelra.jpg 625w" sizes="auto, (max-width: 200px) 100vw, 200px" /></p>

<p>L’Institut de Celrà atén l’Educació Secundària Obligatòria i la formació de Batxillerat dels alumnes dels municipis de Celrà, Bordils, Flaçà, Sant Joan de Mollet, Sant Martí Vell, Madremanya, Juià, Medinyà (Sant Julià de Ramis), Cervià, Viladasens i Sant Jordi Desvalls.</p>
