{"id":1497,"date":"2019-01-18T11:15:37","date_gmt":"2019-01-18T10:15:37","guid":{"rendered":"http:\/\/agora.xtec.cat\/iesdecelra\/?page_id=1497"},"modified":"2022-11-18T12:21:55","modified_gmt":"2022-11-18T11:21:55","slug":"about-etwinning","status":"publish","type":"page","link":"https:\/\/agora.xtec.cat\/iesdecelra\/projectes-de-centre\/projectes-europeus\/about-etwinning\/","title":{"rendered":"eTwinning"},"content":{"rendered":"<p><span style=\"font-weight: 400;\">L\u2019Institut de Celr\u00e0 desenvolupa projectes eTwinning amb l\u2019alumnat des del curs 2015-16, participant conjuntament amb centres d\u2019educaci\u00f3 secund\u00e0ria de Gr\u00e8cia, Alemanya, B\u00e8lgica, Turquia, Fran\u00e7a i It\u00e0lia, entre d\u2019altres. Alguns dels projectes desenvolupats han obtingut el segell de Qualitat Nacional o el segell de Qualitat Europeu: <\/span><i><span style=\"font-weight: 400;\">Gifts with Cultural Value<\/span><\/i><span style=\"font-weight: 400;\">, <\/span><i><span style=\"font-weight: 400;\">ESSE (Evaluating School Social Engagement)<\/span><\/i><span style=\"font-weight: 400;\">, <\/span><i><span style=\"font-weight: 400;\">Improv-e!<\/span><\/i><span style=\"font-weight: 400;\"> i <\/span><i><span style=\"font-weight: 400;\">A world without wooks.<\/span><\/i><\/p>\n<p><span style=\"font-weight: 400;\">El programa eTwinning \u00e9s la comunitat de centres escolars m\u00e9s grans d&#8217;Europa. eTwinning t\u00e9 com a objectiu principal promoure i facilitar el contacte, l&#8217;intercanvi d&#8217;idees i el treball col\u00b7laboratiu entre docents i alumnes dels pa\u00efsos que participen en aquesta acci\u00f3 a trav\u00e9s de les tecnologies, a m\u00e9s de facilitar recursos i opcions de desenvolupament professional per al professorat. M\u00e9s informaci\u00f3 a <\/span><a href=\"http:\/\/www.etwinning.net\"><span style=\"font-weight: 400;\">www.etwinning.net<\/span><\/a><span style=\"font-weight: 400;\">\u00a0<\/span><\/p>\n<p>&nbsp;<\/p>\n<p><strong>eTwinning Projects:<\/strong><\/p>\n<table style=\"border-collapse: collapse; width: 100%; height: 248px;\">\n<tbody>\n<tr style=\"height: 120px;\">\n<td style=\"width: 50%; height: 120px; border-style: hidden;\"><a href=\"https:\/\/twinspace.etwinning.net\/86928\/home\" target=\"_blank\" rel=\"noopener noreferrer\">EVALUATING SOCIAL SCHOOL ENGAGEMENT (E.S.S.E.) 2019-21<\/a><\/p>\n<p><span style=\"font-size: 8pt;\">GO! Lyceum Aalst from Belgium<\/span><br \/>\n<span style=\"font-size: 8pt;\">Liceo Statatle \u201cC.Rebora\u201d from Italy<\/span><br \/>\n<span style=\"font-size: 8pt;\">Institut de Celr\u00e0 from Catalonia<\/span><\/td>\n<td style=\"width: 50%; height: 120px; border-style: hidden;\"><a href=\"https:\/\/twinspace.etwinning.net\/74458\" target=\"_blank\" rel=\"noopener noreferrer\">WALKING THROUGH FOLK MUSIC 2019<\/a><\/p>\n<p><span style=\"font-size: 8pt;\">ICS \u201cM. Mitili\u201d di Casoria (Na), Italia<\/span><br \/>\n<span style=\"font-size: 8pt;\">Institut de Celr\u00e0 from Catalonia<\/span><\/td>\n<\/tr>\n<tr style=\"height: 32px;\">\n<td style=\"width: 50%; height: 32px; border-style: hidden;\"><a href=\"https:\/\/twinspace.etwinning.net\/74458\" target=\"_blank\" rel=\"noopener noreferrer\">IMPROV-E 2018-19<\/a><\/p>\n<p><span style=\"font-size: 8pt;\">3rd General Lyceum from Greece<\/span><br \/>\n<span style=\"font-size: 8pt;\">GO! Lyceum Aalst from Belgium<\/span><br \/>\n<span style=\"font-size: 8pt;\">Institut de Celr\u00e0 from Catalonia<\/span><\/td>\n<td style=\"width: 50%; height: 32px; border-style: hidden;\"><a href=\"https:\/\/twinspace.etwinning.net\/44424\/home\" target=\"_blank\" rel=\"noopener noreferrer\">FRIENDSHIP 2017-19<\/a><\/p>\n<p><span style=\"font-size: 8pt;\">Coll\u00e8ge Jean Monnet from France<\/span><br \/>\n<span style=\"font-size: 8pt;\">Institut de Celr\u00e0 from Catalonia<\/span><\/td>\n<\/tr>\n<tr style=\"height: 32px;\">\n<td style=\"width: 50%; height: 32px; border-style: hidden;\"><a href=\"https:\/\/twinspace.etwinning.net\/63520\/home\" target=\"_blank\" rel=\"noopener noreferrer\">EUROPE AROUND US 2017-19<\/a><\/p>\n<p><span style=\"font-size: 8pt;\">Theodor-Heuss-Gymnasium from Germany<\/span><br \/>\n<span style=\"font-size: 8pt;\">Institut de Celr\u00e0 from Catalonia<\/span><\/td>\n<td style=\"width: 50%; height: 32px; border-style: hidden;\"><a href=\"https:\/\/twinspace.etwinning.net\/63520\/home\" target=\"_blank\" rel=\"noopener noreferrer\">EUROPE AROUND US 2017-19<\/a><\/p>\n<p><span style=\"font-size: 8pt;\">Theodor-Heuss-Gymnasium from Germany<\/span><br \/>\n<span style=\"font-size: 8pt;\">Institut de Celr\u00e0 from Catalonia<\/span><\/td>\n<\/tr>\n<tr style=\"height: 32px;\">\n<td style=\"width: 50%; height: 32px; border-style: hidden;\"><a href=\"https:\/\/twinspace.etwinning.net\/23297\/pages\/page\/143454\" target=\"_blank\" rel=\"noopener noreferrer\">GIFTS WITH CULTURAL VALUE 2016-17<\/a><\/p>\n<p><span style=\"font-size: 8pt;\">Mkhitar Sebastatsi&amp;quot; Educational Complex from Armenia<\/span><br \/>\n<span style=\"font-size: 8pt;\">3rd General Lyceum from Greece<\/span><br \/>\n<span style=\"font-size: 8pt;\">\u041f\u0440\u043e\u0444\u0435\u0441\u0438\u043e\u043d\u0430\u043b\u043d\u0430 \u0433\u0438\u043c\u043d\u0430\u0437\u0438\u044f \u043f\u043e \u0425\u0440\u0430\u043d\u0438\u0442\u0435\u043b\u043d\u043e-\u0432\u043a\u0443\u0441\u043e\u0432\u0438 \u0438 \u0445\u0438\u043c\u0438\u0447\u043d\u0438 \u0442\u0435\u0445\u043d\u043e\u043b\u043e\u0433\u0438\u0438 from\u00a0<\/span><span style=\"font-size: 8pt;\">Bulgary<\/span><br \/>\n<span style=\"font-size: 8pt;\">Institut de Celr\u00e0 from Catalonia<\/span><\/td>\n<td style=\"width: 50%; height: 32px; border-style: hidden;\"><\/td>\n<\/tr>\n<tr style=\"height: 32px;\">\n<td style=\"width: 50%; height: 32px; border-style: hidden;\"><\/td>\n<td style=\"width: 50%; height: 32px; border-style: hidden;\"><\/td>\n<\/tr>\n<\/tbody>\n<\/table>\n<p>&nbsp;<\/p>\n<p><strong>eTwinning Awards:<\/strong><\/p>\n<table style=\"height: 601px; width: 64.3767%;\">\n<tbody>\n<tr style=\"height: 272px;\">\n<td style=\"height: 272px; width: 51.3011%; border-style: hidden;\"><strong>National Quality Label<\/strong><\/td>\n<td style=\"height: 272px; width: 74.3137%; border-style: hidden;\"><a href=\"https:\/\/agora.xtec.cat\/iesdecelra\/wp-content\/uploads\/usu1789\/2019\/05\/Label-Gifts-with-cultural-value.png\"><img loading=\"lazy\" decoding=\"async\" class=\"alignnone wp-image-2135\" src=\"https:\/\/agora.xtec.cat\/iesdecelra\/wp-content\/uploads\/usu1789\/2019\/05\/Label-Gifts-with-cultural-value.png\" alt=\"\" width=\"359\" height=\"260\" srcset=\"https:\/\/agora.xtec.cat\/iesdecelra\/wp-content\/uploads\/usu1789\/2019\/05\/Label-Gifts-with-cultural-value.png 838w, https:\/\/agora.xtec.cat\/iesdecelra\/wp-content\/uploads\/usu1789\/2019\/05\/Label-Gifts-with-cultural-value-300x218.png 300w, https:\/\/agora.xtec.cat\/iesdecelra\/wp-content\/uploads\/usu1789\/2019\/05\/Label-Gifts-with-cultural-value-768x558.png 768w\" sizes=\"auto, (max-width: 359px) 100vw, 359px\" \/><\/a><\/td>\n<\/tr>\n<tr style=\"height: 263px;\">\n<td style=\"height: 263px; width: 51.3011%; border-style: hidden;\"><strong>European Quality Label<\/strong><\/td>\n<td style=\"height: 263px; width: 74.3137%; border-style: hidden;\"><a href=\"https:\/\/agora.xtec.cat\/iesdecelra\/wp-content\/uploads\/usu1789\/2019\/05\/European-Quality-Label.png\"><img loading=\"lazy\" decoding=\"async\" class=\"alignnone wp-image-2136\" src=\"https:\/\/agora.xtec.cat\/iesdecelra\/wp-content\/uploads\/usu1789\/2019\/05\/European-Quality-Label.png\" alt=\"\" width=\"342\" height=\"243\" srcset=\"https:\/\/agora.xtec.cat\/iesdecelra\/wp-content\/uploads\/usu1789\/2019\/05\/European-Quality-Label.png 796w, https:\/\/agora.xtec.cat\/iesdecelra\/wp-content\/uploads\/usu1789\/2019\/05\/European-Quality-Label-300x214.png 300w, https:\/\/agora.xtec.cat\/iesdecelra\/wp-content\/uploads\/usu1789\/2019\/05\/European-Quality-Label-768x547.png 768w\" sizes=\"auto, (max-width: 342px) 100vw, 342px\" \/><\/a><\/td>\n<\/tr>\n<tr style=\"height: 33px;\">\n<td style=\"height: 33px; width: 51.3011%; border-style: hidden;\"><\/td>\n<td style=\"height: 33px; width: 74.3137%; border-style: hidden;\"><\/td>\n<\/tr>\n<tr style=\"height: 33px;\">\n<td style=\"height: 33px; width: 51.3011%; border-style: hidden;\"><\/td>\n<td style=\"height: 33px; width: 74.3137%; border-style: hidden;\"><\/td>\n<\/tr>\n<\/tbody>\n<\/table>\n","protected":false},"excerpt":{"rendered":"<p>L\u2019Institut de Celr\u00e0 desenvolupa projectes eTwinning amb l\u2019alumnat des del curs 2015-16, participant conjuntament amb centres d\u2019educaci\u00f3 secund\u00e0ria de Gr\u00e8cia, Alemanya, B\u00e8lgica, Turquia, Fran\u00e7a i It\u00e0lia, entre d\u2019altres. Alguns dels projectes desenvolupats han obtingut el segell de Qualitat Nacional o el segell de Qualitat Europeu:&hellip;  <a href=\"https:\/\/agora.xtec.cat\/iesdecelra\/projectes-de-centre\/projectes-europeus\/about-etwinning\/\" title=\"Read eTwinning\">Llegeix m\u00e9s\u00bb<\/a><\/p>\n","protected":false},"author":1,"featured_media":0,"parent":7353,"menu_order":6,"comment_status":"closed","ping_status":"closed","template":"","meta":{"_bbp_topic_count":0,"_bbp_reply_count":0,"_bbp_total_topic_count":0,"_bbp_total_reply_count":0,"_bbp_voice_count":0,"_bbp_anonymous_reply_count":0,"_bbp_topic_count_hidden":0,"_bbp_reply_count_hidden":0,"_bbp_forum_subforum_count":0,"footnotes":""},"class_list":["post-1497","page","type-page","status-publish","hentry"],"post_mailing_queue_ids":[],"_links":{"self":[{"href":"https:\/\/agora.xtec.cat\/iesdecelra\/wp-json\/wp\/v2\/pages\/1497","targetHints":{"allow":["GET"]}}],"collection":[{"href":"https:\/\/agora.xtec.cat\/iesdecelra\/wp-json\/wp\/v2\/pages"}],"about":[{"href":"https:\/\/agora.xtec.cat\/iesdecelra\/wp-json\/wp\/v2\/types\/page"}],"author":[{"embeddable":true,"href":"https:\/\/agora.xtec.cat\/iesdecelra\/wp-json\/wp\/v2\/users\/1"}],"replies":[{"embeddable":true,"href":"https:\/\/agora.xtec.cat\/iesdecelra\/wp-json\/wp\/v2\/comments?post=1497"}],"version-history":[{"count":3,"href":"https:\/\/agora.xtec.cat\/iesdecelra\/wp-json\/wp\/v2\/pages\/1497\/revisions"}],"predecessor-version":[{"id":7268,"href":"https:\/\/agora.xtec.cat\/iesdecelra\/wp-json\/wp\/v2\/pages\/1497\/revisions\/7268"}],"up":[{"embeddable":true,"href":"https:\/\/agora.xtec.cat\/iesdecelra\/wp-json\/wp\/v2\/pages\/7353"}],"wp:attachment":[{"href":"https:\/\/agora.xtec.cat\/iesdecelra\/wp-json\/wp\/v2\/media?parent=1497"}],"curies":[{"name":"wp","href":"https:\/\/api.w.org\/{rel}","templated":true}]}}

<p><span style="font-weight: 400;">L’Institut de Celrà desenvolupa projectes eTwinning amb l’alumnat des del curs 2015-16, participant conjuntament amb centres d’educació secundària de Grècia, Alemanya, Bèlgica, Turquia, França i Itàlia, entre d’altres. Alguns dels projectes desenvolupats han obtingut el segell de Qualitat Nacional o el segell de Qualitat Europeu: </span><i><span style="font-weight: 400;">Gifts with Cultural Value</span></i><span style="font-weight: 400;">, </span><i><span style="font-weight: 400;">ESSE (Evaluating School Social Engagement)</span></i><span style="font-weight: 400;">, </span><i><span style="font-weight: 400;">Improv-e!</span></i><span style="font-weight: 400;"> i </span><i><span style="font-weight: 400;">A world without wooks.</span></i></p>
<p><span style="font-weight: 400;">El programa eTwinning és la comunitat de centres escolars més grans d&#8217;Europa. eTwinning té com a objectiu principal promoure i facilitar el contacte, l&#8217;intercanvi d&#8217;idees i el treball col·laboratiu entre docents i alumnes dels països que participen en aquesta acció a través de les tecnologies, a més de facilitar recursos i opcions de desenvolupament professional per al professorat. Més informació a </span><a href="http://www.etwinning.net"><span style="font-weight: 400;">www.etwinning.net</span></a><span style="font-weight: 400;"> </span></p>
<p>&nbsp;</p>
<p><strong>eTwinning Projects:</strong></p>
<table style="border-collapse: collapse; width: 100%; height: 248px;">
<tbody>
<tr style="height: 120px;">
<td style="width: 50%; height: 120px; border-style: hidden;"><a href="https://twinspace.etwinning.net/86928/home" target="_blank" rel="noopener noreferrer">EVALUATING SOCIAL SCHOOL ENGAGEMENT (E.S.S.E.) 2019-21</a></p>
<p><span style="font-size: 8pt;">GO! Lyceum Aalst from Belgium</span><br />
<span style="font-size: 8pt;">Liceo Statatle “C.Rebora” from Italy</span><br />
<span style="font-size: 8pt;">Institut de Celrà from Catalonia</span></td>
<td style="width: 50%; height: 120px; border-style: hidden;"><a href="https://twinspace.etwinning.net/74458" target="_blank" rel="noopener noreferrer">WALKING THROUGH FOLK MUSIC 2019</a></p>
<p><span style="font-size: 8pt;">ICS “M. Mitili” di Casoria (Na), Italia</span><br />
<span style="font-size: 8pt;">Institut de Celrà from Catalonia</span></td>
</tr>
<tr style="height: 32px;">
<td style="width: 50%; height: 32px; border-style: hidden;"><a href="https://twinspace.etwinning.net/74458" target="_blank" rel="noopener noreferrer">IMPROV-E 2018-19</a></p>
<p><span style="font-size: 8pt;">3rd General Lyceum from Greece</span><br />
<span style="font-size: 8pt;">GO! Lyceum Aalst from Belgium</span><br />
<span style="font-size: 8pt;">Institut de Celrà from Catalonia</span></td>
<td style="width: 50%; height: 32px; border-style: hidden;"><a href="https://twinspace.etwinning.net/44424/home" target="_blank" rel="noopener noreferrer">FRIENDSHIP 2017-19</a></p>
<p><span style="font-size: 8pt;">Collège Jean Monnet from France</span><br />
<span style="font-size: 8pt;">Institut de Celrà from Catalonia</span></td>
</tr>
<tr style="height: 32px;">
<td style="width: 50%; height: 32px; border-style: hidden;"><a href="https://twinspace.etwinning.net/63520/home" target="_blank" rel="noopener noreferrer">EUROPE AROUND US 2017-19</a></p>
<p><span style="font-size: 8pt;">Theodor-Heuss-Gymnasium from Germany</span><br />
<span style="font-size: 8pt;">Institut de Celrà from Catalonia</span></td>
<td style="width: 50%; height: 32px; border-style: hidden;"><a href="https://twinspace.etwinning.net/63520/home" target="_blank" rel="noopener noreferrer">EUROPE AROUND US 2017-19</a></p>
<p><span style="font-size: 8pt;">Theodor-Heuss-Gymnasium from Germany</span><br />
<span style="font-size: 8pt;">Institut de Celrà from Catalonia</span></td>
</tr>
<tr style="height: 32px;">
<td style="width: 50%; height: 32px; border-style: hidden;"><a href="https://twinspace.etwinning.net/23297/pages/page/143454" target="_blank" rel="noopener noreferrer">GIFTS WITH CULTURAL VALUE 2016-17</a></p>
<p><span style="font-size: 8pt;">Mkhitar Sebastatsi&amp;quot; Educational Complex from Armenia</span><br />
<span style="font-size: 8pt;">3rd General Lyceum from Greece</span><br />
<span style="font-size: 8pt;">Професионална гимназия по Хранително-вкусови и химични технологии from </span><span style="font-size: 8pt;">Bulgary</span><br />
<span style="font-size: 8pt;">Institut de Celrà from Catalonia</span></td>
<td style="width: 50%; height: 32px; border-style: hidden;"></td>
</tr>
<tr style="height: 32px;">
<td style="width: 50%; height: 32px; border-style: hidden;"></td>
<td style="width: 50%; height: 32px; border-style: hidden;"></td>
</tr>
</tbody>
</table>
<p>&nbsp;</p>
<p><strong>eTwinning Awards:</strong></p>
<table style="height: 601px; width: 64.3767%;">
<tbody>
<tr style="height: 272px;">
<td style="height: 272px; width: 51.3011%; border-style: hidden;"><strong>National Quality Label</strong></td>
<td style="height: 272px; width: 74.3137%; border-style: hidden;"><a href="https://agora.xtec.cat/iesdecelra/wp-content/uploads/usu1789/2019/05/Label-Gifts-with-cultural-value.png"><img loading="lazy" decoding="async" class="alignnone wp-image-2135" src="https://agora.xtec.cat/iesdecelra/wp-content/uploads/usu1789/2019/05/Label-Gifts-with-cultural-value.png" alt="" width="359" height="260" srcset="https://agora.xtec.cat/iesdecelra/wp-content/uploads/usu1789/2019/05/Label-Gifts-with-cultural-value.png 838w, https://agora.xtec.cat/iesdecelra/wp-content/uploads/usu1789/2019/05/Label-Gifts-with-cultural-value-300x218.png 300w, https://agora.xtec.cat/iesdecelra/wp-content/uploads/usu1789/2019/05/Label-Gifts-with-cultural-value-768x558.png 768w" sizes="auto, (max-width: 359px) 100vw, 359px" /></a></td>
</tr>
<tr style="height: 263px;">
<td style="height: 263px; width: 51.3011%; border-style: hidden;"><strong>European Quality Label</strong></td>
<td style="height: 263px; width: 74.3137%; border-style: hidden;"><a href="https://agora.xtec.cat/iesdecelra/wp-content/uploads/usu1789/2019/05/European-Quality-Label.png"><img loading="lazy" decoding="async" class="alignnone wp-image-2136" src="https://agora.xtec.cat/iesdecelra/wp-content/uploads/usu1789/2019/05/European-Quality-Label.png" alt="" width="342" height="243" srcset="https://agora.xtec.cat/iesdecelra/wp-content/uploads/usu1789/2019/05/European-Quality-Label.png 796w, https://agora.xtec.cat/iesdecelra/wp-content/uploads/usu1789/2019/05/European-Quality-Label-300x214.png 300w, https://agora.xtec.cat/iesdecelra/wp-content/uploads/usu1789/2019/05/European-Quality-Label-768x547.png 768w" sizes="auto, (max-width: 342px) 100vw, 342px" /></a></td>
</tr>
<tr style="height: 33px;">
<td style="height: 33px; width: 51.3011%; border-style: hidden;"></td>
<td style="height: 33px; width: 74.3137%; border-style: hidden;"></td>
</tr>
<tr style="height: 33px;">
<td style="height: 33px; width: 51.3011%; border-style: hidden;"></td>
<td style="height: 33px; width: 74.3137%; border-style: hidden;"></td>
</tr>
</tbody>
</table>

<p>L’Institut de Celrà desenvolupa projectes eTwinning amb l’alumnat des del curs 2015-16, participant conjuntament amb centres d’educació secundària de Grècia, Alemanya, Bèlgica, Turquia, França i Itàlia, entre d’altres. Alguns dels projectes desenvolupats han obtingut el segell de Qualitat Nacional o el segell de Qualitat Europeu:&hellip;  <a href="https://agora.xtec.cat/iesdecelra/projectes-de-centre/projectes-europeus/about-etwinning/" title="Read eTwinning">Llegeix més»</a></p>
