{"id":1461,"date":"2019-01-09T11:49:25","date_gmt":"2019-01-09T10:49:25","guid":{"rendered":"http:\/\/agora.xtec.cat\/iesdecelra\/?page_id=1461"},"modified":"2020-09-29T14:27:11","modified_gmt":"2020-09-29T12:27:11","slug":"voluntariat","status":"publish","type":"page","link":"https:\/\/agora.xtec.cat\/iesdecelra\/projectes-de-centre\/voluntariat\/","title":{"rendered":"Servei Comunitari"},"content":{"rendered":"<p dir=\"ltr\" style=\"text-align: justify;\">Tal i com estableix el curr\u00edculum de l\u2019educaci\u00f3 secund\u00e0ria obligat\u00f2ria, el Servei Comunitari \u00e9s una acci\u00f3 educativa obligat\u00f2ria per a tots els alumnes de 3r o 4t d\u2019ESO que ha de formar part de la programaci\u00f3 curricular d\u2019una o diverses mat\u00e8ries definides en el pla anual de centre. Compr\u00e8n una part d\u2019aprenentatge que es realitza dins l\u2019horari lectiu i un servei actiu a la comunitat que s\u2019ha de dur a terme fora d\u2019aquest horari, d\u2019acord amb les necessitats de l\u2019entitat amb qu\u00e8 es col\u00b7labori i dels criteris organitzatius del centre. La dedicaci\u00f3 hor\u00e0ria al desenvolupament del Servei Comunitari \u00e9s de 20 hores, amb un m\u00ednim de 10 hores de servei actiu a la comunitat. La finalitat que es persegueix \u00e9s la de garantir que els estudiants, al llarg de la seva traject\u00f2ria escolar, experimentin i protagonitzin accions de comprom\u00eds c\u00edvic, i posin en joc els seus coneixements i capacitats al servei de la comunitat.<\/p>\n<p dir=\"ltr\" style=\"text-align: justify;\">A l&#8217;Institut de Celr\u00e0 el projecte d<a href=\"https:\/\/agora.xtec.cat\/iesdecelra\/wp-content\/uploads\/usu1789\/2019\/04\/servei-comunitari-1.png\"><img loading=\"lazy\" decoding=\"async\" class=\" wp-image-1898 alignright\" src=\"https:\/\/agora.xtec.cat\/iesdecelra\/wp-content\/uploads\/usu1789\/2019\/04\/servei-comunitari-1.png\" alt=\"\" width=\"301\" height=\"224\" srcset=\"https:\/\/agora.xtec.cat\/iesdecelra\/wp-content\/uploads\/usu1789\/2019\/04\/servei-comunitari-1.png 820w, https:\/\/agora.xtec.cat\/iesdecelra\/wp-content\/uploads\/usu1789\/2019\/04\/servei-comunitari-1-300x224.png 300w, https:\/\/agora.xtec.cat\/iesdecelra\/wp-content\/uploads\/usu1789\/2019\/04\/servei-comunitari-1-768x572.png 768w, https:\/\/agora.xtec.cat\/iesdecelra\/wp-content\/uploads\/usu1789\/2019\/04\/servei-comunitari-1-200x150.png 200w\" sizes=\"auto, (max-width: 301px) 100vw, 301px\" \/><\/a>e servei comunitari est\u00e0 incl\u00f2s a\u00a0la mat\u00e8ria de Cultura i Valors \u00c8tics de 4t ESO. \u00c9s un projecte liderat per la professora Elisabet Casacuberta.\u00a0A m\u00e9s, tamb\u00e9 de manera m\u00e9s puntual participen en projectes de servei comunitari alumnes de 3r d\u2019ESO.<\/p>\n<p dir=\"ltr\" style=\"text-align: justify;\">Aquest any s\u2019ha intentat acostar el servei comunitari a tot l\u2019alumnat i \u00e9s per aix\u00f2 que, gr\u00e0cies a la col\u00b7laboraci\u00f3 dels diferents Ajuntaments de la nostra zona educativa i a entitats ben diverses, els alumnes poden escollir serveis comunitaris propers a casa seva en poblacions com Celr\u00e0, Bordils, Fla\u00e7\u00e0, Sant Mart\u00ed Vell\u2026 El comprom\u00eds \u00e9s realitzar 10 hores fora de l\u2019horari lectiu.<\/p>\n<p>&nbsp;<\/p>\n","protected":false},"excerpt":{"rendered":"<p>Tal i com estableix el curr\u00edculum de l\u2019educaci\u00f3 secund\u00e0ria obligat\u00f2ria, el Servei Comunitari \u00e9s una acci\u00f3 educativa obligat\u00f2ria per a tots els alumnes de 3r o 4t d\u2019ESO que ha de formar part de la programaci\u00f3 curricular d\u2019una o diverses mat\u00e8ries definides en el pla&hellip;  <a href=\"https:\/\/agora.xtec.cat\/iesdecelra\/projectes-de-centre\/voluntariat\/\" title=\"Read Servei Comunitari\">Llegeix m\u00e9s\u00bb<\/a><\/p>\n","protected":false},"author":1,"featured_media":0,"parent":1457,"menu_order":40,"comment_status":"closed","ping_status":"closed","template":"","meta":{"_bbp_topic_count":0,"_bbp_reply_count":0,"_bbp_total_topic_count":0,"_bbp_total_reply_count":0,"_bbp_voice_count":0,"_bbp_anonymous_reply_count":0,"_bbp_topic_count_hidden":0,"_bbp_reply_count_hidden":0,"_bbp_forum_subforum_count":0,"footnotes":""},"class_list":["post-1461","page","type-page","status-publish","hentry"],"post_mailing_queue_ids":[],"_links":{"self":[{"href":"https:\/\/agora.xtec.cat\/iesdecelra\/wp-json\/wp\/v2\/pages\/1461","targetHints":{"allow":["GET"]}}],"collection":[{"href":"https:\/\/agora.xtec.cat\/iesdecelra\/wp-json\/wp\/v2\/pages"}],"about":[{"href":"https:\/\/agora.xtec.cat\/iesdecelra\/wp-json\/wp\/v2\/types\/page"}],"author":[{"embeddable":true,"href":"https:\/\/agora.xtec.cat\/iesdecelra\/wp-json\/wp\/v2\/users\/1"}],"replies":[{"embeddable":true,"href":"https:\/\/agora.xtec.cat\/iesdecelra\/wp-json\/wp\/v2\/comments?post=1461"}],"version-history":[{"count":4,"href":"https:\/\/agora.xtec.cat\/iesdecelra\/wp-json\/wp\/v2\/pages\/1461\/revisions"}],"predecessor-version":[{"id":3896,"href":"https:\/\/agora.xtec.cat\/iesdecelra\/wp-json\/wp\/v2\/pages\/1461\/revisions\/3896"}],"up":[{"embeddable":true,"href":"https:\/\/agora.xtec.cat\/iesdecelra\/wp-json\/wp\/v2\/pages\/1457"}],"wp:attachment":[{"href":"https:\/\/agora.xtec.cat\/iesdecelra\/wp-json\/wp\/v2\/media?parent=1461"}],"curies":[{"name":"wp","href":"https:\/\/api.w.org\/{rel}","templated":true}]}}

<p dir="ltr" style="text-align: justify;">Tal i com estableix el currículum de l’educació secundària obligatòria, el Servei Comunitari és una acció educativa obligatòria per a tots els alumnes de 3r o 4t d’ESO que ha de formar part de la programació curricular d’una o diverses matèries definides en el pla anual de centre. Comprèn una part d’aprenentatge que es realitza dins l’horari lectiu i un servei actiu a la comunitat que s’ha de dur a terme fora d’aquest horari, d’acord amb les necessitats de l’entitat amb què es col·labori i dels criteris organitzatius del centre. La dedicació horària al desenvolupament del Servei Comunitari és de 20 hores, amb un mínim de 10 hores de servei actiu a la comunitat. La finalitat que es persegueix és la de garantir que els estudiants, al llarg de la seva trajectòria escolar, experimentin i protagonitzin accions de compromís cívic, i posin en joc els seus coneixements i capacitats al servei de la comunitat.</p>
<p dir="ltr" style="text-align: justify;">A l&#8217;Institut de Celrà el projecte d<a href="https://agora.xtec.cat/iesdecelra/wp-content/uploads/usu1789/2019/04/servei-comunitari-1.png"><img loading="lazy" decoding="async" class=" wp-image-1898 alignright" src="https://agora.xtec.cat/iesdecelra/wp-content/uploads/usu1789/2019/04/servei-comunitari-1.png" alt="" width="301" height="224" srcset="https://agora.xtec.cat/iesdecelra/wp-content/uploads/usu1789/2019/04/servei-comunitari-1.png 820w, https://agora.xtec.cat/iesdecelra/wp-content/uploads/usu1789/2019/04/servei-comunitari-1-300x224.png 300w, https://agora.xtec.cat/iesdecelra/wp-content/uploads/usu1789/2019/04/servei-comunitari-1-768x572.png 768w, https://agora.xtec.cat/iesdecelra/wp-content/uploads/usu1789/2019/04/servei-comunitari-1-200x150.png 200w" sizes="auto, (max-width: 301px) 100vw, 301px" /></a>e servei comunitari està inclòs a la matèria de Cultura i Valors Ètics de 4t ESO. És un projecte liderat per la professora Elisabet Casacuberta. A més, també de manera més puntual participen en projectes de servei comunitari alumnes de 3r d’ESO.</p>
<p dir="ltr" style="text-align: justify;">Aquest any s’ha intentat acostar el servei comunitari a tot l’alumnat i és per això que, gràcies a la col·laboració dels diferents Ajuntaments de la nostra zona educativa i a entitats ben diverses, els alumnes poden escollir serveis comunitaris propers a casa seva en poblacions com Celrà, Bordils, Flaçà, Sant Martí Vell… El compromís és realitzar 10 hores fora de l’horari lectiu.</p>
<p>&nbsp;</p>

<p>Tal i com estableix el currículum de l’educació secundària obligatòria, el Servei Comunitari és una acció educativa obligatòria per a tots els alumnes de 3r o 4t d’ESO que ha de formar part de la programació curricular d’una o diverses matèries definides en el pla&hellip;  <a href="https://agora.xtec.cat/iesdecelra/projectes-de-centre/voluntariat/" title="Read Servei Comunitari">Llegeix més»</a></p>
