{"id":12827,"date":"2025-09-08T19:14:09","date_gmt":"2025-09-08T17:14:09","guid":{"rendered":"https:\/\/agora.xtec.cat\/iesdecelra\/?page_id=12827"},"modified":"2025-09-23T19:01:04","modified_gmt":"2025-09-23T17:01:04","slug":"notificacions","status":"publish","type":"page","link":"https:\/\/agora.xtec.cat\/iesdecelra\/families\/ieducatokapp\/notificacions\/","title":{"rendered":"Activar notificacions"},"content":{"rendered":"<p>Per tal de rebre una notificaci\u00f3 cada cop que enviem un pagament, un comunicat o una sanci\u00f3, \u00e9s vital tenir activades les notificacions. Per fer-ho, cal fer dos passos: activar les notificacions <strong>dins l&#8217;app<\/strong>, i activar les notificacions a la <strong>configuraci\u00f3 del tel\u00e8fon<\/strong>.<\/p>\n<p><strong><span style=\"font-size: 14pt;\">TUTORIAL ANDROID<\/span><\/strong><\/p>\n<ul>\n<li><strong>PAS 1 &#8211; Activar les notificacions dins de l&#8217;app: <\/strong>Obriu l&#8217;aplicaci\u00f3, aneu a &#8220;Men\u00fa -&gt; Configuraci\u00f3&#8221;, feu clic a l&#8217;apartat &#8220;Notificacions&#8221; i assegureu-vos de tenir-les activades.<\/li>\n<\/ul>\n<p style=\"text-align: center;\"><img loading=\"lazy\" decoding=\"async\" class=\"wp-image-12901 alignnone\" src=\"https:\/\/agora.xtec.cat\/iesdecelra\/wp-content\/uploads\/usu1789\/2025\/09\/android1-portrait.png\" alt=\"\" width=\"240\" height=\"455\" srcset=\"https:\/\/agora.xtec.cat\/iesdecelra\/wp-content\/uploads\/usu1789\/2025\/09\/android1-portrait.png 1245w, https:\/\/agora.xtec.cat\/iesdecelra\/wp-content\/uploads\/usu1789\/2025\/09\/android1-portrait-158x300.png 158w, https:\/\/agora.xtec.cat\/iesdecelra\/wp-content\/uploads\/usu1789\/2025\/09\/android1-portrait-540x1024.png 540w, https:\/\/agora.xtec.cat\/iesdecelra\/wp-content\/uploads\/usu1789\/2025\/09\/android1-portrait-768x1455.png 768w, https:\/\/agora.xtec.cat\/iesdecelra\/wp-content\/uploads\/usu1789\/2025\/09\/android1-portrait-811x1536.png 811w, https:\/\/agora.xtec.cat\/iesdecelra\/wp-content\/uploads\/usu1789\/2025\/09\/android1-portrait-1081x2048.png 1081w\" sizes=\"auto, (max-width: 240px) 100vw, 240px\" \/> <img loading=\"lazy\" decoding=\"async\" class=\"wp-image-12902 alignnone\" src=\"https:\/\/agora.xtec.cat\/iesdecelra\/wp-content\/uploads\/usu1789\/2025\/09\/android2-portrait.png\" alt=\"\" width=\"240\" height=\"455\" srcset=\"https:\/\/agora.xtec.cat\/iesdecelra\/wp-content\/uploads\/usu1789\/2025\/09\/android2-portrait.png 1245w, https:\/\/agora.xtec.cat\/iesdecelra\/wp-content\/uploads\/usu1789\/2025\/09\/android2-portrait-158x300.png 158w, https:\/\/agora.xtec.cat\/iesdecelra\/wp-content\/uploads\/usu1789\/2025\/09\/android2-portrait-540x1024.png 540w, https:\/\/agora.xtec.cat\/iesdecelra\/wp-content\/uploads\/usu1789\/2025\/09\/android2-portrait-768x1455.png 768w, https:\/\/agora.xtec.cat\/iesdecelra\/wp-content\/uploads\/usu1789\/2025\/09\/android2-portrait-811x1536.png 811w, https:\/\/agora.xtec.cat\/iesdecelra\/wp-content\/uploads\/usu1789\/2025\/09\/android2-portrait-1081x2048.png 1081w\" sizes=\"auto, (max-width: 240px) 100vw, 240px\" \/> <img loading=\"lazy\" decoding=\"async\" class=\"wp-image-12903 alignnone\" src=\"https:\/\/agora.xtec.cat\/iesdecelra\/wp-content\/uploads\/usu1789\/2025\/09\/android3-portrait.png\" alt=\"\" width=\"240\" height=\"455\" srcset=\"https:\/\/agora.xtec.cat\/iesdecelra\/wp-content\/uploads\/usu1789\/2025\/09\/android3-portrait.png 1245w, https:\/\/agora.xtec.cat\/iesdecelra\/wp-content\/uploads\/usu1789\/2025\/09\/android3-portrait-158x300.png 158w, https:\/\/agora.xtec.cat\/iesdecelra\/wp-content\/uploads\/usu1789\/2025\/09\/android3-portrait-540x1024.png 540w, https:\/\/agora.xtec.cat\/iesdecelra\/wp-content\/uploads\/usu1789\/2025\/09\/android3-portrait-768x1455.png 768w, https:\/\/agora.xtec.cat\/iesdecelra\/wp-content\/uploads\/usu1789\/2025\/09\/android3-portrait-811x1536.png 811w, https:\/\/agora.xtec.cat\/iesdecelra\/wp-content\/uploads\/usu1789\/2025\/09\/android3-portrait-1081x2048.png 1081w\" sizes=\"auto, (max-width: 240px) 100vw, 240px\" \/><\/p>\n<ul>\n<li><strong>PAS 2 &#8211; Activar les notificacions del tel\u00e8fon: <\/strong>Aneu a la &#8220;Configuraci\u00f3&#8221; general del vostre tel\u00e8fon, busqueu l&#8217;apartat &#8220;Notificacions&#8221;, busqueu l&#8217;aplicaci\u00f3 &#8220;iEduca TokApp&#8221; i activeu les notificacions.<\/li>\n<\/ul>\n<p style=\"text-align: center;\"><img loading=\"lazy\" decoding=\"async\" class=\"wp-image-12904 alignnone\" src=\"https:\/\/agora.xtec.cat\/iesdecelra\/wp-content\/uploads\/usu1789\/2025\/09\/android4-portrait.png\" alt=\"\" width=\"240\" height=\"455\" srcset=\"https:\/\/agora.xtec.cat\/iesdecelra\/wp-content\/uploads\/usu1789\/2025\/09\/android4-portrait.png 1245w, https:\/\/agora.xtec.cat\/iesdecelra\/wp-content\/uploads\/usu1789\/2025\/09\/android4-portrait-158x300.png 158w, https:\/\/agora.xtec.cat\/iesdecelra\/wp-content\/uploads\/usu1789\/2025\/09\/android4-portrait-540x1024.png 540w, https:\/\/agora.xtec.cat\/iesdecelra\/wp-content\/uploads\/usu1789\/2025\/09\/android4-portrait-768x1455.png 768w, https:\/\/agora.xtec.cat\/iesdecelra\/wp-content\/uploads\/usu1789\/2025\/09\/android4-portrait-811x1536.png 811w, https:\/\/agora.xtec.cat\/iesdecelra\/wp-content\/uploads\/usu1789\/2025\/09\/android4-portrait-1081x2048.png 1081w\" sizes=\"auto, (max-width: 240px) 100vw, 240px\" \/> <img loading=\"lazy\" decoding=\"async\" class=\" wp-image-12905 alignnone\" src=\"https:\/\/agora.xtec.cat\/iesdecelra\/wp-content\/uploads\/usu1789\/2025\/09\/android5-portrait.png\" alt=\"\" width=\"240\" height=\"455\" srcset=\"https:\/\/agora.xtec.cat\/iesdecelra\/wp-content\/uploads\/usu1789\/2025\/09\/android5-portrait.png 1245w, https:\/\/agora.xtec.cat\/iesdecelra\/wp-content\/uploads\/usu1789\/2025\/09\/android5-portrait-158x300.png 158w, https:\/\/agora.xtec.cat\/iesdecelra\/wp-content\/uploads\/usu1789\/2025\/09\/android5-portrait-540x1024.png 540w, https:\/\/agora.xtec.cat\/iesdecelra\/wp-content\/uploads\/usu1789\/2025\/09\/android5-portrait-768x1455.png 768w, https:\/\/agora.xtec.cat\/iesdecelra\/wp-content\/uploads\/usu1789\/2025\/09\/android5-portrait-811x1536.png 811w, https:\/\/agora.xtec.cat\/iesdecelra\/wp-content\/uploads\/usu1789\/2025\/09\/android5-portrait-1081x2048.png 1081w\" sizes=\"auto, (max-width: 240px) 100vw, 240px\" \/><\/p>\n<h4><strong><span style=\"font-size: 14pt;\">TUTORIAL iOS<\/span><\/strong><\/h4>\n<ul>\n<li><strong>PAS 1 &#8211; Activar les notificacions dins de l&#8217;app:<\/strong> Obriu l&#8217;aplicaci\u00f3, aneu a &#8220;Men\u00fa -&gt; Configuraci\u00f3&#8221;, feu clic a l&#8217;apartat &#8220;Notificacions&#8221; i assegureu-vos de tenir-les activades<\/li>\n<\/ul>\n<p style=\"text-align: center;\"><img loading=\"lazy\" decoding=\"async\" class=\"wp-image-12866 alignnone\" src=\"https:\/\/agora.xtec.cat\/iesdecelra\/wp-content\/uploads\/usu1789\/2025\/09\/iphone1-portrait.png\" alt=\"\" width=\"240\" height=\"473\" srcset=\"https:\/\/agora.xtec.cat\/iesdecelra\/wp-content\/uploads\/usu1789\/2025\/09\/iphone1-portrait.png 1419w, https:\/\/agora.xtec.cat\/iesdecelra\/wp-content\/uploads\/usu1789\/2025\/09\/iphone1-portrait-152x300.png 152w, https:\/\/agora.xtec.cat\/iesdecelra\/wp-content\/uploads\/usu1789\/2025\/09\/iphone1-portrait-520x1024.png 520w, https:\/\/agora.xtec.cat\/iesdecelra\/wp-content\/uploads\/usu1789\/2025\/09\/iphone1-portrait-768x1513.png 768w, https:\/\/agora.xtec.cat\/iesdecelra\/wp-content\/uploads\/usu1789\/2025\/09\/iphone1-portrait-780x1536.png 780w, https:\/\/agora.xtec.cat\/iesdecelra\/wp-content\/uploads\/usu1789\/2025\/09\/iphone1-portrait-1039x2048.png 1039w\" sizes=\"auto, (max-width: 240px) 100vw, 240px\" \/> <img loading=\"lazy\" decoding=\"async\" class=\"wp-image-12867 alignnone\" src=\"https:\/\/agora.xtec.cat\/iesdecelra\/wp-content\/uploads\/usu1789\/2025\/09\/iphone2-portrait.png\" alt=\"\" width=\"240\" height=\"473\" srcset=\"https:\/\/agora.xtec.cat\/iesdecelra\/wp-content\/uploads\/usu1789\/2025\/09\/iphone2-portrait.png 1419w, https:\/\/agora.xtec.cat\/iesdecelra\/wp-content\/uploads\/usu1789\/2025\/09\/iphone2-portrait-152x300.png 152w, https:\/\/agora.xtec.cat\/iesdecelra\/wp-content\/uploads\/usu1789\/2025\/09\/iphone2-portrait-520x1024.png 520w, https:\/\/agora.xtec.cat\/iesdecelra\/wp-content\/uploads\/usu1789\/2025\/09\/iphone2-portrait-768x1513.png 768w, https:\/\/agora.xtec.cat\/iesdecelra\/wp-content\/uploads\/usu1789\/2025\/09\/iphone2-portrait-780x1536.png 780w, https:\/\/agora.xtec.cat\/iesdecelra\/wp-content\/uploads\/usu1789\/2025\/09\/iphone2-portrait-1039x2048.png 1039w\" sizes=\"auto, (max-width: 240px) 100vw, 240px\" \/><img loading=\"lazy\" decoding=\"async\" class=\"wp-image-12868 alignnone\" src=\"https:\/\/agora.xtec.cat\/iesdecelra\/wp-content\/uploads\/usu1789\/2025\/09\/iphone3-portrait.png\" alt=\"\" width=\"240\" height=\"473\" srcset=\"https:\/\/agora.xtec.cat\/iesdecelra\/wp-content\/uploads\/usu1789\/2025\/09\/iphone3-portrait.png 1419w, https:\/\/agora.xtec.cat\/iesdecelra\/wp-content\/uploads\/usu1789\/2025\/09\/iphone3-portrait-152x300.png 152w, https:\/\/agora.xtec.cat\/iesdecelra\/wp-content\/uploads\/usu1789\/2025\/09\/iphone3-portrait-520x1024.png 520w, https:\/\/agora.xtec.cat\/iesdecelra\/wp-content\/uploads\/usu1789\/2025\/09\/iphone3-portrait-768x1513.png 768w, https:\/\/agora.xtec.cat\/iesdecelra\/wp-content\/uploads\/usu1789\/2025\/09\/iphone3-portrait-780x1536.png 780w, https:\/\/agora.xtec.cat\/iesdecelra\/wp-content\/uploads\/usu1789\/2025\/09\/iphone3-portrait-1039x2048.png 1039w\" sizes=\"auto, (max-width: 240px) 100vw, 240px\" \/><\/p>\n<ul>\n<li><strong>PAS 2 &#8211; Activar les notificacions del tel\u00e8fon:<\/strong> Aneu a la &#8220;Configuraci\u00f3&#8221; general del vostre tel\u00e8fon, busqueu l&#8217;apartat &#8220;Notificacions&#8221;, busqueu l&#8217;aplicaci\u00f3 &#8220;iEduca TokApp&#8221; i feu clic a &#8220;Permet les notificacions&#8221;.<\/li>\n<\/ul>\n<p style=\"text-align: center;\"><img loading=\"lazy\" decoding=\"async\" class=\"wp-image-12869 alignnone\" src=\"https:\/\/agora.xtec.cat\/iesdecelra\/wp-content\/uploads\/usu1789\/2025\/09\/iphone4-portrait.png\" alt=\"\" width=\"240\" height=\"473\" srcset=\"https:\/\/agora.xtec.cat\/iesdecelra\/wp-content\/uploads\/usu1789\/2025\/09\/iphone4-portrait.png 1419w, https:\/\/agora.xtec.cat\/iesdecelra\/wp-content\/uploads\/usu1789\/2025\/09\/iphone4-portrait-152x300.png 152w, https:\/\/agora.xtec.cat\/iesdecelra\/wp-content\/uploads\/usu1789\/2025\/09\/iphone4-portrait-520x1024.png 520w, https:\/\/agora.xtec.cat\/iesdecelra\/wp-content\/uploads\/usu1789\/2025\/09\/iphone4-portrait-768x1513.png 768w, https:\/\/agora.xtec.cat\/iesdecelra\/wp-content\/uploads\/usu1789\/2025\/09\/iphone4-portrait-780x1536.png 780w, https:\/\/agora.xtec.cat\/iesdecelra\/wp-content\/uploads\/usu1789\/2025\/09\/iphone4-portrait-1039x2048.png 1039w\" sizes=\"auto, (max-width: 240px) 100vw, 240px\" \/> <img loading=\"lazy\" decoding=\"async\" class=\"wp-image-12870 alignnone\" src=\"https:\/\/agora.xtec.cat\/iesdecelra\/wp-content\/uploads\/usu1789\/2025\/09\/iphone5-portrait.png\" alt=\"\" width=\"240\" height=\"473\" srcset=\"https:\/\/agora.xtec.cat\/iesdecelra\/wp-content\/uploads\/usu1789\/2025\/09\/iphone5-portrait.png 1419w, https:\/\/agora.xtec.cat\/iesdecelra\/wp-content\/uploads\/usu1789\/2025\/09\/iphone5-portrait-152x300.png 152w, https:\/\/agora.xtec.cat\/iesdecelra\/wp-content\/uploads\/usu1789\/2025\/09\/iphone5-portrait-520x1024.png 520w, https:\/\/agora.xtec.cat\/iesdecelra\/wp-content\/uploads\/usu1789\/2025\/09\/iphone5-portrait-768x1513.png 768w, https:\/\/agora.xtec.cat\/iesdecelra\/wp-content\/uploads\/usu1789\/2025\/09\/iphone5-portrait-780x1536.png 780w, https:\/\/agora.xtec.cat\/iesdecelra\/wp-content\/uploads\/usu1789\/2025\/09\/iphone5-portrait-1039x2048.png 1039w\" sizes=\"auto, (max-width: 240px) 100vw, 240px\" \/><img loading=\"lazy\" decoding=\"async\" class=\"wp-image-12871 alignnone\" src=\"https:\/\/agora.xtec.cat\/iesdecelra\/wp-content\/uploads\/usu1789\/2025\/09\/iphone6-portrait.png\" alt=\"\" width=\"240\" height=\"473\" srcset=\"https:\/\/agora.xtec.cat\/iesdecelra\/wp-content\/uploads\/usu1789\/2025\/09\/iphone6-portrait.png 1419w, https:\/\/agora.xtec.cat\/iesdecelra\/wp-content\/uploads\/usu1789\/2025\/09\/iphone6-portrait-152x300.png 152w, https:\/\/agora.xtec.cat\/iesdecelra\/wp-content\/uploads\/usu1789\/2025\/09\/iphone6-portrait-520x1024.png 520w, https:\/\/agora.xtec.cat\/iesdecelra\/wp-content\/uploads\/usu1789\/2025\/09\/iphone6-portrait-768x1513.png 768w, https:\/\/agora.xtec.cat\/iesdecelra\/wp-content\/uploads\/usu1789\/2025\/09\/iphone6-portrait-780x1536.png 780w, https:\/\/agora.xtec.cat\/iesdecelra\/wp-content\/uploads\/usu1789\/2025\/09\/iphone6-portrait-1039x2048.png 1039w\" sizes=\"auto, (max-width: 240px) 100vw, 240px\" \/><\/p>\n","protected":false},"excerpt":{"rendered":"<p>Per tal de rebre una notificaci\u00f3 cada cop que enviem un pagament, un comunicat o una sanci\u00f3, \u00e9s vital tenir activades les notificacions. Per fer-ho, cal fer dos passos: activar les notificacions dins l&#8217;app, i activar les notificacions a la configuraci\u00f3 del tel\u00e8fon.<br \/>\nTUTORIAL ANDROID<\/p>\n<ul>\n<li>PAS 1&hellip;  <a href=\"https:\/\/agora.xtec.cat\/iesdecelra\/families\/ieducatokapp\/notificacions\/\" title=\"Read Activar notificacions\">Llegeix m\u00e9s\u00bb<\/a><br \/>\n","protected":false},"author":1,"featured_media":0,"parent":2588,"menu_order":2,"comment_status":"closed","ping_status":"closed","template":"page-templates\/side-menu.php","meta":{"_bbp_topic_count":0,"_bbp_reply_count":0,"_bbp_total_topic_count":0,"_bbp_total_reply_count":0,"_bbp_voice_count":0,"_bbp_anonymous_reply_count":0,"_bbp_topic_count_hidden":0,"_bbp_reply_count_hidden":0,"_bbp_forum_subforum_count":0,"footnotes":""},"class_list":["post-12827","page","type-page","status-publish","hentry"],"post_mailing_queue_ids":[],"_links":{"self":[{"href":"https:\/\/agora.xtec.cat\/iesdecelra\/wp-json\/wp\/v2\/pages\/12827","targetHints":{"allow":["GET"]}}],"collection":[{"href":"https:\/\/agora.xtec.cat\/iesdecelra\/wp-json\/wp\/v2\/pages"}],"about":[{"href":"https:\/\/agora.xtec.cat\/iesdecelra\/wp-json\/wp\/v2\/types\/page"}],"author":[{"embeddable":true,"href":"https:\/\/agora.xtec.cat\/iesdecelra\/wp-json\/wp\/v2\/users\/1"}],"replies":[{"embeddable":true,"href":"https:\/\/agora.xtec.cat\/iesdecelra\/wp-json\/wp\/v2\/comments?post=12827"}],"version-history":[{"count":6,"href":"https:\/\/agora.xtec.cat\/iesdecelra\/wp-json\/wp\/v2\/pages\/12827\/revisions"}],"predecessor-version":[{"id":12947,"href":"https:\/\/agora.xtec.cat\/iesdecelra\/wp-json\/wp\/v2\/pages\/12827\/revisions\/12947"}],"up":[{"embeddable":true,"href":"https:\/\/agora.xtec.cat\/iesdecelra\/wp-json\/wp\/v2\/pages\/2588"}],"wp:attachment":[{"href":"https:\/\/agora.xtec.cat\/iesdecelra\/wp-json\/wp\/v2\/media?parent=12827"}],"curies":[{"name":"wp","href":"https:\/\/api.w.org\/{rel}","templated":true}]}}