{"id":11156,"date":"2024-09-23T13:58:50","date_gmt":"2024-09-23T11:58:50","guid":{"rendered":"https:\/\/agora.xtec.cat\/iesdecelra\/?page_id=11156"},"modified":"2025-07-15T13:52:22","modified_gmt":"2025-07-15T11:52:22","slug":"autoritzacions_horari_lectiu","status":"publish","type":"page","link":"https:\/\/agora.xtec.cat\/iesdecelra\/autoritzacions_horari_lectiu\/","title":{"rendered":"Autoritzacions"},"content":{"rendered":"<h4><span style=\"font-weight: 400;\">SORTIDA D\u2019ALUMNAT DEL CENTRE EN HORARI LECTIU<\/span><\/h4>\n<p>&nbsp;<\/p>\n<h5><span style=\"font-weight: 400;\">1. MENOR ACOMPANYAT<\/span><\/h5>\n<h6>1.1 Autoritzacions anuals (preventives)<\/h6>\n<p>Per tal que l&#8217;alumnat pugui sortir del centre en horari lectiu acompanyat d&#8217;un adult diferent del pare, mare o tutor\/a legal cal tenir una autoritzaci\u00f3. Podeu autoritzar persones de la vostra confian\u00e7a per tot el curs entregant el <a href=\"https:\/\/drive.google.com\/file\/d\/1t9TMCCA0-kXGl0FsSxHxNveAoc2-CaIW\/view?usp=sharing\">document enlla\u00e7at<\/a> a secretaria.<\/p>\n<h6>1.2 Autoritzacions puntuals (emerg\u00e8ncia)<\/h6>\n<p>Si no heu autoritzat a ning\u00fa pel curs actual, o l&#8217;adult que el ve a recollir \u00e9s diferent dels que heu autoritzat, caldr\u00e0 que envieu<span style=\"font-weight: 400;\">\u00a0un correu a <\/span><a href=\"mailto:iesdecelra@xtec.cat\"><span style=\"font-weight: 400;\">iesdecelra@xtec.cat<\/span><\/a><span style=\"font-weight: 400;\"> amb el seg\u00fcent text degudament complimentat:<\/span><\/p>\n<p><strong>Jo ____________________________________ amb DNI _____________ autoritzo al meu fill\/a ____________________________________ a sortir del centre en horari lectiu el dia __________ i hora __________ amb l&#8217;acompanyament de ____________________________________ amb DNI _____________ com a adult responsable.<\/strong><\/p>\n<p>&nbsp;<\/p>\n<h5><span style=\"font-weight: 400;\">2. MENOR NO ACOMPANYAT (NOM\u00c9S PER ALUMNAT DE CELR\u00c0)<\/span><\/h5>\n<p><span style=\"font-weight: 400;\">En el cas que el vostre fill\/a hagi de sortir de l\u2019institut en hores lectives sense que el\/la pugueu venir a buscar, per anar a un domicili de Celr\u00e0, caldr\u00e0 que envieu un correu a <\/span><a href=\"mailto:iesdecelra@xtec.cat\"><span style=\"font-weight: 400;\">iesdecelra@xtec.cat<\/span><\/a><span style=\"font-weight: 400;\"> amb el seg\u00fcent text degudament complimentat:<\/span><\/p>\n<p><strong>Jo ____________________________________ amb DNI _____________ autoritzo al meu fill\/a ____________________________________ a sortir del centre en horari lectiu el dia __________ i hora __________ sense l&#8217;acompanyament d&#8217;un adult.<\/strong><\/p>\n<p>&nbsp;<\/p>\n<h5><span style=\"font-weight: 400;\">3. MAJOR D\u2019EDAT<\/span><\/h5>\n<p><span style=\"font-weight: 400;\">No cal autoritzaci\u00f3.<\/span><\/p>\n","protected":false},"excerpt":{"rendered":"<p>SORTIDA D\u2019ALUMNAT DEL CENTRE EN HORARI LECTIU<br \/>\n&nbsp;<br \/>\n1. MENOR ACOMPANYAT<br \/>\n1.1 Autoritzacions anuals (preventives)<br \/>\nPer tal que l&#8217;alumnat pugui sortir del centre en horari lectiu acompanyat d&#8217;un adult diferent del pare, mare o tutor\/a legal cal tenir una autoritzaci\u00f3. Podeu autoritzar persones de la vostra confian\u00e7a per tot&hellip;  <a href=\"https:\/\/agora.xtec.cat\/iesdecelra\/autoritzacions_horari_lectiu\/\" title=\"Read Autoritzacions\">Llegeix m\u00e9s\u00bb<\/a><\/p>\n","protected":false},"author":1,"featured_media":0,"parent":0,"menu_order":0,"comment_status":"closed","ping_status":"closed","template":"","meta":{"_bbp_topic_count":0,"_bbp_reply_count":0,"_bbp_total_topic_count":0,"_bbp_total_reply_count":0,"_bbp_voice_count":0,"_bbp_anonymous_reply_count":0,"_bbp_topic_count_hidden":0,"_bbp_reply_count_hidden":0,"_bbp_forum_subforum_count":0,"footnotes":""},"class_list":["post-11156","page","type-page","status-publish","hentry"],"post_mailing_queue_ids":[],"_links":{"self":[{"href":"https:\/\/agora.xtec.cat\/iesdecelra\/wp-json\/wp\/v2\/pages\/11156","targetHints":{"allow":["GET"]}}],"collection":[{"href":"https:\/\/agora.xtec.cat\/iesdecelra\/wp-json\/wp\/v2\/pages"}],"about":[{"href":"https:\/\/agora.xtec.cat\/iesdecelra\/wp-json\/wp\/v2\/types\/page"}],"author":[{"embeddable":true,"href":"https:\/\/agora.xtec.cat\/iesdecelra\/wp-json\/wp\/v2\/users\/1"}],"replies":[{"embeddable":true,"href":"https:\/\/agora.xtec.cat\/iesdecelra\/wp-json\/wp\/v2\/comments?post=11156"}],"version-history":[{"count":6,"href":"https:\/\/agora.xtec.cat\/iesdecelra\/wp-json\/wp\/v2\/pages\/11156\/revisions"}],"predecessor-version":[{"id":12798,"href":"https:\/\/agora.xtec.cat\/iesdecelra\/wp-json\/wp\/v2\/pages\/11156\/revisions\/12798"}],"wp:attachment":[{"href":"https:\/\/agora.xtec.cat\/iesdecelra\/wp-json\/wp\/v2\/media?parent=11156"}],"curies":[{"name":"wp","href":"https:\/\/api.w.org\/{rel}","templated":true}]}}

<h4><span style="font-weight: 400;">SORTIDA D’ALUMNAT DEL CENTRE EN HORARI LECTIU</span></h4>
<p>&nbsp;</p>
<h5><span style="font-weight: 400;">1. MENOR ACOMPANYAT</span></h5>
<h6>1.1 Autoritzacions anuals (preventives)</h6>
<p>Per tal que l&#8217;alumnat pugui sortir del centre en horari lectiu acompanyat d&#8217;un adult diferent del pare, mare o tutor/a legal cal tenir una autorització. Podeu autoritzar persones de la vostra confiança per tot el curs entregant el <a href="https://drive.google.com/file/d/1t9TMCCA0-kXGl0FsSxHxNveAoc2-CaIW/view?usp=sharing">document enllaçat</a> a secretaria.</p>
<h6>1.2 Autoritzacions puntuals (emergència)</h6>
<p>Si no heu autoritzat a ningú pel curs actual, o l&#8217;adult que el ve a recollir és diferent dels que heu autoritzat, caldrà que envieu<span style="font-weight: 400;"> un correu a </span><a href="mailto:iesdecelra@xtec.cat"><span style="font-weight: 400;">iesdecelra@xtec.cat</span></a><span style="font-weight: 400;"> amb el següent text degudament complimentat:</span></p>
<p><strong>Jo ____________________________________ amb DNI _____________ autoritzo al meu fill/a ____________________________________ a sortir del centre en horari lectiu el dia __________ i hora __________ amb l&#8217;acompanyament de ____________________________________ amb DNI _____________ com a adult responsable.</strong></p>
<p>&nbsp;</p>
<h5><span style="font-weight: 400;">2. MENOR NO ACOMPANYAT (NOMÉS PER ALUMNAT DE CELRÀ)</span></h5>
<p><span style="font-weight: 400;">En el cas que el vostre fill/a hagi de sortir de l’institut en hores lectives sense que el/la pugueu venir a buscar, per anar a un domicili de Celrà, caldrà que envieu un correu a </span><a href="mailto:iesdecelra@xtec.cat"><span style="font-weight: 400;">iesdecelra@xtec.cat</span></a><span style="font-weight: 400;"> amb el següent text degudament complimentat:</span></p>
<p><strong>Jo ____________________________________ amb DNI _____________ autoritzo al meu fill/a ____________________________________ a sortir del centre en horari lectiu el dia __________ i hora __________ sense l&#8217;acompanyament d&#8217;un adult.</strong></p>
<p>&nbsp;</p>
<h5><span style="font-weight: 400;">3. MAJOR D’EDAT</span></h5>
<p><span style="font-weight: 400;">No cal autorització.</span></p>

<p>SORTIDA D’ALUMNAT DEL CENTRE EN HORARI LECTIU<br />
&nbsp;<br />
1. MENOR ACOMPANYAT<br />
1.1 Autoritzacions anuals (preventives)<br />
Per tal que l&#8217;alumnat pugui sortir del centre en horari lectiu acompanyat d&#8217;un adult diferent del pare, mare o tutor/a legal cal tenir una autorització. Podeu autoritzar persones de la vostra confiança per tot&hellip;  <a href="https://agora.xtec.cat/iesdecelra/autoritzacions_horari_lectiu/" title="Read Autoritzacions">Llegeix més»</a></p>
