{"id":1062,"date":"2018-10-31T11:19:03","date_gmt":"2018-10-31T10:19:03","guid":{"rendered":"http:\/\/agora.xtec.cat\/iesdecelra\/?page_id=1062"},"modified":"2025-07-15T10:03:35","modified_gmt":"2025-07-15T08:03:35","slug":"presentacio","status":"publish","type":"page","link":"https:\/\/agora.xtec.cat\/iesdecelra\/families\/ampa\/presentacio\/","title":{"rendered":"Presentaci\u00f3"},"content":{"rendered":"<h4>ASSOCIACI\u00d3 DE FAM\u00cdLIES D&#8217;ALUMNES DE L\u2019INSTITUT DE CELR\u00c0<\/h4>\n<p><span style=\"font-weight: 400;\">L\u2019AFA representa la veu de les fam\u00edlies dins l\u2019institut i treballa per millorar l\u2019estada dels nostres fills en l\u2019etapa de secund\u00e0ria.<\/span><\/p>\n<p>&nbsp;<\/p>\n<h5>OBJECTIUS:<\/h5>\n<ul>\n<li><span style=\"font-weight: 400;\">Organitzaci\u00f3 d&#8217;activitats ( Diada de Sant Jordi, LLi\u00e7ons inaugurals, Diada de l&#8217;institut, Xerrades per a les fam\u00edlies, Xerrada d&#8217;orientaci\u00f3 a alumnes, Activitats de rob\u00f2tica, matem\u00e0tiques, etc.).<\/span><\/li>\n<li><span style=\"font-weight: 400;\">Ajudar econ\u00f2micament l&#8217;Institut per iniciar projectes, per a millorar la infraestructura inform\u00e0tica, el mobiliari, etc.<\/span><\/li>\n<li><span style=\"font-weight: 400;\">Ajudar als alumnes de les fam\u00edlies amb dificultats per tal que puguin participar amb normalitat en les activitats extraordin\u00e0ries.<\/span><\/li>\n<li><span style=\"font-weight: 400;\">Fer un seguiment de l&#8217;activitat educativa i proposar millores a la direcci\u00f3. Som presents al Consell Escolar, mantenim reunions peri\u00f2diques amb l&#8217;equip directiu i defensem conjuntament els interessos del centre.<\/span><\/li>\n<li><span style=\"font-weight: 400;\">Mantenir el Servei de Bibilioteca invertint cada any en la compra de llibres i cobrint les despeses generades per tenir-la oberta durant les hores del pati a disposici\u00f3 de tot l\u2019alumnat.<\/span><\/li>\n<\/ul>\n<p>&nbsp;<\/p>\n<h5>COM PUC PARTICIPAR-HI:<\/h5>\n<ul>\n<li><span style=\"font-weight: 400;\">Pagant la quota anual a l\u2019inici de curs. La quota \u00e9s familiar i nom\u00e9s cal pagar-la un cop, independentment del nombre de fills que estiguin estudiant a l\u2019institut.<\/span><\/li>\n<li><span style=\"font-weight: 400;\">A l\u2019inici de curs, assistint a l\u2019Assemblea en qu\u00e8 es fixen els objectius de l\u2019AFA per aquell any escolar.<\/span><\/li>\n<li><span style=\"font-weight: 400;\">Durant el curs, la junta de l\u2019AFA \u00e9s oberta a tothom qui vulgui participar-hi; es fa una reuni\u00f3 mensual.\u00a0<\/span><\/li>\n<li><span style=\"font-weight: 400;\">A final de curs, responent l\u2019enquesta que l\u2019AFA envia a totes les fam\u00edlies per valorar els resultats dels temes que s\u2019han dut a terme durant el curs.<\/span><\/li>\n<\/ul>\n<p>&nbsp;<\/p>\n<h5><span style=\"font-weight: 400;\">CORREU ELECTR\u00d2NIC:<\/span><\/h5>\n<p><span style=\"font-weight: 400;\">Ens podeu fer arribar qualsevol suggeriment a <strong><a href=\"mailto:afa@iesdecelra.cat\">afa@iesdecelra.cat<\/a><\/strong><\/span><\/p>\n","protected":false},"excerpt":{"rendered":"<p>ASSOCIACI\u00d3 DE FAM\u00cdLIES D&#8217;ALUMNES DE L\u2019INSTITUT DE CELR\u00c0<br \/>\nL\u2019AFA representa la veu de les fam\u00edlies dins l\u2019institut i treballa per millorar l\u2019estada dels nostres fills en l\u2019etapa de secund\u00e0ria.<br \/>\n&nbsp;<br \/>\nOBJECTIUS:<\/p>\n<ul>\n<li>Organitzaci\u00f3 d&#8217;activitats ( Diada de Sant Jordi, LLi\u00e7ons inaugurals, Diada de l&#8217;institut, Xerrades per a les fam\u00edlies, Xerrada&hellip;  <a href=\"https:\/\/agora.xtec.cat\/iesdecelra\/families\/ampa\/presentacio\/\" title=\"Read Presentaci\u00f3\">Llegeix m\u00e9s\u00bb<\/a><br \/>\n","protected":false},"author":1,"featured_media":0,"parent":946,"menu_order":0,"comment_status":"closed","ping_status":"closed","template":"page-templates\/side-menu.php","meta":{"_bbp_topic_count":0,"_bbp_reply_count":0,"_bbp_total_topic_count":0,"_bbp_total_reply_count":0,"_bbp_voice_count":0,"_bbp_anonymous_reply_count":0,"_bbp_topic_count_hidden":0,"_bbp_reply_count_hidden":0,"_bbp_forum_subforum_count":0,"footnotes":""},"class_list":["post-1062","page","type-page","status-publish","hentry"],"post_mailing_queue_ids":[],"_links":{"self":[{"href":"https:\/\/agora.xtec.cat\/iesdecelra\/wp-json\/wp\/v2\/pages\/1062","targetHints":{"allow":["GET"]}}],"collection":[{"href":"https:\/\/agora.xtec.cat\/iesdecelra\/wp-json\/wp\/v2\/pages"}],"about":[{"href":"https:\/\/agora.xtec.cat\/iesdecelra\/wp-json\/wp\/v2\/types\/page"}],"author":[{"embeddable":true,"href":"https:\/\/agora.xtec.cat\/iesdecelra\/wp-json\/wp\/v2\/users\/1"}],"replies":[{"embeddable":true,"href":"https:\/\/agora.xtec.cat\/iesdecelra\/wp-json\/wp\/v2\/comments?post=1062"}],"version-history":[{"count":7,"href":"https:\/\/agora.xtec.cat\/iesdecelra\/wp-json\/wp\/v2\/pages\/1062\/revisions"}],"predecessor-version":[{"id":12747,"href":"https:\/\/agora.xtec.cat\/iesdecelra\/wp-json\/wp\/v2\/pages\/1062\/revisions\/12747"}],"up":[{"embeddable":true,"href":"https:\/\/agora.xtec.cat\/iesdecelra\/wp-json\/wp\/v2\/pages\/946"}],"wp:attachment":[{"href":"https:\/\/agora.xtec.cat\/iesdecelra\/wp-json\/wp\/v2\/media?parent=1062"}],"curies":[{"name":"wp","href":"https:\/\/api.w.org\/{rel}","templated":true}]}}

Presentació

<h4>ASSOCIACIÓ DE FAMÍLIES D&#8217;ALUMNES DE L’INSTITUT DE CELRÀ</h4>
<p><span style="font-weight: 400;">L’AFA representa la veu de les famílies dins l’institut i treballa per millorar l’estada dels nostres fills en l’etapa de secundària.</span></p>
<p>&nbsp;</p>
<h5>OBJECTIUS:</h5>
<ul>
<li><span style="font-weight: 400;">Organització d&#8217;activitats ( Diada de Sant Jordi, LLiçons inaugurals, Diada de l&#8217;institut, Xerrades per a les famílies, Xerrada d&#8217;orientació a alumnes, Activitats de robòtica, matemàtiques, etc.).</span></li>
<li><span style="font-weight: 400;">Ajudar econòmicament l&#8217;Institut per iniciar projectes, per a millorar la infraestructura informàtica, el mobiliari, etc.</span></li>
<li><span style="font-weight: 400;">Ajudar als alumnes de les famílies amb dificultats per tal que puguin participar amb normalitat en les activitats extraordinàries.</span></li>
<li><span style="font-weight: 400;">Fer un seguiment de l&#8217;activitat educativa i proposar millores a la direcció. Som presents al Consell Escolar, mantenim reunions periòdiques amb l&#8217;equip directiu i defensem conjuntament els interessos del centre.</span></li>
<li><span style="font-weight: 400;">Mantenir el Servei de Bibilioteca invertint cada any en la compra de llibres i cobrint les despeses generades per tenir-la oberta durant les hores del pati a disposició de tot l’alumnat.</span></li>
</ul>
<p>&nbsp;</p>
<h5>COM PUC PARTICIPAR-HI:</h5>
<ul>
<li><span style="font-weight: 400;">Pagant la quota anual a l’inici de curs. La quota és familiar i només cal pagar-la un cop, independentment del nombre de fills que estiguin estudiant a l’institut.</span></li>
<li><span style="font-weight: 400;">A l’inici de curs, assistint a l’Assemblea en què es fixen els objectius de l’AFA per aquell any escolar.</span></li>
<li><span style="font-weight: 400;">Durant el curs, la junta de l’AFA és oberta a tothom qui vulgui participar-hi; es fa una reunió mensual. </span></li>
<li><span style="font-weight: 400;">A final de curs, responent l’enquesta que l’AFA envia a totes les famílies per valorar els resultats dels temes que s’han dut a terme durant el curs.</span></li>
</ul>
<p>&nbsp;</p>
<h5><span style="font-weight: 400;">CORREU ELECTRÒNIC:</span></h5>
<p><span style="font-weight: 400;">Ens podeu fer arribar qualsevol suggeriment a <strong><a href="mailto:afa@iesdecelra.cat">afa@iesdecelra.cat</a></strong></span></p>

<p>ASSOCIACIÓ DE FAMÍLIES D&#8217;ALUMNES DE L’INSTITUT DE CELRÀ<br />
L’AFA representa la veu de les famílies dins l’institut i treballa per millorar l’estada dels nostres fills en l’etapa de secundària.<br />
&nbsp;<br />
OBJECTIUS:</p>
<ul>
<li>Organització d&#8217;activitats ( Diada de Sant Jordi, LLiçons inaugurals, Diada de l&#8217;institut, Xerrades per a les famílies, Xerrada&hellip;  <a href="https://agora.xtec.cat/iesdecelra/families/ampa/presentacio/" title="Read Presentació">Llegeix més»</a><br />
