{"id":1061,"date":"2018-10-31T11:18:04","date_gmt":"2018-10-31T10:18:04","guid":{"rendered":"http:\/\/agora.xtec.cat\/iesdecelra\/?page_id=1061"},"modified":"2025-11-24T11:48:05","modified_gmt":"2025-11-24T10:48:05","slug":"consell-escolar-2","status":"publish","type":"page","link":"https:\/\/agora.xtec.cat\/iesdecelra\/linstitut\/consell-escolar-2\/","title":{"rendered":"Consell escolar"},"content":{"rendered":"<h4>COMPOSICI\u00d3 DEL CONSELL ESCOLAR 2025:<\/h4>\n<p>La composici\u00f3 del Consell Escolar per al per\u00edode 2025-2027 ser\u00e0 la seg\u00fcent:<\/p>\n<ul>\n<li>Francesc Gran\u00e9s Segret (Director)<\/li>\n<li>Llu\u00eds Camps Gimeno (Cap d&#8217;estudis)<\/li>\n<li>Arnau Torrent Freixa (Secretari)<\/li>\n<li>\u00cdria Mas\u00f3 Planas (Ajuntament)<\/li>\n<li>Danae Pereyra Molina\u00a0(PAS\/PAE)<\/li>\n<li>Marta Illa Oliveras (Junta AFA)<\/li>\n<li>Arlet Vidal Asturias (Alumnat)<\/li>\n<li>David Paredes Soler (Alumnat)<\/li>\n<li>\u00cdria Mart\u00ednez Garcia\u00a0(Alumnat)<\/li>\n<li>Agn\u00e8s Casadevall Franquesa (Fam\u00edlies)<\/li>\n<li>Anna Roca Casab\u00f3\u00a0(Fam\u00edlies)<\/li>\n<li>Neus Panella Pou (Fam\u00edlies)<\/li>\n<li>M\u00f2nica Barranco Baquero\u00a0(Professorat)<\/li>\n<li>Francesc Gonz\u00e0lez Planas (Professorat)<\/li>\n<li>Francesc Massich Vall (Professorat)<\/li>\n<li>Immaculada Garcia Sastre\u00a0(Professorat)<\/li>\n<li>Marta For\u00e9s Bosch (Professorat)<\/li>\n<li>Judit Ferrer Sastre (Professorat)<\/li>\n<\/ul>\n<p>&nbsp;<\/p>\n<h4><\/h4>\n<h4>FUNCIONS DEL CONSELL ESCOLAR:<\/h4>\n<p>Corresponen al consell escolar les funcions seg\u00fcents:<\/p>\n<ul>\n<li>Aprovar el projecte educatiu i les modificacions corresponents per una majoria de tres cinquenes parts dels membres.<\/li>\n<li>Aprovar la programaci\u00f3 general anual del centre i avaluar-ne el desenvolupament i els resultats.<\/li>\n<li>Aprovar les propostes d&#8217;acords de corresponsabilitat, convenis i altres acords de col\u00b7laboraci\u00f3 del centre amb entitats o institucions.<\/li>\n<li>Aprovar les normes d&#8217;organitzaci\u00f3 i funcionament i les modificacions corresponents.<\/li>\n<li>Aprovar la carta de comprom\u00eds educatiu.<\/li>\n<li>Aprovar el pressupost del centre i el rendiment de comptes.<\/li>\n<li>Intervenir en el procediment d&#8217;admissi\u00f3 d&#8217;alumnes.<\/li>\n<li>Participar en el procediment de selecci\u00f3 i en la proposta de cessament del director o directora.<\/li>\n<li>Intervenir en la resoluci\u00f3 dels conflictes i, si escau, revisar les sancions als alumnes.<\/li>\n<li>Aprovar les directrius per a la programaci\u00f3 d&#8217;activitats escolars complement\u00e0ries i d&#8217;activitats extraescolars, i avaluar-ne el desenvolupament.<\/li>\n<li>Participar en les an\u00e0lisis i les avaluacions del funcionament general del centre i con\u00e8ixer l&#8217;evoluci\u00f3 del rendiment escolar.<\/li>\n<li>Aprovar els criteris de col\u00b7laboraci\u00f3 amb altres centres i amb l&#8217;entorn.<\/li>\n<li>Qualsevol altra que li sigui atribu\u00efda per les normes legals o reglament\u00e0ries.<\/li>\n<\/ul>\n<hr \/>\n<p>&nbsp;<\/p>\n<p>&nbsp;<\/p>\n","protected":false},"excerpt":{"rendered":"<p>COMPOSICI\u00d3 DEL CONSELL ESCOLAR 2025:<br \/>\nLa composici\u00f3 del Consell Escolar per al per\u00edode 2025-2027 ser\u00e0 la seg\u00fcent:<\/p>\n<ul>\n<li>Francesc Gran\u00e9s Segret (Director)<\/li>\n<li>Llu\u00eds Camps Gimeno (Cap d&#8217;estudis)<\/li>\n<li>Arnau Torrent Freixa (Secretari)<\/li>\n<li>\u00cdria Mas\u00f3 Planas (Ajuntament)<\/li>\n<li>Danae Pereyra Molina\u00a0(PAS\/PAE)<\/li>\n<li>Marta Illa Oliveras (Junta AFA)<\/li>\n<li>Arlet Vidal Asturias (Alumnat)<\/li>\n<li>David Paredes Soler (Alumnat)<\/li>\n<li>\u00cdria Mart\u00ednez Garcia\u00a0(Alumnat)<\/li>\n<li>Agn\u00e8s Casadevall Franquesa&hellip;  <a href=\"https:\/\/agora.xtec.cat\/iesdecelra\/linstitut\/consell-escolar-2\/\" title=\"Read Consell escolar\">Llegeix m\u00e9s\u00bb<\/a><br \/>\n","protected":false},"author":1,"featured_media":0,"parent":19,"menu_order":75,"comment_status":"closed","ping_status":"closed","template":"page-templates\/side-menu.php","meta":{"_bbp_topic_count":0,"_bbp_reply_count":0,"_bbp_total_topic_count":0,"_bbp_total_reply_count":0,"_bbp_voice_count":0,"_bbp_anonymous_reply_count":0,"_bbp_topic_count_hidden":0,"_bbp_reply_count_hidden":0,"_bbp_forum_subforum_count":0,"footnotes":""},"class_list":["post-1061","page","type-page","status-publish","hentry"],"post_mailing_queue_ids":[],"_links":{"self":[{"href":"https:\/\/agora.xtec.cat\/iesdecelra\/wp-json\/wp\/v2\/pages\/1061","targetHints":{"allow":["GET"]}}],"collection":[{"href":"https:\/\/agora.xtec.cat\/iesdecelra\/wp-json\/wp\/v2\/pages"}],"about":[{"href":"https:\/\/agora.xtec.cat\/iesdecelra\/wp-json\/wp\/v2\/types\/page"}],"author":[{"embeddable":true,"href":"https:\/\/agora.xtec.cat\/iesdecelra\/wp-json\/wp\/v2\/users\/1"}],"replies":[{"embeddable":true,"href":"https:\/\/agora.xtec.cat\/iesdecelra\/wp-json\/wp\/v2\/comments?post=1061"}],"version-history":[{"count":6,"href":"https:\/\/agora.xtec.cat\/iesdecelra\/wp-json\/wp\/v2\/pages\/1061\/revisions"}],"predecessor-version":[{"id":13128,"href":"https:\/\/agora.xtec.cat\/iesdecelra\/wp-json\/wp\/v2\/pages\/1061\/revisions\/13128"}],"up":[{"embeddable":true,"href":"https:\/\/agora.xtec.cat\/iesdecelra\/wp-json\/wp\/v2\/pages\/19"}],"wp:attachment":[{"href":"https:\/\/agora.xtec.cat\/iesdecelra\/wp-json\/wp\/v2\/media?parent=1061"}],"curies":[{"name":"wp","href":"https:\/\/api.w.org\/{rel}","templated":true}]}}

<h4>COMPOSICIÓ DEL CONSELL ESCOLAR 2025:</h4>
<p>La composició del Consell Escolar per al període 2025-2027 serà la següent:</p>
<ul>
<li>Francesc Granés Segret (Director)</li>
<li>Lluís Camps Gimeno (Cap d&#8217;estudis)</li>
<li>Arnau Torrent Freixa (Secretari)</li>
<li>Íria Masó Planas (Ajuntament)</li>
<li>Danae Pereyra Molina (PAS/PAE)</li>
<li>Marta Illa Oliveras (Junta AFA)</li>
<li>Arlet Vidal Asturias (Alumnat)</li>
<li>David Paredes Soler (Alumnat)</li>
<li>Íria Martínez Garcia (Alumnat)</li>
<li>Agnès Casadevall Franquesa (Famílies)</li>
<li>Anna Roca Casabó (Famílies)</li>
<li>Neus Panella Pou (Famílies)</li>
<li>Mònica Barranco Baquero (Professorat)</li>
<li>Francesc Gonzàlez Planas (Professorat)</li>
<li>Francesc Massich Vall (Professorat)</li>
<li>Immaculada Garcia Sastre (Professorat)</li>
<li>Marta Forés Bosch (Professorat)</li>
<li>Judit Ferrer Sastre (Professorat)</li>
</ul>
<p>&nbsp;</p>
<h4></h4>
<h4>FUNCIONS DEL CONSELL ESCOLAR:</h4>
<p>Corresponen al consell escolar les funcions següents:</p>
<ul>
<li>Aprovar el projecte educatiu i les modificacions corresponents per una majoria de tres cinquenes parts dels membres.</li>
<li>Aprovar la programació general anual del centre i avaluar-ne el desenvolupament i els resultats.</li>
<li>Aprovar les propostes d&#8217;acords de corresponsabilitat, convenis i altres acords de col·laboració del centre amb entitats o institucions.</li>
<li>Aprovar les normes d&#8217;organització i funcionament i les modificacions corresponents.</li>
<li>Aprovar la carta de compromís educatiu.</li>
<li>Aprovar el pressupost del centre i el rendiment de comptes.</li>
<li>Intervenir en el procediment d&#8217;admissió d&#8217;alumnes.</li>
<li>Participar en el procediment de selecció i en la proposta de cessament del director o directora.</li>
<li>Intervenir en la resolució dels conflictes i, si escau, revisar les sancions als alumnes.</li>
<li>Aprovar les directrius per a la programació d&#8217;activitats escolars complementàries i d&#8217;activitats extraescolars, i avaluar-ne el desenvolupament.</li>
<li>Participar en les anàlisis i les avaluacions del funcionament general del centre i conèixer l&#8217;evolució del rendiment escolar.</li>
<li>Aprovar els criteris de col·laboració amb altres centres i amb l&#8217;entorn.</li>
<li>Qualsevol altra que li sigui atribuïda per les normes legals o reglamentàries.</li>
</ul>
<hr />
<p>&nbsp;</p>
<p>&nbsp;</p>

<p>COMPOSICIÓ DEL CONSELL ESCOLAR 2025:<br />
La composició del Consell Escolar per al període 2025-2027 serà la següent:</p>
<ul>
<li>Francesc Granés Segret (Director)</li>
<li>Lluís Camps Gimeno (Cap d&#8217;estudis)</li>
<li>Arnau Torrent Freixa (Secretari)</li>
<li>Íria Masó Planas (Ajuntament)</li>
<li>Danae Pereyra Molina (PAS/PAE)</li>
<li>Marta Illa Oliveras (Junta AFA)</li>
<li>Arlet Vidal Asturias (Alumnat)</li>
<li>David Paredes Soler (Alumnat)</li>
<li>Íria Martínez Garcia (Alumnat)</li>
<li>Agnès Casadevall Franquesa&hellip;  <a href="https://agora.xtec.cat/iesdecelra/linstitut/consell-escolar-2/" title="Read Consell escolar">Llegeix més»</a><br />
