{"id":10300,"date":"2024-01-25T09:52:08","date_gmt":"2024-01-25T08:52:08","guid":{"rendered":"https:\/\/agora.xtec.cat\/iesdecelra\/?page_id=10300"},"modified":"2026-01-19T14:03:51","modified_gmt":"2026-01-19T13:03:51","slug":"proves-geso","status":"publish","type":"page","link":"https:\/\/agora.xtec.cat\/iesdecelra\/serveis\/proves-geso\/","title":{"rendered":"Proves GESO"},"content":{"rendered":"<p>Cada any es convoca la prova per a l&#8217;obtenci\u00f3 del t\u00edtol de graduat o graduada en educaci\u00f3 secund\u00e0ria obligat\u00f2ria (GESO), per als alumnes que no l&#8217;hagin obtingut en finalitzar l&#8217;etapa. Per poder-s\u2019hi presentar l\u2019alumne o alumna ha d\u2019haver finalitzat l\u2019etapa durant un dels dos cursos anteriors al qual es presenti a la prova.<\/p>\n<p>\u200b<a title=\"Descarrega word\" href=\"https:\/\/documents.espai.educacio.gencat.cat\/FormularisModels\/CentresGestioAcademica\/A665.pdf\" target=\"_blank\" rel=\"noopener\"><img decoding=\"async\" class=\"ms-asset-icon ms-rtePosition-4\" src=\"https:\/\/espai.educacio.gencat.cat\/_layouts\/images\/icpdf.png\" alt=\"\" \/>Impr\u00e8s de sol\u00b7licitud<\/a><\/p>\n<h2 id=\"h21\">Alumnes que poden presentar-s&#8217;hi<\/h2>\n<p>Els alumnes han de reunir un dels requisits seg\u00fcents per poder presentar-se a aquesta prova l\u2019any 2026:<\/p>\n<ul>\n<li>Tenir almenys 18 anys o complir-los dins de l&#8217;any 2026. L\u2019edat requerida es podr\u00e0 rebaixar fins als setze anys sempre que l\u2019alumne o alumna compleixi alguna de les condicions seg\u00fcents:<\/li>\n<\/ul>\n<p>&#8211; Tenir un contracte laboral que l\u2019impedeixi assistir al centre en r\u00e8gim ordinari.<\/p>\n<p>&#8211; Trobar-se en proc\u00e9s d&#8217;obtenci\u00f3 d&#8217;un perm\u00eds de treball.<\/p>\n<p>&#8211;\u00a0Ser esportista d&#8217;alt rendiment. En aquest cas, caldr\u00e0 presentar una certificaci\u00f3 del Consell Catal\u00e0 de l\u2019Esport que acrediti que aquests esportistes figuren en el programa de tecnificaci\u00f3 (ARC) de la federaci\u00f3 catalana corresponent.<\/p>\n<p>&#8211; Tenir un expedient d\u2019homologaci\u00f3 obert d\u2019estudis estrangers al t\u00edtol de GESO.<\/p>\n<ul>\n<li>Haver finalitzat l\u2019ESO l\u2019any 2024 o 2025 sense haver obtingut el t\u00edtol.<\/li>\n<li>Haver finalitzat l\u2019equivalent del quart curs de l\u2019educaci\u00f3 secund\u00e0ria obligat\u00f2ria en un sistema educatiu estranger amb mat\u00e8ries amb avaluaci\u00f3 negativa en cursos anteriors.<\/li>\n<li>De manera excepcional, tamb\u00e9 s\u2019hi poden acollir alumnes amb informe de reconeixement de necessitats educatives especials, em\u00e8s per l\u2019equip d\u2019assessorament psicopedag\u00f2gic (EAP), per als quals es va elaborar un pla de suport individualitzat durant el per\u00edode compr\u00e8s entre els cursos 2018-2019 i 2023-2024.<\/li>\n<\/ul>\n<p>En aplicaci\u00f3 d\u2019aquests requisits, queden exclosos de la prova els alumnes inscrits per repetir quart d\u2019ESO en el present curs 2025-2026.<\/p>\n<p>D\u2019altra banda, els alumnes que estan matriculats en ensenyaments d&#8217;adults o a l&#8217;Institut Obert de Catalunya hi poden conc\u00f3rrer, sempre que compleixin els requisits abans esmentats.<\/p>\n<h2 id=\"h22\">Calendari del procediment<\/h2>\n<p><img loading=\"lazy\" decoding=\"async\" class=\"aligncenter size-full wp-image-13322\" src=\"https:\/\/agora.xtec.cat\/iesdecelra\/wp-content\/uploads\/usu1789\/2026\/01\/Captura-de-pantalla-2026-01-19-140130BONA.png\" alt=\"\" width=\"945\" height=\"601\" srcset=\"https:\/\/agora.xtec.cat\/iesdecelra\/wp-content\/uploads\/usu1789\/2026\/01\/Captura-de-pantalla-2026-01-19-140130BONA.png 945w, https:\/\/agora.xtec.cat\/iesdecelra\/wp-content\/uploads\/usu1789\/2026\/01\/Captura-de-pantalla-2026-01-19-140130BONA-300x191.png 300w, https:\/\/agora.xtec.cat\/iesdecelra\/wp-content\/uploads\/usu1789\/2026\/01\/Captura-de-pantalla-2026-01-19-140130BONA-768x488.png 768w\" sizes=\"auto, (max-width: 945px) 100vw, 945px\" \/><\/p>\n<p>&nbsp;<\/p>\n<p>El\u00a0<strong>dia de la prova<\/strong>, els alumnes han de portar l&#8217;original del DNI, targeta de resid\u00e8ncia, passaport o qualsevol altre document identificatiu oficial en vigor. El temps m\u00ednim per fer-la \u00e9s de 60 minuts per a cada mat\u00e8ria. Es poden portar diccionaris i\/o calculadora.<\/p>\n<p><em>Per qualsevol consulta contacteu amb la secretaria del centre al tel\u00e8fon 972 49 24 05 o per correu electr\u00f2nic a iesdecelra@xtec.cat.<\/em><\/p>\n<h2 id=\"h27\">Normativa<\/h2>\n<ul class=\"list-group\" role=\"list\">\n<li class=\"list-group-item\" role=\"listitem\"><img decoding=\"async\" src=\"https:\/\/educacio.gencat.cat\/web\/resources\/fwkResponsive\/fpca_article\/img\/icona-24-dark-chevron-right-thin-b.svg\" alt=\"\" \/><a class=\"\" style=\"font-family: inherit; font-size: 1em;\" title=\"Aquest enlla\u00e7 s'obre en una nova pestanya: Consulta la normativa al DOGC\" href=\"https:\/\/dogc.gencat.cat\/ca\/document-del-dogc\/?documentId=938401\" target=\"_blank\" rel=\"noopener\"><span class=\"list-group-item-wrapper-content\">Decret 175\/2022, de 27 de setembre,<\/span>\u00a0<span class=\"sr-only\">(Obre en una nova finestra)<\/span><\/a>\n<div class=\"list-group__contentwrapper\">\n<div class=\"descEnllac\">\n<p>d&#8217;ordenaci\u00f3 dels ensenyaments de l&#8217;educaci\u00f3 b\u00e0sica (DOGC n\u00fam. 8762, 29.9.2022)<\/p>\n<\/div>\n<\/div>\n<\/li>\n<li class=\"list-group-item\" role=\"listitem\"><img decoding=\"async\" src=\"https:\/\/educacio.gencat.cat\/web\/resources\/fwkResponsive\/fpca_article\/img\/icona-24-dark-chevron-right-thin-b.svg\" alt=\"\" \/><a style=\"font-family: inherit; font-size: 1em;\" title=\"Ves al DOGC\" href=\"https:\/\/dogc.gencat.cat\/ca\/document-del-dogc\/?documentId=991146\" target=\"_blank\" rel=\"noopener\">Resoluci\u00f3\u00a0EDU\/2730\/2024<\/a><span style=\"font-family: inherit; font-size: 1em;\">, de 16 de juliol, per la qual es regula la convocat\u00f2ria anual de la prova per a l&#8217;obtenci\u00f3 del t\u00edtol de graduat o graduada en educaci\u00f3 secund\u00e0ria obligat\u00f2ria per a l&#8217;alumnat que no l&#8217;hagi obtingut en finalitzar l&#8217;etapa esmentada.\u200b\u200b\u200b<\/span>\n<div><\/div>\n<\/li>\n<\/ul>\n<p>&nbsp;<\/p>\n","protected":false},"excerpt":{"rendered":"<p>Cada any es convoca la prova per a l&#8217;obtenci\u00f3 del t\u00edtol de graduat o graduada en educaci\u00f3 secund\u00e0ria obligat\u00f2ria (GESO), per als alumnes que no l&#8217;hagin obtingut en finalitzar l&#8217;etapa. Per poder-s\u2019hi presentar l\u2019alumne o alumna ha d\u2019haver finalitzat l\u2019etapa durant un dels dos cursos&hellip;  <a href=\"https:\/\/agora.xtec.cat\/iesdecelra\/serveis\/proves-geso\/\" title=\"Read Proves GESO\">Llegeix m\u00e9s\u00bb<\/a><\/p>\n","protected":false},"author":1,"featured_media":0,"parent":63,"menu_order":7,"comment_status":"closed","ping_status":"closed","template":"page-templates\/side-menu.php","meta":{"_bbp_topic_count":0,"_bbp_reply_count":0,"_bbp_total_topic_count":0,"_bbp_total_reply_count":0,"_bbp_voice_count":0,"_bbp_anonymous_reply_count":0,"_bbp_topic_count_hidden":0,"_bbp_reply_count_hidden":0,"_bbp_forum_subforum_count":0,"footnotes":""},"class_list":["post-10300","page","type-page","status-publish","hentry"],"post_mailing_queue_ids":[],"_links":{"self":[{"href":"https:\/\/agora.xtec.cat\/iesdecelra\/wp-json\/wp\/v2\/pages\/10300","targetHints":{"allow":["GET"]}}],"collection":[{"href":"https:\/\/agora.xtec.cat\/iesdecelra\/wp-json\/wp\/v2\/pages"}],"about":[{"href":"https:\/\/agora.xtec.cat\/iesdecelra\/wp-json\/wp\/v2\/types\/page"}],"author":[{"embeddable":true,"href":"https:\/\/agora.xtec.cat\/iesdecelra\/wp-json\/wp\/v2\/users\/1"}],"replies":[{"embeddable":true,"href":"https:\/\/agora.xtec.cat\/iesdecelra\/wp-json\/wp\/v2\/comments?post=10300"}],"version-history":[{"count":6,"href":"https:\/\/agora.xtec.cat\/iesdecelra\/wp-json\/wp\/v2\/pages\/10300\/revisions"}],"predecessor-version":[{"id":13323,"href":"https:\/\/agora.xtec.cat\/iesdecelra\/wp-json\/wp\/v2\/pages\/10300\/revisions\/13323"}],"up":[{"embeddable":true,"href":"https:\/\/agora.xtec.cat\/iesdecelra\/wp-json\/wp\/v2\/pages\/63"}],"wp:attachment":[{"href":"https:\/\/agora.xtec.cat\/iesdecelra\/wp-json\/wp\/v2\/media?parent=10300"}],"curies":[{"name":"wp","href":"https:\/\/api.w.org\/{rel}","templated":true}]}}

<p>Cada any es convoca la prova per a l&#8217;obtenció del títol de graduat o graduada en educació secundària obligatòria (GESO), per als alumnes que no l&#8217;hagin obtingut en finalitzar l&#8217;etapa. Per poder-s’hi presentar l’alumne o alumna ha d’haver finalitzat l’etapa durant un dels dos cursos anteriors al qual es presenti a la prova.</p>
<p>​<a title="Descarrega word" href="https://documents.espai.educacio.gencat.cat/FormularisModels/CentresGestioAcademica/A665.pdf" target="_blank" rel="noopener"><img decoding="async" class="ms-asset-icon ms-rtePosition-4" src="https://espai.educacio.gencat.cat/_layouts/images/icpdf.png" alt="" />Imprès de sol·licitud</a></p>
<h2 id="h21">Alumnes que poden presentar-s&#8217;hi</h2>
<p>Els alumnes han de reunir un dels requisits següents per poder presentar-se a aquesta prova l’any 2026:</p>
<ul>
<li>Tenir almenys 18 anys o complir-los dins de l&#8217;any 2026. L’edat requerida es podrà rebaixar fins als setze anys sempre que l’alumne o alumna compleixi alguna de les condicions següents:</li>
</ul>
<p>&#8211; Tenir un contracte laboral que l’impedeixi assistir al centre en règim ordinari.</p>
<p>&#8211; Trobar-se en procés d&#8217;obtenció d&#8217;un permís de treball.</p>
<p>&#8211; Ser esportista d&#8217;alt rendiment. En aquest cas, caldrà presentar una certificació del Consell Català de l’Esport que acrediti que aquests esportistes figuren en el programa de tecnificació (ARC) de la federació catalana corresponent.</p>
<p>&#8211; Tenir un expedient d’homologació obert d’estudis estrangers al títol de GESO.</p>
<ul>
<li>Haver finalitzat l’ESO l’any 2024 o 2025 sense haver obtingut el títol.</li>
<li>Haver finalitzat l’equivalent del quart curs de l’educació secundària obligatòria en un sistema educatiu estranger amb matèries amb avaluació negativa en cursos anteriors.</li>
<li>De manera excepcional, també s’hi poden acollir alumnes amb informe de reconeixement de necessitats educatives especials, emès per l’equip d’assessorament psicopedagògic (EAP), per als quals es va elaborar un pla de suport individualitzat durant el període comprès entre els cursos 2018-2019 i 2023-2024.</li>
</ul>
<p>En aplicació d’aquests requisits, queden exclosos de la prova els alumnes inscrits per repetir quart d’ESO en el present curs 2025-2026.</p>
<p>D’altra banda, els alumnes que estan matriculats en ensenyaments d&#8217;adults o a l&#8217;Institut Obert de Catalunya hi poden concórrer, sempre que compleixin els requisits abans esmentats.</p>
<h2 id="h22">Calendari del procediment</h2>
<p><img loading="lazy" decoding="async" class="aligncenter size-full wp-image-13322" src="https://agora.xtec.cat/iesdecelra/wp-content/uploads/usu1789/2026/01/Captura-de-pantalla-2026-01-19-140130BONA.png" alt="" width="945" height="601" srcset="https://agora.xtec.cat/iesdecelra/wp-content/uploads/usu1789/2026/01/Captura-de-pantalla-2026-01-19-140130BONA.png 945w, https://agora.xtec.cat/iesdecelra/wp-content/uploads/usu1789/2026/01/Captura-de-pantalla-2026-01-19-140130BONA-300x191.png 300w, https://agora.xtec.cat/iesdecelra/wp-content/uploads/usu1789/2026/01/Captura-de-pantalla-2026-01-19-140130BONA-768x488.png 768w" sizes="auto, (max-width: 945px) 100vw, 945px" /></p>
<p>&nbsp;</p>
<p>El <strong>dia de la prova</strong>, els alumnes han de portar l&#8217;original del DNI, targeta de residència, passaport o qualsevol altre document identificatiu oficial en vigor. El temps mínim per fer-la és de 60 minuts per a cada matèria. Es poden portar diccionaris i/o calculadora.</p>
<p><em>Per qualsevol consulta contacteu amb la secretaria del centre al telèfon 972 49 24 05 o per correu electrònic a iesdecelra@xtec.cat.</em></p>
<h2 id="h27">Normativa</h2>
<ul class="list-group" role="list">
<li class="list-group-item" role="listitem"><img decoding="async" src="https://educacio.gencat.cat/web/resources/fwkResponsive/fpca_article/img/icona-24-dark-chevron-right-thin-b.svg" alt="" /><a class="" style="font-family: inherit; font-size: 1em;" title="Aquest enllaç s'obre en una nova pestanya: Consulta la normativa al DOGC" href="https://dogc.gencat.cat/ca/document-del-dogc/?documentId=938401" target="_blank" rel="noopener"><span class="list-group-item-wrapper-content">Decret 175/2022, de 27 de setembre,</span> <span class="sr-only">(Obre en una nova finestra)</span></a>
<div class="list-group__contentwrapper">
<div class="descEnllac">
<p>d&#8217;ordenació dels ensenyaments de l&#8217;educació bàsica (DOGC núm. 8762, 29.9.2022)</p>
</div>
</div>
</li>
<li class="list-group-item" role="listitem"><img decoding="async" src="https://educacio.gencat.cat/web/resources/fwkResponsive/fpca_article/img/icona-24-dark-chevron-right-thin-b.svg" alt="" /><a style="font-family: inherit; font-size: 1em;" title="Ves al DOGC" href="https://dogc.gencat.cat/ca/document-del-dogc/?documentId=991146" target="_blank" rel="noopener">Resolució EDU/2730/2024</a><span style="font-family: inherit; font-size: 1em;">, de 16 de juliol, per la qual es regula la convocatòria anual de la prova per a l&#8217;obtenció del títol de graduat o graduada en educació secundària obligatòria per a l&#8217;alumnat que no l&#8217;hagi obtingut en finalitzar l&#8217;etapa esmentada.​​​</span>
<div></div>
</li>
</ul>
<p>&nbsp;</p>

<p>Cada any es convoca la prova per a l&#8217;obtenció del títol de graduat o graduada en educació secundària obligatòria (GESO), per als alumnes que no l&#8217;hagin obtingut en finalitzar l&#8217;etapa. Per poder-s’hi presentar l’alumne o alumna ha d’haver finalitzat l’etapa durant un dels dos cursos&hellip;  <a href="https://agora.xtec.cat/iesdecelra/serveis/proves-geso/" title="Read Proves GESO">Llegeix més»</a></p>
