{"id":988,"date":"2024-04-03T10:38:25","date_gmt":"2024-04-03T08:38:25","guid":{"rendered":"https:\/\/agora.xtec.cat\/iesdauro\/?page_id=988"},"modified":"2024-04-05T09:37:17","modified_gmt":"2024-04-05T07:37:17","slug":"objectius-de-lestrategia-digital","status":"publish","type":"page","link":"https:\/\/agora.xtec.cat\/iesdauro\/normes-dorganitzacio-i-funcionament\/estrategia\/objectius-de-lestrategia-digital\/","title":{"rendered":"Objectius de l&#8217;estrat\u00e8gia digital"},"content":{"rendered":"<p>A l&#8217;Institut d&#8217;Auro, d&#8217;acord amb la visi\u00f3 recollida en el projecte educatiu, sempre hem apostat per l&#8217;\u00fas de les noves tecnologies en l&#8217;\u00e0mbit educatiu i de gesti\u00f3 aix\u00ed com a canal de comunicaci\u00f3 entre tots els membres de la comunitat educativa. Per aquest motiu al llarg dels anys hem anat incorporant i adaptant-nos als diferents plans d&#8217;innovaci\u00f3 tecnol\u00f2gica que s&#8217;han anat desenvolupant: pla TIC, pla TAC i actualment el Pla d&#8217;educaci\u00f3 digital de Catalunya. Dins d&#8217;aquest pla s&#8217;ha establert l&#8217;Estrat\u00e8gia Digital de Centre (EDC) que recull els seg\u00fcents objectius.<\/p>\n<p>Els objectius del projecte s\u00f3n:<\/p>\n<ol>\n<li>Promoure\/potenciar els entorns digitals per facilitar la comunicaci\u00f3 fam\u00edlia-centre<\/li>\n<li>Ajudar les fam\u00edlies a gestionar els entorns virtuals del centre<\/li>\n<li>Aprofundir en l&#8217;\u00fas de les eines digitals utilitzades al centre per millorar la CD dels alumnes<\/li>\n<li>Augmentar i potenciar la formaci\u00f3 del claustre per millorar la CDD (concretar-ho en alguns aspectes, avaluaci\u00f3, \u00fas de l&#8217;EVA, inclusi\u00f3 DUA, &#8230;)<\/li>\n<li>Millorar la infraestructura del centre per defensar-se de possibles atacs al sistema inform\u00e0tic o de caigudes de tensi\u00f3.<\/li>\n<\/ol>\n","protected":false},"excerpt":{"rendered":"<p>A l&#8217;Institut d&#8217;Auro, d&#8217;acord amb la visi\u00f3 recollida en el projecte educatiu, sempre hem apostat per l&#8217;\u00fas de les noves tecnologies en l&#8217;\u00e0mbit educatiu i de gesti\u00f3 aix\u00ed com a canal de comunicaci\u00f3 entre tots els membres de la comunitat educativa. Per aquest motiu al llarg dels anys hem anat incorporant i adaptant-nos als diferents [&hellip;]<\/p>\n","protected":false},"author":1,"featured_media":0,"parent":979,"menu_order":0,"comment_status":"closed","ping_status":"closed","template":"page-templates\/side-menu.php","meta":{"_bbp_topic_count":0,"_bbp_reply_count":0,"_bbp_total_topic_count":0,"_bbp_total_reply_count":0,"_bbp_voice_count":0,"_bbp_anonymous_reply_count":0,"_bbp_topic_count_hidden":0,"_bbp_reply_count_hidden":0,"_bbp_forum_subforum_count":0,"site-sidebar-layout":"default","site-content-layout":"","ast-site-content-layout":"","site-content-style":"default","site-sidebar-style":"default","ast-global-header-display":"","ast-banner-title-visibility":"","ast-main-header-display":"","ast-hfb-above-header-display":"","ast-hfb-below-header-display":"","ast-hfb-mobile-header-display":"","site-post-title":"","ast-breadcrumbs-content":"","ast-featured-img":"","footer-sml-layout":"","theme-transparent-header-meta":"","adv-header-id-meta":"","stick-header-meta":"","header-above-stick-meta":"","header-main-stick-meta":"","header-below-stick-meta":"","astra-migrate-meta-layouts":"default","ast-page-background-enabled":"default","ast-page-background-meta":{"desktop":{"background-color":"var(--ast-global-color-4)","background-image":"","background-repeat":"repeat","background-position":"center center","background-size":"auto","background-attachment":"scroll","background-type":"","background-media":"","overlay-type":"","overlay-color":"","overlay-opacity":"","overlay-gradient":""},"tablet":{"background-color":"","background-image":"","background-repeat":"repeat","background-position":"center center","background-size":"auto","background-attachment":"scroll","background-type":"","background-media":"","overlay-type":"","overlay-color":"","overlay-opacity":"","overlay-gradient":""},"mobile":{"background-color":"","background-image":"","background-repeat":"repeat","background-position":"center center","background-size":"auto","background-attachment":"scroll","background-type":"","background-media":"","overlay-type":"","overlay-color":"","overlay-opacity":"","overlay-gradient":""}},"ast-content-background-meta":{"desktop":{"background-color":"var(--ast-global-color-5)","background-image":"","background-repeat":"repeat","background-position":"center center","background-size":"auto","background-attachment":"scroll","background-type":"","background-media":"","overlay-type":"","overlay-color":"","overlay-opacity":"","overlay-gradient":""},"tablet":{"background-color":"var(--ast-global-color-5)","background-image":"","background-repeat":"repeat","background-position":"center center","background-size":"auto","background-attachment":"scroll","background-type":"","background-media":"","overlay-type":"","overlay-color":"","overlay-opacity":"","overlay-gradient":""},"mobile":{"background-color":"var(--ast-global-color-5)","background-image":"","background-repeat":"repeat","background-position":"center center","background-size":"auto","background-attachment":"scroll","background-type":"","background-media":"","overlay-type":"","overlay-color":"","overlay-opacity":"","overlay-gradient":""}},"footnotes":""},"class_list":["post-988","page","type-page","status-publish","hentry"],"post_mailing_queue_ids":[],"_links":{"self":[{"href":"https:\/\/agora.xtec.cat\/iesdauro\/wp-json\/wp\/v2\/pages\/988","targetHints":{"allow":["GET"]}}],"collection":[{"href":"https:\/\/agora.xtec.cat\/iesdauro\/wp-json\/wp\/v2\/pages"}],"about":[{"href":"https:\/\/agora.xtec.cat\/iesdauro\/wp-json\/wp\/v2\/types\/page"}],"author":[{"embeddable":true,"href":"https:\/\/agora.xtec.cat\/iesdauro\/wp-json\/wp\/v2\/users\/1"}],"replies":[{"embeddable":true,"href":"https:\/\/agora.xtec.cat\/iesdauro\/wp-json\/wp\/v2\/comments?post=988"}],"version-history":[{"count":2,"href":"https:\/\/agora.xtec.cat\/iesdauro\/wp-json\/wp\/v2\/pages\/988\/revisions"}],"predecessor-version":[{"id":1041,"href":"https:\/\/agora.xtec.cat\/iesdauro\/wp-json\/wp\/v2\/pages\/988\/revisions\/1041"}],"up":[{"embeddable":true,"href":"https:\/\/agora.xtec.cat\/iesdauro\/wp-json\/wp\/v2\/pages\/979"}],"wp:attachment":[{"href":"https:\/\/agora.xtec.cat\/iesdauro\/wp-json\/wp\/v2\/media?parent=988"}],"curies":[{"name":"wp","href":"https:\/\/api.w.org\/{rel}","templated":true}]}}

Objectius de l&#8217;estratègia digital

<p>A l&#8217;Institut d&#8217;Auro, d&#8217;acord amb la visió recollida en el projecte educatiu, sempre hem apostat per l&#8217;ús de les noves tecnologies en l&#8217;àmbit educatiu i de gestió així com a canal de comunicació entre tots els membres de la comunitat educativa. Per aquest motiu al llarg dels anys hem anat incorporant i adaptant-nos als diferents plans d&#8217;innovació tecnològica que s&#8217;han anat desenvolupant: pla TIC, pla TAC i actualment el Pla d&#8217;educació digital de Catalunya. Dins d&#8217;aquest pla s&#8217;ha establert l&#8217;Estratègia Digital de Centre (EDC) que recull els següents objectius.</p>
<p>Els objectius del projecte són:</p>
<ol>
<li>Promoure/potenciar els entorns digitals per facilitar la comunicació família-centre</li>
<li>Ajudar les famílies a gestionar els entorns virtuals del centre</li>
<li>Aprofundir en l&#8217;ús de les eines digitals utilitzades al centre per millorar la CD dels alumnes</li>
<li>Augmentar i potenciar la formació del claustre per millorar la CDD (concretar-ho en alguns aspectes, avaluació, ús de l&#8217;EVA, inclusió DUA, &#8230;)</li>
<li>Millorar la infraestructura del centre per defensar-se de possibles atacs al sistema informàtic o de caigudes de tensió.</li>
</ol>

<p>A l&#8217;Institut d&#8217;Auro, d&#8217;acord amb la visió recollida en el projecte educatiu, sempre hem apostat per l&#8217;ús de les noves tecnologies en l&#8217;àmbit educatiu i de gestió així com a canal de comunicació entre tots els membres de la comunitat educativa. Per aquest motiu al llarg dels anys hem anat incorporant i adaptant-nos als diferents [&hellip;]</p>
