{"id":658,"date":"2024-02-06T20:11:00","date_gmt":"2024-02-06T19:11:00","guid":{"rendered":"https:\/\/agora.xtec.cat\/iesdauro\/?page_id=658"},"modified":"2024-02-06T20:11:00","modified_gmt":"2024-02-06T19:11:00","slug":"que-fa-lafa","status":"publish","type":"page","link":"https:\/\/agora.xtec.cat\/iesdauro\/families\/afa\/que-fa-lafa\/","title":{"rendered":"Qu\u00e8 fa l&#8217;AFA?"},"content":{"rendered":"<p dir=\"ltr\">L\u2019AFA est\u00e0 formada per mares i pares d\u2019alumnes de l\u2019institut i t\u00e9 com a finalitat col\u00b7laborar amb el professorat per donar als nostres fills i filles la millor educaci\u00f3.<\/p>\n<p dir=\"ltr\">L&#8217;AFA participa en el Consell Escolar i organitza una s\u00e8rie d&#8217;activitats i serveis: cessi\u00f3 d\u2019armariets, gesti\u00f3 dels llibres digitals i en paper, suport inform\u00e0tic, organitzaci\u00f3 d&#8217;activitats extraescolars, formaci\u00f3 per fam\u00edlies&#8230; Per a poder fer \u00fas d&#8217;aquests serveis, cal pagar una quota anual per fam\u00edlia.<\/p>\n<p style=\"text-align: justify;\"><a href=\"https:\/\/drive.google.com\/file\/d\/17NY0kby4WbHK_ojiq_7tGiRuqBvvVVYh\/view?usp=sharing\">Contracte de lloguer d&#8217;armariets<\/a><\/p>\n","protected":false},"excerpt":{"rendered":"<p>L\u2019AFA est\u00e0 formada per mares i pares d\u2019alumnes de l\u2019institut i t\u00e9 com a finalitat col\u00b7laborar amb el professorat per donar als nostres fills i filles la millor educaci\u00f3. L&#8217;AFA participa en el Consell Escolar i organitza una s\u00e8rie d&#8217;activitats i serveis: cessi\u00f3 d\u2019armariets, gesti\u00f3 dels llibres digitals i en paper, suport inform\u00e0tic, organitzaci\u00f3 d&#8217;activitats [&hellip;]<\/p>\n","protected":false},"author":1,"featured_media":0,"parent":650,"menu_order":0,"comment_status":"closed","ping_status":"closed","template":"page-templates\/side-menu.php","meta":{"_bbp_topic_count":0,"_bbp_reply_count":0,"_bbp_total_topic_count":0,"_bbp_total_reply_count":0,"_bbp_voice_count":0,"_bbp_anonymous_reply_count":0,"_bbp_topic_count_hidden":0,"_bbp_reply_count_hidden":0,"_bbp_forum_subforum_count":0,"site-sidebar-layout":"default","site-content-layout":"","ast-site-content-layout":"","site-content-style":"default","site-sidebar-style":"default","ast-global-header-display":"","ast-banner-title-visibility":"","ast-main-header-display":"","ast-hfb-above-header-display":"","ast-hfb-below-header-display":"","ast-hfb-mobile-header-display":"","site-post-title":"","ast-breadcrumbs-content":"","ast-featured-img":"","footer-sml-layout":"","theme-transparent-header-meta":"","adv-header-id-meta":"","stick-header-meta":"","header-above-stick-meta":"","header-main-stick-meta":"","header-below-stick-meta":"","astra-migrate-meta-layouts":"default","ast-page-background-enabled":"default","ast-page-background-meta":{"desktop":{"background-color":"var(--ast-global-color-4)","background-image":"","background-repeat":"repeat","background-position":"center center","background-size":"auto","background-attachment":"scroll","background-type":"","background-media":"","overlay-type":"","overlay-color":"","overlay-opacity":"","overlay-gradient":""},"tablet":{"background-color":"","background-image":"","background-repeat":"repeat","background-position":"center center","background-size":"auto","background-attachment":"scroll","background-type":"","background-media":"","overlay-type":"","overlay-color":"","overlay-opacity":"","overlay-gradient":""},"mobile":{"background-color":"","background-image":"","background-repeat":"repeat","background-position":"center center","background-size":"auto","background-attachment":"scroll","background-type":"","background-media":"","overlay-type":"","overlay-color":"","overlay-opacity":"","overlay-gradient":""}},"ast-content-background-meta":{"desktop":{"background-color":"var(--ast-global-color-5)","background-image":"","background-repeat":"repeat","background-position":"center center","background-size":"auto","background-attachment":"scroll","background-type":"","background-media":"","overlay-type":"","overlay-color":"","overlay-opacity":"","overlay-gradient":""},"tablet":{"background-color":"var(--ast-global-color-5)","background-image":"","background-repeat":"repeat","background-position":"center center","background-size":"auto","background-attachment":"scroll","background-type":"","background-media":"","overlay-type":"","overlay-color":"","overlay-opacity":"","overlay-gradient":""},"mobile":{"background-color":"var(--ast-global-color-5)","background-image":"","background-repeat":"repeat","background-position":"center center","background-size":"auto","background-attachment":"scroll","background-type":"","background-media":"","overlay-type":"","overlay-color":"","overlay-opacity":"","overlay-gradient":""}},"footnotes":""},"class_list":["post-658","page","type-page","status-publish","hentry"],"post_mailing_queue_ids":[],"_links":{"self":[{"href":"https:\/\/agora.xtec.cat\/iesdauro\/wp-json\/wp\/v2\/pages\/658","targetHints":{"allow":["GET"]}}],"collection":[{"href":"https:\/\/agora.xtec.cat\/iesdauro\/wp-json\/wp\/v2\/pages"}],"about":[{"href":"https:\/\/agora.xtec.cat\/iesdauro\/wp-json\/wp\/v2\/types\/page"}],"author":[{"embeddable":true,"href":"https:\/\/agora.xtec.cat\/iesdauro\/wp-json\/wp\/v2\/users\/1"}],"replies":[{"embeddable":true,"href":"https:\/\/agora.xtec.cat\/iesdauro\/wp-json\/wp\/v2\/comments?post=658"}],"version-history":[{"count":1,"href":"https:\/\/agora.xtec.cat\/iesdauro\/wp-json\/wp\/v2\/pages\/658\/revisions"}],"predecessor-version":[{"id":659,"href":"https:\/\/agora.xtec.cat\/iesdauro\/wp-json\/wp\/v2\/pages\/658\/revisions\/659"}],"up":[{"embeddable":true,"href":"https:\/\/agora.xtec.cat\/iesdauro\/wp-json\/wp\/v2\/pages\/650"}],"wp:attachment":[{"href":"https:\/\/agora.xtec.cat\/iesdauro\/wp-json\/wp\/v2\/media?parent=658"}],"curies":[{"name":"wp","href":"https:\/\/api.w.org\/{rel}","templated":true}]}}