{"id":39,"date":"2014-09-17T16:36:44","date_gmt":"2014-09-17T16:36:44","guid":{"rendered":"http:\/\/agora.xtec.cat\/iesdauro\/?page_id=39"},"modified":"2024-02-03T11:47:31","modified_gmt":"2024-02-03T10:47:31","slug":"instal%c2%b7lacions","status":"publish","type":"page","link":"https:\/\/agora.xtec.cat\/iesdauro\/linstitut\/instal%c2%b7lacions\/","title":{"rendered":"Trets d&#8217;identitat"},"content":{"rendered":"<p style=\"text-align: justify;\"><b>EL NOSTRE CENTRE<\/b><\/p>\n<ul style=\"text-align: justify;\">\n<li style=\"font-weight: 400;\" aria-level=\"1\"><span style=\"font-weight: 400;\">A l\u2019institut d\u2019Auro oferim des del 1996 els estudis d\u2019ESO i Batxillerat.<\/span><\/li>\n<li style=\"font-weight: 400;\" aria-level=\"1\"><span style=\"font-weight: 400;\">Estem plenament integrats al nostre entorn i oberts a alumnes de tota la comarca.<\/span><\/li>\n<li style=\"font-weight: 400;\" aria-level=\"1\"><span style=\"font-weight: 400;\">A l\u2019institut trobareu un ambient de treball i respecte entre alumnes i professors que fa possible una tasca educativa de qualitat amb estreta col\u00b7laboraci\u00f3 amb l\u2019AMPA del centre i el personal d\u2019administraci\u00f3 i serveis.<\/span><\/li>\n<li style=\"font-weight: 400;\" aria-level=\"1\"><span style=\"font-weight: 400;\">Estem integrats a la Xarxa Educativa Intermunicipal de Santpedor, que garanteix una oferta educativa completa i una programaci\u00f3 coherent de 0 a 18 anys.<\/span><\/li>\n<\/ul>\n<p style=\"text-align: justify;\"><b>UN PROJECTE EDUCATIU PROPI<\/b><\/p>\n<ul style=\"text-align: justify;\">\n<li style=\"font-weight: 400;\" aria-level=\"1\"><span style=\"font-weight: 400;\">Som un centre sensible als esdeveniments i proporcionem als nostres alumnes eines per entendre\u2019l i intervenir-hi.<\/span><\/li>\n<li style=\"font-weight: 400;\" aria-level=\"1\"><span style=\"font-weight: 400;\">Apostem per l\u2019educaci\u00f3 inclusiva. La cohesi\u00f3 social i la conviv\u00e8ncia s\u00f3n pilars fonamentals del nostre projecte.<\/span><\/li>\n<li style=\"font-weight: 400;\" aria-level=\"1\"><span style=\"font-weight: 400;\">Ens basem en la interacci\u00f3 entre alumnes, professors i fam\u00edlies, per assolir una educaci\u00f3 en valors de: respecte, llibertat, solidaritat i toler\u00e0ncia. Valorem el proc\u00e9s de cada alumne per tal que cadasc\u00fa arribi al m\u00e0xim del seu nivell amb un itinerari propi.<\/span><\/li>\n<li style=\"font-weight: 400;\" aria-level=\"1\"><span style=\"font-weight: 400;\">Treballem per l&#8217;excel\u00b7l\u00e8ncia educativa: plans i projectes propis, innovadors en la incorporaci\u00f3 de les noves tecnologies, millores en la metodologia de l\u2019aprenentatge.<\/span><\/li>\n<li style=\"font-weight: 400;\" aria-level=\"1\"><span style=\"font-weight: 400;\">Els resultats acad\u00e8mics ens avalen: pr\u00e0cticament el 100% dels nostres alumnes d\u2019ESO i Batxillerat superen l\u2019etapa.<\/span><\/li>\n<\/ul>\n<p style=\"text-align: justify;\"><b>CINC RAONS PER FER L\u2019ESO A L\u2019INSTITUT D\u2019AURO<\/b><\/p>\n<ul style=\"text-align: justify;\">\n<li style=\"font-weight: 400;\" aria-level=\"1\"><span style=\"font-weight: 400;\">Seguiment continuat i individual.<\/span><\/li>\n<li style=\"font-weight: 400;\" aria-level=\"1\"><span style=\"font-weight: 400;\">Pla d\u2019estudis propi.<\/span><\/li>\n<li style=\"font-weight: 400;\" aria-level=\"1\"><span style=\"font-weight: 400;\">Agrupaments flexibles i projecte de millora de l\u2019angl\u00e8s.<\/span><\/li>\n<li style=\"font-weight: 400;\" aria-level=\"1\"><span style=\"font-weight: 400;\">Oferta de projectes d\u2019intercanvi europeus, de franc\u00e8s, d&#8217;alemany, d\u2019activitats creatives,&#8230;<\/span><\/li>\n<li style=\"font-weight: 400;\" aria-level=\"1\"><span style=\"font-weight: 400;\">Itineraris educatius personalitzats a 4t d\u2019ESO.<\/span><\/li>\n<\/ul>\n<p style=\"text-align: justify;\"><b>CINC RAONS PER FER BATXILLERAT A L\u2019INSTITUT D\u2019AURO<\/b><\/p>\n<ul style=\"text-align: justify;\">\n<li style=\"font-weight: 400;\" aria-level=\"1\"><span style=\"font-weight: 400;\">Seguiment i orientaci\u00f3 tutorial individualitzats.<\/span><\/li>\n<li style=\"font-weight: 400;\" aria-level=\"1\"><span style=\"font-weight: 400;\">Amplia oferta de mat\u00e8ries de modalitats i optatives.<\/span><\/li>\n<li style=\"font-weight: 400;\" aria-level=\"1\"><span style=\"font-weight: 400;\">Possibilitats de realitzar un itinerari personalitzat.<\/span><\/li>\n<li style=\"font-weight: 400;\" aria-level=\"1\"><span style=\"font-weight: 400;\">Projecte propi de millora de l\u2019angl\u00e8s.<\/span><\/li>\n<li style=\"font-weight: 400;\" aria-level=\"1\"><span style=\"font-weight: 400;\">Grups redu\u00efts en les mat\u00e8ries de modalitat.<\/span><\/li>\n<\/ul>\n<p style=\"text-align: justify;\"><b>UNES INSTAL.LACIONS PER L\u2019EDUCACI\u00d3 DEL SEGLE XXI<\/b><\/p>\n<ul style=\"text-align: justify;\">\n<li style=\"font-weight: 400;\" aria-level=\"1\"><span style=\"font-weight: 400;\">Des del setembre de 2004, gaudim d\u2019un edifici nou en l\u2019espai hist\u00f2ric del Convent i Esgl\u00e9sia de Sant Francesc (actual Auditori).<\/span><\/li>\n<li style=\"font-weight: 400;\" aria-level=\"1\"><span style=\"font-weight: 400;\">Tenim un centre wifi amb les aules equipades amb les noves tecnologies.<\/span><\/li>\n<li style=\"font-weight: 400;\" aria-level=\"1\"><span style=\"font-weight: 400;\">Comptem amb equipaments docents actualitzats: laboratoris, taller de tecnologia, taller de pl\u00e0stica, gimn\u00e0s i pistes poliesportives, servei de reprografia.<\/span><\/li>\n<li style=\"font-weight: 400;\" aria-level=\"1\"><span style=\"font-weight: 400;\">Disposem d\u2019un conveni amb els ajuntaments per a l\u2019\u00fas d\u2019instal\u00b7lacions municipals.<\/span><\/li>\n<\/ul>\n<p style=\"text-align: justify;\"><b>ELS NOSTRES PROJECTES<\/b><\/p>\n<p style=\"text-align: justify;\"><span style=\"font-weight: 400;\">El centre posa a disposici\u00f3 dels alumnes m\u00faltiples programes espec\u00edfics per la conviv\u00e8ncia i l\u2019aprenentatge:<\/span><\/p>\n<ul style=\"text-align: justify;\">\n<li style=\"font-weight: 400;\" aria-level=\"1\"><span style=\"font-weight: 400;\">Pla d&#8217;aprenentatge actiu de les lleng\u00fces alemanya, anglesa i francesa que inclou estades a Alemanya, Anglaterra i Fran\u00e7a.<\/span><\/li>\n<li style=\"font-weight: 400;\" aria-level=\"1\"><span style=\"font-weight: 400;\">Projectes ERASMUS: projectes d\u2019intercanvi amb alumnes d\u2019altres instituts europeus.<\/span><\/li>\n<li style=\"font-weight: 400;\" aria-level=\"1\"><span style=\"font-weight: 400;\">Projecte de Servei Comunitari. Foment de la col\u00b7laboraci\u00f3 amb entitats socials.<\/span><\/li>\n<li style=\"font-weight: 400;\" aria-level=\"1\"><span style=\"font-weight: 400;\">Projecte Solidari. Agermanament amb <\/span><i><span style=\"font-weight: 400;\">l\u2019Ecole Anna. <\/span><\/i><span style=\"font-weight: 400;\">de Madagascar.<\/span><\/li>\n<li style=\"font-weight: 400;\" aria-level=\"1\"><span style=\"font-weight: 400;\">Projecte de Diversificaci\u00f3 Curricular per a alumnes amb dificultats acad\u00e8miques.<\/span><\/li>\n<li style=\"font-weight: 400;\" aria-level=\"1\"><span style=\"font-weight: 400;\">Estada a l\u2019empresa. Contacte amb el teixit empresarial.<\/span><\/li>\n<li style=\"font-weight: 400;\" aria-level=\"1\"><span style=\"font-weight: 400;\">Projecte d&#8217;Escola Verda: apostem per millorar els h\u00e0bits i promoure el respecte per l&#8217;entorn i els recursos naturals.<\/span><\/li>\n<li style=\"font-weight: 400;\" aria-level=\"1\"><span style=\"font-weight: 400;\">Pla de salut escolar.<\/span><\/li>\n<\/ul>\n","protected":false},"excerpt":{"rendered":"<p>EL NOSTRE CENTRE A l\u2019institut d\u2019Auro oferim des del 1996 els estudis d\u2019ESO i Batxillerat. Estem plenament integrats al nostre entorn i oberts a alumnes de tota la comarca. A l\u2019institut trobareu un ambient de treball i respecte entre alumnes i professors que fa possible una tasca educativa de qualitat amb estreta col\u00b7laboraci\u00f3 amb l\u2019AMPA [&hellip;]<\/p>\n","protected":false},"author":1,"featured_media":0,"parent":19,"menu_order":30,"comment_status":"closed","ping_status":"closed","template":"","meta":{"_bbp_topic_count":0,"_bbp_reply_count":0,"_bbp_total_topic_count":0,"_bbp_total_reply_count":0,"_bbp_voice_count":0,"_bbp_anonymous_reply_count":0,"_bbp_topic_count_hidden":0,"_bbp_reply_count_hidden":0,"_bbp_forum_subforum_count":0,"site-sidebar-layout":"default","site-content-layout":"","ast-site-content-layout":"","site-content-style":"default","site-sidebar-style":"default","ast-global-header-display":"","ast-banner-title-visibility":"","ast-main-header-display":"","ast-hfb-above-header-display":"","ast-hfb-below-header-display":"","ast-hfb-mobile-header-display":"","site-post-title":"","ast-breadcrumbs-content":"","ast-featured-img":"","footer-sml-layout":"","theme-transparent-header-meta":"","adv-header-id-meta":"","stick-header-meta":"","header-above-stick-meta":"","header-main-stick-meta":"","header-below-stick-meta":"","astra-migrate-meta-layouts":"default","ast-page-background-enabled":"default","ast-page-background-meta":{"desktop":{"background-color":"var(--ast-global-color-4)","background-image":"","background-repeat":"repeat","background-position":"center center","background-size":"auto","background-attachment":"scroll","background-type":"","background-media":"","overlay-type":"","overlay-color":"","overlay-opacity":"","overlay-gradient":""},"tablet":{"background-color":"","background-image":"","background-repeat":"repeat","background-position":"center center","background-size":"auto","background-attachment":"scroll","background-type":"","background-media":"","overlay-type":"","overlay-color":"","overlay-opacity":"","overlay-gradient":""},"mobile":{"background-color":"","background-image":"","background-repeat":"repeat","background-position":"center center","background-size":"auto","background-attachment":"scroll","background-type":"","background-media":"","overlay-type":"","overlay-color":"","overlay-opacity":"","overlay-gradient":""}},"ast-content-background-meta":{"desktop":{"background-color":"var(--ast-global-color-5)","background-image":"","background-repeat":"repeat","background-position":"center center","background-size":"auto","background-attachment":"scroll","background-type":"","background-media":"","overlay-type":"","overlay-color":"","overlay-opacity":"","overlay-gradient":""},"tablet":{"background-color":"var(--ast-global-color-5)","background-image":"","background-repeat":"repeat","background-position":"center center","background-size":"auto","background-attachment":"scroll","background-type":"","background-media":"","overlay-type":"","overlay-color":"","overlay-opacity":"","overlay-gradient":""},"mobile":{"background-color":"var(--ast-global-color-5)","background-image":"","background-repeat":"repeat","background-position":"center center","background-size":"auto","background-attachment":"scroll","background-type":"","background-media":"","overlay-type":"","overlay-color":"","overlay-opacity":"","overlay-gradient":""}},"footnotes":""},"class_list":["post-39","page","type-page","status-publish","hentry"],"post_mailing_queue_ids":[],"_links":{"self":[{"href":"https:\/\/agora.xtec.cat\/iesdauro\/wp-json\/wp\/v2\/pages\/39","targetHints":{"allow":["GET"]}}],"collection":[{"href":"https:\/\/agora.xtec.cat\/iesdauro\/wp-json\/wp\/v2\/pages"}],"about":[{"href":"https:\/\/agora.xtec.cat\/iesdauro\/wp-json\/wp\/v2\/types\/page"}],"author":[{"embeddable":true,"href":"https:\/\/agora.xtec.cat\/iesdauro\/wp-json\/wp\/v2\/users\/1"}],"replies":[{"embeddable":true,"href":"https:\/\/agora.xtec.cat\/iesdauro\/wp-json\/wp\/v2\/comments?post=39"}],"version-history":[{"count":1,"href":"https:\/\/agora.xtec.cat\/iesdauro\/wp-json\/wp\/v2\/pages\/39\/revisions"}],"predecessor-version":[{"id":585,"href":"https:\/\/agora.xtec.cat\/iesdauro\/wp-json\/wp\/v2\/pages\/39\/revisions\/585"}],"up":[{"embeddable":true,"href":"https:\/\/agora.xtec.cat\/iesdauro\/wp-json\/wp\/v2\/pages\/19"}],"wp:attachment":[{"href":"https:\/\/agora.xtec.cat\/iesdauro\/wp-json\/wp\/v2\/media?parent=39"}],"curies":[{"name":"wp","href":"https:\/\/api.w.org\/{rel}","templated":true}]}}

<p style="text-align: justify;"><b>EL NOSTRE CENTRE</b></p>
<ul style="text-align: justify;">
<li style="font-weight: 400;" aria-level="1"><span style="font-weight: 400;">A l’institut d’Auro oferim des del 1996 els estudis d’ESO i Batxillerat.</span></li>
<li style="font-weight: 400;" aria-level="1"><span style="font-weight: 400;">Estem plenament integrats al nostre entorn i oberts a alumnes de tota la comarca.</span></li>
<li style="font-weight: 400;" aria-level="1"><span style="font-weight: 400;">A l’institut trobareu un ambient de treball i respecte entre alumnes i professors que fa possible una tasca educativa de qualitat amb estreta col·laboració amb l’AMPA del centre i el personal d’administració i serveis.</span></li>
<li style="font-weight: 400;" aria-level="1"><span style="font-weight: 400;">Estem integrats a la Xarxa Educativa Intermunicipal de Santpedor, que garanteix una oferta educativa completa i una programació coherent de 0 a 18 anys.</span></li>
</ul>
<p style="text-align: justify;"><b>UN PROJECTE EDUCATIU PROPI</b></p>
<ul style="text-align: justify;">
<li style="font-weight: 400;" aria-level="1"><span style="font-weight: 400;">Som un centre sensible als esdeveniments i proporcionem als nostres alumnes eines per entendre’l i intervenir-hi.</span></li>
<li style="font-weight: 400;" aria-level="1"><span style="font-weight: 400;">Apostem per l’educació inclusiva. La cohesió social i la convivència són pilars fonamentals del nostre projecte.</span></li>
<li style="font-weight: 400;" aria-level="1"><span style="font-weight: 400;">Ens basem en la interacció entre alumnes, professors i famílies, per assolir una educació en valors de: respecte, llibertat, solidaritat i tolerància. Valorem el procés de cada alumne per tal que cadascú arribi al màxim del seu nivell amb un itinerari propi.</span></li>
<li style="font-weight: 400;" aria-level="1"><span style="font-weight: 400;">Treballem per l&#8217;excel·lència educativa: plans i projectes propis, innovadors en la incorporació de les noves tecnologies, millores en la metodologia de l’aprenentatge.</span></li>
<li style="font-weight: 400;" aria-level="1"><span style="font-weight: 400;">Els resultats acadèmics ens avalen: pràcticament el 100% dels nostres alumnes d’ESO i Batxillerat superen l’etapa.</span></li>
</ul>
<p style="text-align: justify;"><b>CINC RAONS PER FER L’ESO A L’INSTITUT D’AURO</b></p>
<ul style="text-align: justify;">
<li style="font-weight: 400;" aria-level="1"><span style="font-weight: 400;">Seguiment continuat i individual.</span></li>
<li style="font-weight: 400;" aria-level="1"><span style="font-weight: 400;">Pla d’estudis propi.</span></li>
<li style="font-weight: 400;" aria-level="1"><span style="font-weight: 400;">Agrupaments flexibles i projecte de millora de l’anglès.</span></li>
<li style="font-weight: 400;" aria-level="1"><span style="font-weight: 400;">Oferta de projectes d’intercanvi europeus, de francès, d&#8217;alemany, d’activitats creatives,&#8230;</span></li>
<li style="font-weight: 400;" aria-level="1"><span style="font-weight: 400;">Itineraris educatius personalitzats a 4t d’ESO.</span></li>
</ul>
<p style="text-align: justify;"><b>CINC RAONS PER FER BATXILLERAT A L’INSTITUT D’AURO</b></p>
<ul style="text-align: justify;">
<li style="font-weight: 400;" aria-level="1"><span style="font-weight: 400;">Seguiment i orientació tutorial individualitzats.</span></li>
<li style="font-weight: 400;" aria-level="1"><span style="font-weight: 400;">Amplia oferta de matèries de modalitats i optatives.</span></li>
<li style="font-weight: 400;" aria-level="1"><span style="font-weight: 400;">Possibilitats de realitzar un itinerari personalitzat.</span></li>
<li style="font-weight: 400;" aria-level="1"><span style="font-weight: 400;">Projecte propi de millora de l’anglès.</span></li>
<li style="font-weight: 400;" aria-level="1"><span style="font-weight: 400;">Grups reduïts en les matèries de modalitat.</span></li>
</ul>
<p style="text-align: justify;"><b>UNES INSTAL.LACIONS PER L’EDUCACIÓ DEL SEGLE XXI</b></p>
<ul style="text-align: justify;">
<li style="font-weight: 400;" aria-level="1"><span style="font-weight: 400;">Des del setembre de 2004, gaudim d’un edifici nou en l’espai històric del Convent i Església de Sant Francesc (actual Auditori).</span></li>
<li style="font-weight: 400;" aria-level="1"><span style="font-weight: 400;">Tenim un centre wifi amb les aules equipades amb les noves tecnologies.</span></li>
<li style="font-weight: 400;" aria-level="1"><span style="font-weight: 400;">Comptem amb equipaments docents actualitzats: laboratoris, taller de tecnologia, taller de plàstica, gimnàs i pistes poliesportives, servei de reprografia.</span></li>
<li style="font-weight: 400;" aria-level="1"><span style="font-weight: 400;">Disposem d’un conveni amb els ajuntaments per a l’ús d’instal·lacions municipals.</span></li>
</ul>
<p style="text-align: justify;"><b>ELS NOSTRES PROJECTES</b></p>
<p style="text-align: justify;"><span style="font-weight: 400;">El centre posa a disposició dels alumnes múltiples programes específics per la convivència i l’aprenentatge:</span></p>
<ul style="text-align: justify;">
<li style="font-weight: 400;" aria-level="1"><span style="font-weight: 400;">Pla d&#8217;aprenentatge actiu de les llengües alemanya, anglesa i francesa que inclou estades a Alemanya, Anglaterra i França.</span></li>
<li style="font-weight: 400;" aria-level="1"><span style="font-weight: 400;">Projectes ERASMUS: projectes d’intercanvi amb alumnes d’altres instituts europeus.</span></li>
<li style="font-weight: 400;" aria-level="1"><span style="font-weight: 400;">Projecte de Servei Comunitari. Foment de la col·laboració amb entitats socials.</span></li>
<li style="font-weight: 400;" aria-level="1"><span style="font-weight: 400;">Projecte Solidari. Agermanament amb </span><i><span style="font-weight: 400;">l’Ecole Anna. </span></i><span style="font-weight: 400;">de Madagascar.</span></li>
<li style="font-weight: 400;" aria-level="1"><span style="font-weight: 400;">Projecte de Diversificació Curricular per a alumnes amb dificultats acadèmiques.</span></li>
<li style="font-weight: 400;" aria-level="1"><span style="font-weight: 400;">Estada a l’empresa. Contacte amb el teixit empresarial.</span></li>
<li style="font-weight: 400;" aria-level="1"><span style="font-weight: 400;">Projecte d&#8217;Escola Verda: apostem per millorar els hàbits i promoure el respecte per l&#8217;entorn i els recursos naturals.</span></li>
<li style="font-weight: 400;" aria-level="1"><span style="font-weight: 400;">Pla de salut escolar.</span></li>
</ul>

<p>EL NOSTRE CENTRE A l’institut d’Auro oferim des del 1996 els estudis d’ESO i Batxillerat. Estem plenament integrats al nostre entorn i oberts a alumnes de tota la comarca. A l’institut trobareu un ambient de treball i respecte entre alumnes i professors que fa possible una tasca educativa de qualitat amb estreta col·laboració amb l’AMPA [&hellip;]</p>
