{"id":3797,"date":"2026-02-18T19:14:44","date_gmt":"2026-02-18T18:14:44","guid":{"rendered":"https:\/\/agora.xtec.cat\/iesdauro\/?page_id=3797"},"modified":"2026-04-29T13:56:15","modified_gmt":"2026-04-29T11:56:15","slug":"preinscripcio-eso","status":"publish","type":"page","link":"https:\/\/agora.xtec.cat\/iesdauro\/organitzacio-de-centre\/preinscripcio-i-matricula-curs-26-27\/preinscripcio-eso\/","title":{"rendered":"Dates importants preinscripci\u00f3 i matr\u00edcula"},"content":{"rendered":"\n<h4 class=\"wp-block-heading\">Calendari ESO <\/h4>\n\n\n\n<ul class=\"wp-block-list\">\n<li><strong><a href=\"https:\/\/drive.google.com\/file\/d\/14rIJpV8bYClGpCTc7Qk5-bJoUf4dpW9r\/view?usp=sharing\" data-type=\"link\" data-id=\"https:\/\/drive.google.com\/file\/d\/14rIJpV8bYClGpCTc7Qk5-bJoUf4dpW9r\/view?usp=sharing\" target=\"_blank\" rel=\"noreferrer noopener\">Oferta inicial de places escolars (3 de mar\u00e7) <\/a><\/strong><\/li>\n\n\n\n<li><strong>Del 6 al 18 de mar\u00e7 de 2026 (a partir de les 9 h): <\/strong><a href=\"https:\/\/preinscripcio.gencat.cat\/ca\/estudis\/eso\/preinscriute\/sollicitud\/\" data-type=\"link\" data-id=\"https:\/\/preinscripcio.gencat.cat\/ca\/estudis\/eso\/preinscriute\/sollicitud\/\"><strong>Presentaci\u00f3 de sol\u00b7licituds.<\/strong><\/a> En la sol\u00b7licitud de preinscripci\u00f3 cal indicar si el centre escollit \u00e9s un centre&nbsp;<strong>adscrit<\/strong>&nbsp;a l&#8217;escola de prim\u00e0ria on s&#8217;han cursat els cursos anteriors. Cal presentar la sol\u00b7licitud i adjuntar-hi la documentaci\u00f3 d&#8217;identificaci\u00f3 o de criteris que correspongui.<\/li>\n\n\n\n<li><strong>Fins al 19 de mar\u00e7 del 2026: <\/strong>Presentaci\u00f3 de documentaci\u00f3.<\/li>\n\n\n\n<li><strong>15 d&#8217;abril del 2026: <\/strong><a href=\"https:\/\/drive.google.com\/file\/d\/1GutwBkX578X_uY4U5Tb1Js-DdL38lWYn\/view?usp=sharing\" target=\"_blank\" rel=\"noreferrer noopener\"><strong>Llista de sol\u00b7licituds amb puntuaci\u00f3 provisional.<\/strong><\/a><\/li>\n\n\n\n<li><strong>Del 15 al 20 d&#8217;abril del 2026: <\/strong>Presentaci\u00f3 de reclamacions.<\/li>\n\n\n\n<li><strong>23 d&#8217;abril del 2026: <\/strong><a href=\"https:\/\/drive.google.com\/file\/d\/1Q22tvIlP078AXQVhv7FsTuruc8-BMOYU\/view?usp=sharing\" target=\"_blank\" rel=\"noreferrer noopener\"><strong>Llista de sol\u00b7licituds amb la puntuaci\u00f3 un cop resoltes les reclamacions.<\/strong><\/a><\/li>\n\n\n\n<li><strong>28 d&#8217;abril del 2026 a les 11 h: <\/strong>Sorteig per resoldre les sol\u00b7licituds de preinscripci\u00f3 empatades en punts. <\/li>\n\n\n\n<li><strong>29 d&#8217;abril del 2026: <\/strong><a href=\"https:\/\/drive.google.com\/file\/d\/1S6xRwxwU5Ymjfeq1S38Ksm3T10ayyt_g\/view?usp=sharing\" target=\"_blank\" rel=\"noreferrer noopener\"><strong>Llista ordenada.<\/strong><\/a><\/li>\n\n\n\n<li><strong>De l&#8217;1 al 3 de juny del 2026: <\/strong>Ampliaci\u00f3 de peticions de preinscripci\u00f3 per a alumnes sense pla\u00e7a assignada a cap centre. <\/li>\n\n\n\n<li><strong>10 de juny del 2026: <\/strong>Oferta final de places escolars.<\/li>\n\n\n\n<li class=\"has-black-color has-text-color has-link-color wp-elements-a354eb9c0e7529ae002b9743b2b4b782\"><strong>10 de juny del 2026: <\/strong>Llista d&#8217;alumnes admesos i llista d&#8217;espera. <\/li>\n\n\n\n<li class=\"has-black-color has-text-color has-link-color wp-elements-e344e40ac60e2a7097f57ab23ee60ad3\"><strong>Del 22 al 30 de juny del 2026:<\/strong> Per\u00edode de matriculaci\u00f3.<\/li>\n<\/ul>\n\n\n\n<h4 class=\"wp-block-heading\">Calendari BATX<\/h4>\n\n\n\n<ul class=\"wp-block-list\">\n<li><a href=\"https:\/\/drive.google.com\/file\/d\/1oDWm-9VJ1AI59nX3Wz6H8qjrI25Eng8N\/view?usp=sharing\" target=\"_blank\" rel=\"noreferrer noopener\"><strong>8 d&#8217;abril del 2026: <\/strong>Oferta inicial de places.<\/a><\/li>\n\n\n\n<li><strong>Del 9 al 16 d&#8217;abril del 2026: <\/strong><a href=\"https:\/\/preinscripcio.gencat.cat\/ca\/estudis\/batxillerat\/preinscriute\/sollicitud\/\">Presentaci\u00f3 de sol\u00b7licituds.<\/a> \u00c9s molt important respectar les dates de presentaci\u00f3, perqu\u00e8 per a aquests ensenyaments no s&#8217;accepten sol\u00b7licituds fora de termini.<\/li>\n\n\n\n<li><strong>Fins al 17 d&#8217;abril del 2026: <\/strong>Presentaci\u00f3 de documentaci\u00f3.<\/li>\n\n\n\n<li><strong>14 de maig del 2026: <\/strong>Llista de sol\u00b7licituds amb puntuaci\u00f3 provisional.<\/li>\n\n\n\n<li><strong>Del 14 al 20 de maig del 2026: <\/strong>Presentaci\u00f3 de reclamacions.<\/li>\n\n\n\n<li><strong>26 de maig del 2026: <\/strong>Llista de sol\u00b7licituds amb la puntuaci\u00f3 un cop resoltes les reclamacions. <\/li>\n\n\n\n<li><strong>26 de maig del 2026: <\/strong>Sorteig per resoldre les sol\u00b7licituds de preinscripci\u00f3 empatades en punts. <\/li>\n\n\n\n<li><strong>29 de maig del 2026: <\/strong>Llista ordenada.<\/li>\n\n\n\n<li><strong>17 de juny del 2026: <\/strong>Oferta final de places escolars.<\/li>\n\n\n\n<li><strong>17 de juny del 2026: <\/strong>Llista d&#8217;alumnes admesos i llista d&#8217;espera. <\/li>\n<\/ul>\n\n\n\n<hr class=\"wp-block-separator has-alpha-channel-opacity\"\/>\n","protected":false},"excerpt":{"rendered":"<p>Calendari ESO Calendari BATX<\/p>\n","protected":false},"author":1,"featured_media":0,"parent":3702,"menu_order":0,"comment_status":"closed","ping_status":"close","template":"","meta":{"_bbp_topic_count":0,"_bbp_reply_count":0,"_bbp_total_topic_count":0,"_bbp_total_reply_count":0,"_bbp_voice_count":0,"_bbp_anonymous_reply_count":0,"_bbp_topic_count_hidden":0,"_bbp_reply_count_hidden":0,"_bbp_forum_subforum_count":0,"site-sidebar-layout":"default","site-content-layout":"","ast-site-content-layout":"default","site-content-style":"default","site-sidebar-style":"default","ast-global-header-display":"","ast-banner-title-visibility":"","ast-main-header-display":"","ast-hfb-above-header-display":"","ast-hfb-below-header-display":"","ast-hfb-mobile-header-display":"","site-post-title":"","ast-breadcrumbs-content":"","ast-featured-img":"","footer-sml-layout":"","theme-transparent-header-meta":"","adv-header-id-meta":"","stick-header-meta":"","header-above-stick-meta":"","header-main-stick-meta":"","header-below-stick-meta":"","astra-migrate-meta-layouts":"set","ast-page-background-enabled":"default","ast-page-background-meta":{"desktop":{"background-color":"var(--ast-global-color-4)","background-image":"","background-repeat":"repeat","background-position":"center center","background-size":"auto","background-attachment":"scroll","background-type":"","background-media":"","overlay-type":"","overlay-color":"","overlay-opacity":"","overlay-gradient":""},"tablet":{"background-color":"","background-image":"","background-repeat":"repeat","background-position":"center center","background-size":"auto","background-attachment":"scroll","background-type":"","background-media":"","overlay-type":"","overlay-color":"","overlay-opacity":"","overlay-gradient":""},"mobile":{"background-color":"","background-image":"","background-repeat":"repeat","background-position":"center center","background-size":"auto","background-attachment":"scroll","background-type":"","background-media":"","overlay-type":"","overlay-color":"","overlay-opacity":"","overlay-gradient":""}},"ast-content-background-meta":{"desktop":{"background-color":"var(--ast-global-color-5)","background-image":"","background-repeat":"repeat","background-position":"center center","background-size":"auto","background-attachment":"scroll","background-type":"","background-media":"","overlay-type":"","overlay-color":"","overlay-opacity":"","overlay-gradient":""},"tablet":{"background-color":"var(--ast-global-color-5)","background-image":"","background-repeat":"repeat","background-position":"center center","background-size":"auto","background-attachment":"scroll","background-type":"","background-media":"","overlay-type":"","overlay-color":"","overlay-opacity":"","overlay-gradient":""},"mobile":{"background-color":"var(--ast-global-color-5)","background-image":"","background-repeat":"repeat","background-position":"center center","background-size":"auto","background-attachment":"scroll","background-type":"","background-media":"","overlay-type":"","overlay-color":"","overlay-opacity":"","overlay-gradient":""}},"footnotes":""},"class_list":["post-3797","page","type-page","status-publish","hentry"],"post_mailing_queue_ids":[],"_links":{"self":[{"href":"https:\/\/agora.xtec.cat\/iesdauro\/wp-json\/wp\/v2\/pages\/3797","targetHints":{"allow":["GET"]}}],"collection":[{"href":"https:\/\/agora.xtec.cat\/iesdauro\/wp-json\/wp\/v2\/pages"}],"about":[{"href":"https:\/\/agora.xtec.cat\/iesdauro\/wp-json\/wp\/v2\/types\/page"}],"author":[{"embeddable":true,"href":"https:\/\/agora.xtec.cat\/iesdauro\/wp-json\/wp\/v2\/users\/1"}],"replies":[{"embeddable":true,"href":"https:\/\/agora.xtec.cat\/iesdauro\/wp-json\/wp\/v2\/comments?post=3797"}],"version-history":[{"count":6,"href":"https:\/\/agora.xtec.cat\/iesdauro\/wp-json\/wp\/v2\/pages\/3797\/revisions"}],"predecessor-version":[{"id":4115,"href":"https:\/\/agora.xtec.cat\/iesdauro\/wp-json\/wp\/v2\/pages\/3797\/revisions\/4115"}],"up":[{"embeddable":true,"href":"https:\/\/agora.xtec.cat\/iesdauro\/wp-json\/wp\/v2\/pages\/3702"}],"wp:attachment":[{"href":"https:\/\/agora.xtec.cat\/iesdauro\/wp-json\/wp\/v2\/media?parent=3797"}],"curies":[{"name":"wp","href":"https:\/\/api.w.org\/{rel}","templated":true}]}}

Dates importants preinscripció i matrícula

<h4 class="wp-block-heading">Calendari ESO </h4>



<ul class="wp-block-list">
<li><strong><a href="https://drive.google.com/file/d/14rIJpV8bYClGpCTc7Qk5-bJoUf4dpW9r/view?usp=sharing" data-type="link" data-id="https://drive.google.com/file/d/14rIJpV8bYClGpCTc7Qk5-bJoUf4dpW9r/view?usp=sharing" target="_blank" rel="noreferrer noopener">Oferta inicial de places escolars (3 de març) </a></strong></li>



<li><strong>Del 6 al 18 de març de 2026 (a partir de les 9 h): </strong><a href="https://preinscripcio.gencat.cat/ca/estudis/eso/preinscriute/sollicitud/" data-type="link" data-id="https://preinscripcio.gencat.cat/ca/estudis/eso/preinscriute/sollicitud/"><strong>Presentació de sol·licituds.</strong></a> En la sol·licitud de preinscripció cal indicar si el centre escollit és un centre&nbsp;<strong>adscrit</strong>&nbsp;a l&#8217;escola de primària on s&#8217;han cursat els cursos anteriors. Cal presentar la sol·licitud i adjuntar-hi la documentació d&#8217;identificació o de criteris que correspongui.</li>



<li><strong>Fins al 19 de març del 2026: </strong>Presentació de documentació.</li>



<li><strong>15 d&#8217;abril del 2026: </strong><a href="https://drive.google.com/file/d/1GutwBkX578X_uY4U5Tb1Js-DdL38lWYn/view?usp=sharing" target="_blank" rel="noreferrer noopener"><strong>Llista de sol·licituds amb puntuació provisional.</strong></a></li>



<li><strong>Del 15 al 20 d&#8217;abril del 2026: </strong>Presentació de reclamacions.</li>



<li><strong>23 d&#8217;abril del 2026: </strong><a href="https://drive.google.com/file/d/1Q22tvIlP078AXQVhv7FsTuruc8-BMOYU/view?usp=sharing" target="_blank" rel="noreferrer noopener"><strong>Llista de sol·licituds amb la puntuació un cop resoltes les reclamacions.</strong></a></li>



<li><strong>28 d&#8217;abril del 2026 a les 11 h: </strong>Sorteig per resoldre les sol·licituds de preinscripció empatades en punts. </li>



<li><strong>29 d&#8217;abril del 2026: </strong><a href="https://drive.google.com/file/d/1S6xRwxwU5Ymjfeq1S38Ksm3T10ayyt_g/view?usp=sharing" target="_blank" rel="noreferrer noopener"><strong>Llista ordenada.</strong></a></li>



<li><strong>De l&#8217;1 al 3 de juny del 2026: </strong>Ampliació de peticions de preinscripció per a alumnes sense plaça assignada a cap centre. </li>



<li><strong>10 de juny del 2026: </strong>Oferta final de places escolars.</li>



<li class="has-black-color has-text-color has-link-color wp-elements-a354eb9c0e7529ae002b9743b2b4b782"><strong>10 de juny del 2026: </strong>Llista d&#8217;alumnes admesos i llista d&#8217;espera. </li>



<li class="has-black-color has-text-color has-link-color wp-elements-e344e40ac60e2a7097f57ab23ee60ad3"><strong>Del 22 al 30 de juny del 2026:</strong> Període de matriculació.</li>
</ul>



<h4 class="wp-block-heading">Calendari BATX</h4>



<ul class="wp-block-list">
<li><a href="https://drive.google.com/file/d/1oDWm-9VJ1AI59nX3Wz6H8qjrI25Eng8N/view?usp=sharing" target="_blank" rel="noreferrer noopener"><strong>8 d&#8217;abril del 2026: </strong>Oferta inicial de places.</a></li>



<li><strong>Del 9 al 16 d&#8217;abril del 2026: </strong><a href="https://preinscripcio.gencat.cat/ca/estudis/batxillerat/preinscriute/sollicitud/">Presentació de sol·licituds.</a> És molt important respectar les dates de presentació, perquè per a aquests ensenyaments no s&#8217;accepten sol·licituds fora de termini.</li>



<li><strong>Fins al 17 d&#8217;abril del 2026: </strong>Presentació de documentació.</li>



<li><strong>14 de maig del 2026: </strong>Llista de sol·licituds amb puntuació provisional.</li>



<li><strong>Del 14 al 20 de maig del 2026: </strong>Presentació de reclamacions.</li>



<li><strong>26 de maig del 2026: </strong>Llista de sol·licituds amb la puntuació un cop resoltes les reclamacions. </li>



<li><strong>26 de maig del 2026: </strong>Sorteig per resoldre les sol·licituds de preinscripció empatades en punts. </li>



<li><strong>29 de maig del 2026: </strong>Llista ordenada.</li>



<li><strong>17 de juny del 2026: </strong>Oferta final de places escolars.</li>



<li><strong>17 de juny del 2026: </strong>Llista d&#8217;alumnes admesos i llista d&#8217;espera. </li>
</ul>



<hr class="wp-block-separator has-alpha-channel-opacity"/>
