{"id":3702,"date":"2026-02-06T20:38:26","date_gmt":"2026-02-06T19:38:26","guid":{"rendered":"https:\/\/agora.xtec.cat\/iesdauro\/?page_id=3702"},"modified":"2026-03-02T10:08:19","modified_gmt":"2026-03-02T09:08:19","slug":"preinscripcio-i-matricula-curs-26-27","status":"publish","type":"page","link":"https:\/\/agora.xtec.cat\/iesdauro\/organitzacio-de-centre\/preinscripcio-i-matricula-curs-26-27\/","title":{"rendered":"Preinscripci\u00f3 i matr\u00edcula curs 26-27"},"content":{"rendered":"<p><a href=\"https:\/\/agora.xtec.cat\/iesdauro\/wp-content\/uploads\/usu2955\/2026\/02\/CALENDARI-DAURO-MINI.jpg\"><img loading=\"lazy\" decoding=\"async\" class=\"wp-image-3683 aligncenter\" src=\"https:\/\/agora.xtec.cat\/iesdauro\/wp-content\/uploads\/usu2955\/2026\/02\/CALENDARI-DAURO-MINI.jpg\" alt=\"\" width=\"302\" height=\"201\" \/><\/a><\/p>\n<p>Les jornades de portes obertes seran:<\/p>\n<ul>\n<li style=\"list-style-type: none;\">\n<ul>\n<li>ESO: <strong>3 de mar\u00e7 del 2026<\/strong> <strong>a les 18 h.<\/strong> Es far\u00e0 una visita guiada pel centre i a les 19 h, es far\u00e0 una xerrada a la cantina per a aquelles fam\u00edlies de centres no adscrits i les de centres adscrits que no hagin pogut anar a les reunions de les seves escoles de prim\u00e0ria.<\/li>\n<li>BATX:\u00a0<strong>3 de mar\u00e7 del 2026<\/strong> <strong>a les 18 h<\/strong>. Es comen\u00e7ar\u00e0 amb una xerrada a la cantina del centre, i a les 19 h es far\u00e0 una visita guiada per a totes aquelles fam\u00edlies que no siguin del centre o b\u00e9, vulguin veure&#8217;l.<\/li>\n<\/ul>\n<\/li>\n<\/ul>\n<p>Per a la preinscripci\u00f3 de 1r d&#8217;ESO es faran xerrades per a les fam\u00edlies a les escoles de prim\u00e0ria dels centres adscrits en les dates:<\/p>\n<ul>\n<li style=\"list-style-type: none;\">\n<ul>\n<li>Escola L&#8217;Olivar:\u00a0<strong>25 de febrer del 2026\u00a0<\/strong>a les 16.30 h.<\/li>\n<li>Escola La Serreta:\u00a0<strong>26 de febrer del 2026\u00a0<\/strong>a les 16.30 h.<\/li>\n<li>Escola Riu d&#8217;Or:\u00a0<strong>2 de mar\u00e7 del 2026\u00a0<\/strong>a les 16.30 h.<\/li>\n<\/ul>\n<\/li>\n<\/ul>\n<p style=\"text-align: center;\"><strong><span style=\"color: #ff0000;\">El 2 de mar\u00e7 a les 18 h es far\u00e0 una xerrada per part d&#8217;Inspecci\u00f3 Educativa al Convent de Sant Francesc relativa al proc\u00e9s de preinscripci\u00f3.\u00a0<\/span><\/strong><\/p>\n","protected":false},"excerpt":{"rendered":"<p>Les jornades de portes obertes seran: ESO: 3 de mar\u00e7 del 2026 a les 18 h. Es far\u00e0 una visita guiada pel centre i a les 19 h, es far\u00e0 una xerrada a la cantina per a aquelles fam\u00edlies de centres no adscrits i les de centres adscrits que no hagin pogut anar a les [&hellip;]<\/p>\n","protected":false},"author":1,"featured_media":0,"parent":3751,"menu_order":0,"comment_status":"closed","ping_status":"closed","template":"","meta":{"_bbp_topic_count":0,"_bbp_reply_count":0,"_bbp_total_topic_count":0,"_bbp_total_reply_count":0,"_bbp_voice_count":0,"_bbp_anonymous_reply_count":0,"_bbp_topic_count_hidden":0,"_bbp_reply_count_hidden":0,"_bbp_forum_subforum_count":0,"site-sidebar-layout":"default","site-content-layout":"","ast-site-content-layout":"default","site-content-style":"default","site-sidebar-style":"default","ast-global-header-display":"","ast-banner-title-visibility":"","ast-main-header-display":"","ast-hfb-above-header-display":"","ast-hfb-below-header-display":"","ast-hfb-mobile-header-display":"","site-post-title":"","ast-breadcrumbs-content":"","ast-featured-img":"","footer-sml-layout":"","theme-transparent-header-meta":"default","adv-header-id-meta":"","stick-header-meta":"","header-above-stick-meta":"","header-main-stick-meta":"","header-below-stick-meta":"","astra-migrate-meta-layouts":"set","ast-page-background-enabled":"default","ast-page-background-meta":{"desktop":{"background-color":"var(--ast-global-color-4)","background-image":"","background-repeat":"repeat","background-position":"center center","background-size":"auto","background-attachment":"scroll","background-type":"","background-media":"","overlay-type":"","overlay-color":"","overlay-opacity":"","overlay-gradient":""},"tablet":{"background-color":"","background-image":"","background-repeat":"repeat","background-position":"center center","background-size":"auto","background-attachment":"scroll","background-type":"","background-media":"","overlay-type":"","overlay-color":"","overlay-opacity":"","overlay-gradient":""},"mobile":{"background-color":"","background-image":"","background-repeat":"repeat","background-position":"center center","background-size":"auto","background-attachment":"scroll","background-type":"","background-media":"","overlay-type":"","overlay-color":"","overlay-opacity":"","overlay-gradient":""}},"ast-content-background-meta":{"desktop":{"background-color":"var(--ast-global-color-5)","background-image":"","background-repeat":"repeat","background-position":"center center","background-size":"auto","background-attachment":"scroll","background-type":"","background-media":"","overlay-type":"","overlay-color":"","overlay-opacity":"","overlay-gradient":""},"tablet":{"background-color":"var(--ast-global-color-5)","background-image":"","background-repeat":"repeat","background-position":"center center","background-size":"auto","background-attachment":"scroll","background-type":"","background-media":"","overlay-type":"","overlay-color":"","overlay-opacity":"","overlay-gradient":""},"mobile":{"background-color":"var(--ast-global-color-5)","background-image":"","background-repeat":"repeat","background-position":"center center","background-size":"auto","background-attachment":"scroll","background-type":"","background-media":"","overlay-type":"","overlay-color":"","overlay-opacity":"","overlay-gradient":""}},"footnotes":""},"class_list":["post-3702","page","type-page","status-publish","hentry"],"post_mailing_queue_ids":[],"_links":{"self":[{"href":"https:\/\/agora.xtec.cat\/iesdauro\/wp-json\/wp\/v2\/pages\/3702","targetHints":{"allow":["GET"]}}],"collection":[{"href":"https:\/\/agora.xtec.cat\/iesdauro\/wp-json\/wp\/v2\/pages"}],"about":[{"href":"https:\/\/agora.xtec.cat\/iesdauro\/wp-json\/wp\/v2\/types\/page"}],"author":[{"embeddable":true,"href":"https:\/\/agora.xtec.cat\/iesdauro\/wp-json\/wp\/v2\/users\/1"}],"replies":[{"embeddable":true,"href":"https:\/\/agora.xtec.cat\/iesdauro\/wp-json\/wp\/v2\/comments?post=3702"}],"version-history":[{"count":6,"href":"https:\/\/agora.xtec.cat\/iesdauro\/wp-json\/wp\/v2\/pages\/3702\/revisions"}],"predecessor-version":[{"id":3855,"href":"https:\/\/agora.xtec.cat\/iesdauro\/wp-json\/wp\/v2\/pages\/3702\/revisions\/3855"}],"up":[{"embeddable":true,"href":"https:\/\/agora.xtec.cat\/iesdauro\/wp-json\/wp\/v2\/pages\/3751"}],"wp:attachment":[{"href":"https:\/\/agora.xtec.cat\/iesdauro\/wp-json\/wp\/v2\/media?parent=3702"}],"curies":[{"name":"wp","href":"https:\/\/api.w.org\/{rel}","templated":true}]}}

Preinscripció i matrícula curs 26-27

<p><a href="https://agora.xtec.cat/iesdauro/wp-content/uploads/usu2955/2026/02/CALENDARI-DAURO-MINI.jpg"><img loading="lazy" decoding="async" class="wp-image-3683 aligncenter" src="https://agora.xtec.cat/iesdauro/wp-content/uploads/usu2955/2026/02/CALENDARI-DAURO-MINI.jpg" alt="" width="302" height="201" /></a></p>
<p>Les jornades de portes obertes seran:</p>
<ul>
<li style="list-style-type: none;">
<ul>
<li>ESO: <strong>3 de març del 2026</strong> <strong>a les 18 h.</strong> Es farà una visita guiada pel centre i a les 19 h, es farà una xerrada a la cantina per a aquelles famílies de centres no adscrits i les de centres adscrits que no hagin pogut anar a les reunions de les seves escoles de primària.</li>
<li>BATX: <strong>3 de març del 2026</strong> <strong>a les 18 h</strong>. Es començarà amb una xerrada a la cantina del centre, i a les 19 h es farà una visita guiada per a totes aquelles famílies que no siguin del centre o bé, vulguin veure&#8217;l.</li>
</ul>
</li>
</ul>
<p>Per a la preinscripció de 1r d&#8217;ESO es faran xerrades per a les famílies a les escoles de primària dels centres adscrits en les dates:</p>
<ul>
<li style="list-style-type: none;">
<ul>
<li>Escola L&#8217;Olivar: <strong>25 de febrer del 2026 </strong>a les 16.30 h.</li>
<li>Escola La Serreta: <strong>26 de febrer del 2026 </strong>a les 16.30 h.</li>
<li>Escola Riu d&#8217;Or: <strong>2 de març del 2026 </strong>a les 16.30 h.</li>
</ul>
</li>
</ul>
<p style="text-align: center;"><strong><span style="color: #ff0000;">El 2 de març a les 18 h es farà una xerrada per part d&#8217;Inspecció Educativa al Convent de Sant Francesc relativa al procés de preinscripció. </span></strong></p>

<p>Les jornades de portes obertes seran: ESO: 3 de març del 2026 a les 18 h. Es farà una visita guiada pel centre i a les 19 h, es farà una xerrada a la cantina per a aquelles famílies de centres no adscrits i les de centres adscrits que no hagin pogut anar a les [&hellip;]</p>
