{"id":3545,"date":"2026-01-15T23:18:01","date_gmt":"2026-01-15T22:18:01","guid":{"rendered":"https:\/\/agora.xtec.cat\/iesdauro\/?page_id=3545"},"modified":"2026-02-11T15:53:13","modified_gmt":"2026-02-11T14:53:13","slug":"organigrama-de-centre","status":"publish","type":"page","link":"https:\/\/agora.xtec.cat\/iesdauro\/organigrama-de-centre\/","title":{"rendered":"Organigrama de centre"},"content":{"rendered":"\n<p class=\"has-medium-font-size\"><span style=\"font-weight: 400;\">L\u2019equip directiu del curs 25\/26 \u00e9s el seg\u00fcent:<\/span><\/p>\n\n\n\n<ul class=\"wp-block-list\">\n<li><b>Directora: <\/b><span style=\"font-weight: 400;\">Llu\u00efsa Peralba Garc\u00eda<\/span><\/li>\n\n\n\n<li><b>Cap d\u2019estudis: <\/b><span style=\"font-weight: 400;\">Ol\u00edvia Basiana Mart\u00ed<\/span><\/li>\n\n\n\n<li><b>Coordinadora pedag\u00f2gica: <\/b><span style=\"font-weight: 400;\">Montserrat Berenguer Alert<\/span><\/li>\n\n\n\n<li><b>Secret\u00e0ria: <\/b><span style=\"font-weight: 400;\">Elisenda Vilarrasa Mas<\/span><\/li>\n<\/ul>\n\n\n\n<p><span style=\"font-weight: 400;\">L\u2019equip pedag\u00f2gic es distribueix de la seg\u00fcent manera:<\/span><\/p>\n\n\n\n<figure class=\"wp-block-table is-style-regular has-small-font-size\"><table style=\"border-width:rem\"><thead><tr><th>\u00c0REA PEDAG\u00d2GICA<\/th><th>DOCENT<\/th><th>C\u00c0RREC<\/th><\/tr><\/thead><tbody><tr><td rowspan=\"11\">Lleng\u00fces<\/td><td>Clara Salvador<\/td><td>Cap d&#8217;\u00e0rea de lleng\u00fces \/ cotutora 2n BATX<\/td><\/tr><tr><td>Lloren\u00e7 Capdevila<\/td><td>Coordinador 3r ESO<\/td><\/tr><tr><td>M\u00f2nica P\u00e9rez<\/td><td>Tutora 4t ESO D<\/td><\/tr><tr><td>Carme Carrera<\/td><td>Tutora 3r ESO B<\/td><\/tr><tr><td>Pau Gonz\u00e0lez<\/td><td>Cotutor 2n ESO A<\/td><\/tr><tr><td>Helena Barreda<\/td><td>Cotutora 4t ESO<\/td><\/tr><tr><td>Marc Lantar\u00f3n<\/td><td>Tutor 2n ESO D<\/td><\/tr><tr><td>S\u00edlvia P\u00e9rez<\/td><td>Tutora 2n ESO C<\/td><\/tr><tr><td>Elena Vives<\/td><td>Tutora 1r BATX A<\/td><\/tr><tr><td>Angie Villam\u00e1n<\/td><td>&nbsp;<\/td><\/tr><tr><td>Roc\u00edo Poyato<\/td><td>Coordinadora de biblioteca \/ Cotutora 2n BATX<\/td><\/tr><tr><td rowspan=\"7\">Lleng\u00fces Estrangeres<\/td><td>Jordina T\u00e0pia (Franc\u00e8s)<\/td><td>Cap d&#8217;\u00e0rea de lleng\u00fces estrangeres<\/td><\/tr><tr><td>Ol\u00edvia Basiana<\/td><td>Cap d&#8217;estudis<\/td><\/tr><tr><td>Elisenda Vilarrasa<\/td><td>Secret\u00e0ria<\/td><\/tr><tr><td>Sole Gonzalo<\/td><td>Tutora 4t ESO B<\/td><\/tr><tr><td>Ester Ru\u00edz<\/td><td>&nbsp;<\/td><\/tr><tr><td>Ampa Gil<\/td><td>&nbsp;<\/td><\/tr><tr><td>Rosa Colom (Alemany)<\/td><td>Cotutora 1r ESO D<\/td><\/tr><tr><td rowspan=\"7\">Socials<\/td><td>Miquel Raich<\/td><td>Cap d&#8217;\u00e0rea de socials \/ Cotutor de 3r ESO<\/td><\/tr><tr><td>Anna Ventura<\/td><td>Coordinadora de Batxillerat<\/td><\/tr><tr><td>Adri\u00e0 Cases<\/td><td>Cotutor 4t ESO<\/td><\/tr><tr><td>Meritxell Garcia<\/td><td>Tutora 4t ESO C<\/td><\/tr><tr><td>Jordi Alsina<\/td><td>Cotutor 2n ESO C<\/td><\/tr><tr><td>Gl\u00f2ria Valls<\/td><td>Cotutora 1r ESO<\/td><\/tr><tr><td>Andr\u00e9s Barquero<\/td><td>Tutor 2n BATX B<\/td><\/tr><tr><td rowspan=\"6\">Expressions<\/td><td>Mireia Perx\u00e9s<\/td><td>Cap d&#8217;\u00e0rea d&#8217;expressions \/ Tutora 3r ESO D<\/td><\/tr><tr><td>Gemma Sensada<\/td><td>Tutora 1r ESO A \/ Coordinadora de xarxes i p\u00e0gina web<\/td><\/tr><tr><td>Lourdes Aymerich<\/td><td>Coordinadora 4t ESO<\/td><\/tr><tr><td>D\u00eddac Batll\u00f3<\/td><td>Tutor 1r BATX B<\/td><\/tr><tr><td>Sergi Erra<\/td><td>Tutor 1r ESO D<\/td><\/tr><tr><td>M\u00f2nica Cerdans<\/td><td>Tutora 1r ESO B<\/td><\/tr><tr><td rowspan=\"8\">Matem\u00e0tiques<\/td><td>Teresa Prat<\/td><td>Cap d&#8217;\u00e0rea de matem\u00e0tiques \/ Cotutora 1r BATX<\/td><\/tr><tr><td>Anabel L\u00f3pez<\/td><td>Tutora 2n ESO A<\/td><\/tr><tr><td>Neu Claret<\/td><td>Coordinadora 2n ESO<\/td><\/tr><tr><td>Maria Rubi\u00f3<\/td><td>Coordinadora 1r ESO<\/td><\/tr><tr><td>Nia Colldeforns<\/td><td>Tutora 3r ESO A<\/td><\/tr><tr><td>Laura G\u00f3mez<\/td><td>Coordinadora iEduca<\/td><\/tr><tr><td>Mara Fuentes<\/td><td>&nbsp;<\/td><\/tr><tr><td>Marc Riu<\/td><td>&nbsp;<\/td><\/tr><tr><td rowspan=\"7\">Ci\u00e8ncies<\/td><td>Marcel\u00b7l\u00ed Bonilla<\/td><td>Cap d&#8217;\u00e0rea de ci\u00e8ncies \/ Cotutor 3r ESO<\/td><\/tr><tr><td>Anna Pla<\/td><td>Tutora 3r ESO C<\/td><\/tr><tr><td>Montse Calderer<\/td><td>Tutora 2n ESO B<\/td><\/tr><tr><td>Pedro Mart\u00ednez<\/td><td>Coordinador de sortides \/ Cotutor 1r BATX<\/td><\/tr><tr><td>Angelina Rotx\u00e9s<\/td><td>Cotutora 2n ESO<\/td><\/tr><tr><td>Llu\u00efsa Peralba<\/td><td>Directora<\/td><\/tr><tr><td>Alba Capsada<\/td><td>Cotutora 1r ESO<\/td><\/tr><tr><td rowspan=\"5\">Tecnologia<\/td><td>Llu\u00eds Salvador<\/td><td>Cap d&#8217;\u00e0rea de tecnologia \/ Coordinador digital<\/td><\/tr><tr><td>Olga Pano<\/td><td>Coordinadora riscos \/ Cotutora 3r ESO<\/td><\/tr><tr><td>Marc Massana<\/td><td>Cotutor 1r ESO<\/td><\/tr><tr><td>Eudald Bonals<\/td><td>Tutor 1r ESO<\/td><\/tr><tr><td>\u00d2scar Pacheco<\/td><td>&nbsp;<\/td><\/tr><tr><td rowspan=\"3\">Orientaci\u00f3 Educativa<\/td><td>Montse Alsina<\/td><td>COCOBE \/ Cotutora 2n ESO<\/td><\/tr><tr><td>Montse Berenguer<\/td><td>Coordinadora pedag\u00f2gica<\/td><\/tr><tr><td>Marc del Rey<\/td><td>Cotutor 3r ESO<\/td><\/tr><\/tbody><\/table><\/figure>\n\n\n\n<p><span style=\"font-weight: 400;\">Al centre tamb\u00e9 hi treballen quatre persones del PAS, dos subalterns i dues administratives:<\/span><\/p>\n\n\n\n<ul class=\"wp-block-list\">\n<li><b>Subaltern:<\/b><span style=\"font-weight: 400;\"> Alfred Salvad\u00f3<\/span><\/li>\n\n\n\n<li><b>Subaltern: <\/b><span style=\"font-weight: 400;\">David Plana<\/span><\/li>\n\n\n\n<li><b>Administrativa: <\/b><span style=\"font-weight: 400;\">S\u00edlvia Molero<\/span><\/li>\n\n\n\n<li><b>Administrativa:<\/b><span style=\"font-weight: 400;\"> Cristina Vila&nbsp;<\/span><\/li>\n<\/ul>\n\n\n\n<p><span style=\"font-weight: 400;\">A m\u00e9s a m\u00e9s, hi ha dues persones contractades per l\u2019AFA que donen suport administratiu a l\u2019AFA i inform\u00e0tic als alumnes i fam\u00edlies del centre:<\/span><\/p>\n\n\n\n<ul class=\"wp-block-list\">\n<li><b>Suport inform\u00e0tic:<\/b><span style=\"font-weight: 400;\"> Abdelouahid Akhazzan<\/span><\/li>\n\n\n\n<li><b>Suport administratiu i monitoratge de biblioteca: <\/b><span style=\"font-weight: 400;\">Helena Garc\u00eda<\/span><\/li>\n<\/ul>\n\n\n\n<p>&nbsp;<\/p>\n\n\n\n<p><br style=\"font-weight: 400;\"><br style=\"font-weight: 400;\"><\/p>\n","protected":false},"excerpt":{"rendered":"<p>L\u2019equip directiu del curs 25\/26 \u00e9s el seg\u00fcent: L\u2019equip pedag\u00f2gic es distribueix de la seg\u00fcent manera: \u00c0REA PEDAG\u00d2GICA DOCENT C\u00c0RREC Lleng\u00fces Clara Salvador Cap d&#8217;\u00e0rea de lleng\u00fces \/ cotutora 2n BATX Lloren\u00e7 Capdevila Coordinador 3r ESO M\u00f2nica P\u00e9rez Tutora 4t ESO D Carme Carrera Tutora 3r ESO B Pau Gonz\u00e0lez Cotutor 2n ESO A Helena [&hellip;]<\/p>\n","protected":false},"author":1,"featured_media":0,"parent":0,"menu_order":0,"comment_status":"closed","ping_status":"closed","template":"","meta":{"_bbp_topic_count":0,"_bbp_reply_count":0,"_bbp_total_topic_count":0,"_bbp_total_reply_count":0,"_bbp_voice_count":0,"_bbp_anonymous_reply_count":0,"_bbp_topic_count_hidden":0,"_bbp_reply_count_hidden":0,"_bbp_forum_subforum_count":0,"site-sidebar-layout":"left-sidebar","site-content-layout":"","ast-site-content-layout":"default","site-content-style":"default","site-sidebar-style":"default","ast-global-header-display":"","ast-banner-title-visibility":"","ast-main-header-display":"","ast-hfb-above-header-display":"","ast-hfb-below-header-display":"","ast-hfb-mobile-header-display":"","site-post-title":"","ast-breadcrumbs-content":"","ast-featured-img":"","footer-sml-layout":"","theme-transparent-header-meta":"default","adv-header-id-meta":"","stick-header-meta":"","header-above-stick-meta":"","header-main-stick-meta":"","header-below-stick-meta":"","astra-migrate-meta-layouts":"set","ast-page-background-enabled":"default","ast-page-background-meta":{"desktop":{"background-color":"var(--ast-global-color-4)","background-image":"","background-repeat":"repeat","background-position":"center center","background-size":"auto","background-attachment":"scroll","background-type":"","background-media":"","overlay-type":"","overlay-color":"","overlay-opacity":"","overlay-gradient":""},"tablet":{"background-color":"","background-image":"","background-repeat":"repeat","background-position":"center center","background-size":"auto","background-attachment":"scroll","background-type":"","background-media":"","overlay-type":"","overlay-color":"","overlay-opacity":"","overlay-gradient":""},"mobile":{"background-color":"","background-image":"","background-repeat":"repeat","background-position":"center center","background-size":"auto","background-attachment":"scroll","background-type":"","background-media":"","overlay-type":"","overlay-color":"","overlay-opacity":"","overlay-gradient":""}},"ast-content-background-meta":{"desktop":{"background-color":"var(--ast-global-color-5)","background-image":"","background-repeat":"repeat","background-position":"center center","background-size":"auto","background-attachment":"scroll","background-type":"","background-media":"","overlay-type":"","overlay-color":"","overlay-opacity":"","overlay-gradient":""},"tablet":{"background-color":"var(--ast-global-color-5)","background-image":"","background-repeat":"repeat","background-position":"center center","background-size":"auto","background-attachment":"scroll","background-type":"","background-media":"","overlay-type":"","overlay-color":"","overlay-opacity":"","overlay-gradient":""},"mobile":{"background-color":"var(--ast-global-color-5)","background-image":"","background-repeat":"repeat","background-position":"center center","background-size":"auto","background-attachment":"scroll","background-type":"","background-media":"","overlay-type":"","overlay-color":"","overlay-opacity":"","overlay-gradient":""}},"footnotes":""},"class_list":["post-3545","page","type-page","status-publish","hentry"],"post_mailing_queue_ids":[],"_links":{"self":[{"href":"https:\/\/agora.xtec.cat\/iesdauro\/wp-json\/wp\/v2\/pages\/3545","targetHints":{"allow":["GET"]}}],"collection":[{"href":"https:\/\/agora.xtec.cat\/iesdauro\/wp-json\/wp\/v2\/pages"}],"about":[{"href":"https:\/\/agora.xtec.cat\/iesdauro\/wp-json\/wp\/v2\/types\/page"}],"author":[{"embeddable":true,"href":"https:\/\/agora.xtec.cat\/iesdauro\/wp-json\/wp\/v2\/users\/1"}],"replies":[{"embeddable":true,"href":"https:\/\/agora.xtec.cat\/iesdauro\/wp-json\/wp\/v2\/comments?post=3545"}],"version-history":[{"count":6,"href":"https:\/\/agora.xtec.cat\/iesdauro\/wp-json\/wp\/v2\/pages\/3545\/revisions"}],"predecessor-version":[{"id":3763,"href":"https:\/\/agora.xtec.cat\/iesdauro\/wp-json\/wp\/v2\/pages\/3545\/revisions\/3763"}],"wp:attachment":[{"href":"https:\/\/agora.xtec.cat\/iesdauro\/wp-json\/wp\/v2\/media?parent=3545"}],"curies":[{"name":"wp","href":"https:\/\/api.w.org\/{rel}","templated":true}]}}

<p class="has-medium-font-size"><span style="font-weight: 400;">L’equip directiu del curs 25/26 és el següent:</span></p>



<ul class="wp-block-list">
<li><b>Directora: </b><span style="font-weight: 400;">Lluïsa Peralba García</span></li>



<li><b>Cap d’estudis: </b><span style="font-weight: 400;">Olívia Basiana Martí</span></li>



<li><b>Coordinadora pedagògica: </b><span style="font-weight: 400;">Montserrat Berenguer Alert</span></li>



<li><b>Secretària: </b><span style="font-weight: 400;">Elisenda Vilarrasa Mas</span></li>
</ul>



<p><span style="font-weight: 400;">L’equip pedagògic es distribueix de la següent manera:</span></p>



<figure class="wp-block-table is-style-regular has-small-font-size"><table style="border-width:rem"><thead><tr><th>ÀREA PEDAGÒGICA</th><th>DOCENT</th><th>CÀRREC</th></tr></thead><tbody><tr><td rowspan="11">Llengües</td><td>Clara Salvador</td><td>Cap d&#8217;àrea de llengües / cotutora 2n BATX</td></tr><tr><td>Llorenç Capdevila</td><td>Coordinador 3r ESO</td></tr><tr><td>Mònica Pérez</td><td>Tutora 4t ESO D</td></tr><tr><td>Carme Carrera</td><td>Tutora 3r ESO B</td></tr><tr><td>Pau Gonzàlez</td><td>Cotutor 2n ESO A</td></tr><tr><td>Helena Barreda</td><td>Cotutora 4t ESO</td></tr><tr><td>Marc Lantarón</td><td>Tutor 2n ESO D</td></tr><tr><td>Sílvia Pérez</td><td>Tutora 2n ESO C</td></tr><tr><td>Elena Vives</td><td>Tutora 1r BATX A</td></tr><tr><td>Angie Villamán</td><td>&nbsp;</td></tr><tr><td>Rocío Poyato</td><td>Coordinadora de biblioteca / Cotutora 2n BATX</td></tr><tr><td rowspan="7">Llengües Estrangeres</td><td>Jordina Tàpia (Francès)</td><td>Cap d&#8217;àrea de llengües estrangeres</td></tr><tr><td>Olívia Basiana</td><td>Cap d&#8217;estudis</td></tr><tr><td>Elisenda Vilarrasa</td><td>Secretària</td></tr><tr><td>Sole Gonzalo</td><td>Tutora 4t ESO B</td></tr><tr><td>Ester Ruíz</td><td>&nbsp;</td></tr><tr><td>Ampa Gil</td><td>&nbsp;</td></tr><tr><td>Rosa Colom (Alemany)</td><td>Cotutora 1r ESO D</td></tr><tr><td rowspan="7">Socials</td><td>Miquel Raich</td><td>Cap d&#8217;àrea de socials / Cotutor de 3r ESO</td></tr><tr><td>Anna Ventura</td><td>Coordinadora de Batxillerat</td></tr><tr><td>Adrià Cases</td><td>Cotutor 4t ESO</td></tr><tr><td>Meritxell Garcia</td><td>Tutora 4t ESO C</td></tr><tr><td>Jordi Alsina</td><td>Cotutor 2n ESO C</td></tr><tr><td>Glòria Valls</td><td>Cotutora 1r ESO</td></tr><tr><td>Andrés Barquero</td><td>Tutor 2n BATX B</td></tr><tr><td rowspan="6">Expressions</td><td>Mireia Perxés</td><td>Cap d&#8217;àrea d&#8217;expressions / Tutora 3r ESO D</td></tr><tr><td>Gemma Sensada</td><td>Tutora 1r ESO A / Coordinadora de xarxes i pàgina web</td></tr><tr><td>Lourdes Aymerich</td><td>Coordinadora 4t ESO</td></tr><tr><td>Dídac Batlló</td><td>Tutor 1r BATX B</td></tr><tr><td>Sergi Erra</td><td>Tutor 1r ESO D</td></tr><tr><td>Mònica Cerdans</td><td>Tutora 1r ESO B</td></tr><tr><td rowspan="8">Matemàtiques</td><td>Teresa Prat</td><td>Cap d&#8217;àrea de matemàtiques / Cotutora 1r BATX</td></tr><tr><td>Anabel López</td><td>Tutora 2n ESO A</td></tr><tr><td>Neu Claret</td><td>Coordinadora 2n ESO</td></tr><tr><td>Maria Rubió</td><td>Coordinadora 1r ESO</td></tr><tr><td>Nia Colldeforns</td><td>Tutora 3r ESO A</td></tr><tr><td>Laura Gómez</td><td>Coordinadora iEduca</td></tr><tr><td>Mara Fuentes</td><td>&nbsp;</td></tr><tr><td>Marc Riu</td><td>&nbsp;</td></tr><tr><td rowspan="7">Ciències</td><td>Marcel·lí Bonilla</td><td>Cap d&#8217;àrea de ciències / Cotutor 3r ESO</td></tr><tr><td>Anna Pla</td><td>Tutora 3r ESO C</td></tr><tr><td>Montse Calderer</td><td>Tutora 2n ESO B</td></tr><tr><td>Pedro Martínez</td><td>Coordinador de sortides / Cotutor 1r BATX</td></tr><tr><td>Angelina Rotxés</td><td>Cotutora 2n ESO</td></tr><tr><td>Lluïsa Peralba</td><td>Directora</td></tr><tr><td>Alba Capsada</td><td>Cotutora 1r ESO</td></tr><tr><td rowspan="5">Tecnologia</td><td>Lluís Salvador</td><td>Cap d&#8217;àrea de tecnologia / Coordinador digital</td></tr><tr><td>Olga Pano</td><td>Coordinadora riscos / Cotutora 3r ESO</td></tr><tr><td>Marc Massana</td><td>Cotutor 1r ESO</td></tr><tr><td>Eudald Bonals</td><td>Tutor 1r ESO</td></tr><tr><td>Òscar Pacheco</td><td>&nbsp;</td></tr><tr><td rowspan="3">Orientació Educativa</td><td>Montse Alsina</td><td>COCOBE / Cotutora 2n ESO</td></tr><tr><td>Montse Berenguer</td><td>Coordinadora pedagògica</td></tr><tr><td>Marc del Rey</td><td>Cotutor 3r ESO</td></tr></tbody></table></figure>



<p><span style="font-weight: 400;">Al centre també hi treballen quatre persones del PAS, dos subalterns i dues administratives:</span></p>



<ul class="wp-block-list">
<li><b>Subaltern:</b><span style="font-weight: 400;"> Alfred Salvadó</span></li>



<li><b>Subaltern: </b><span style="font-weight: 400;">David Plana</span></li>



<li><b>Administrativa: </b><span style="font-weight: 400;">Sílvia Molero</span></li>



<li><b>Administrativa:</b><span style="font-weight: 400;"> Cristina Vila&nbsp;</span></li>
</ul>



<p><span style="font-weight: 400;">A més a més, hi ha dues persones contractades per l’AFA que donen suport administratiu a l’AFA i informàtic als alumnes i famílies del centre:</span></p>



<ul class="wp-block-list">
<li><b>Suport informàtic:</b><span style="font-weight: 400;"> Abdelouahid Akhazzan</span></li>



<li><b>Suport administratiu i monitoratge de biblioteca: </b><span style="font-weight: 400;">Helena García</span></li>
</ul>



<p>&nbsp;</p>



<p><br style="font-weight: 400;"><br style="font-weight: 400;"></p>

<p>L’equip directiu del curs 25/26 és el següent: L’equip pedagògic es distribueix de la següent manera: ÀREA PEDAGÒGICA DOCENT CÀRREC Llengües Clara Salvador Cap d&#8217;àrea de llengües / cotutora 2n BATX Llorenç Capdevila Coordinador 3r ESO Mònica Pérez Tutora 4t ESO D Carme Carrera Tutora 3r ESO B Pau Gonzàlez Cotutor 2n ESO A Helena [&hellip;]</p>
