{"id":3410,"date":"2025-12-15T14:07:37","date_gmt":"2025-12-15T13:07:37","guid":{"rendered":"https:\/\/agora.xtec.cat\/iesdauro\/?page_id=3410"},"modified":"2026-03-17T10:58:24","modified_gmt":"2026-03-17T09:58:24","slug":"erasmus-2025-2026","status":"publish","type":"page","link":"https:\/\/agora.xtec.cat\/iesdauro\/erasmus-1\/erasmus-2025-2026\/","title":{"rendered":"Erasmus 2025-2026"},"content":{"rendered":"\n<p class=\"entry-title has-ast-global-color-0-color has-text-color has-link-color has-medium-font-size wp-elements-cb05cb733a2b4f625a9a052eca547790\"><a href=\"https:\/\/agora.xtec.cat\/iesdauro\/portada\/erasmus-immersio-linguistica-a-neuss-alemanya\/\">Erasmus+ Immersi\u00f3 ling\u00fc\u00edstica a Neuss, Alemanya<\/a><\/p>\n\n\n\n<p class=\"entry-title has-ast-global-color-0-color has-text-color has-link-color has-medium-font-size wp-elements-10969baeeadddcdf81e8c8d4ad79565e\"><a href=\"https:\/\/agora.xtec.cat\/iesdauro\/portada\/participen-en-una-mobilitat-erasmus-de-curta-estada-a-linstitut-ribeaupierre\/\">Participen en una mobilitat Erasmus+ de curta estada a l\u2019Institut Ribeaupierre.<\/a><\/p>\n\n\n\n<p class=\"has-ast-global-color-0-color has-text-color has-link-color has-medium-font-size wp-elements-f62aee4d8edf1ca682facab35ea9f21d\"><a href=\"https:\/\/agora.xtec.cat\/iesdauro\/portada\/erasmus-mobilitat-del-grup-destudiants-a-kavala-2025\/\">Erasmus + Mobilitat del grup d&#8217;estudiants a Kavala 2025<\/a><\/p>\n\n\n\n<p class=\"has-ast-global-color-0-color has-text-color has-link-color has-medium-font-size wp-elements-7c63c4b969eba8d8ecb8e63ad5d8f246\"><a href=\"https:\/\/agora.xtec.cat\/iesdauro\/portada\/erasmus-students-mobility-in-kavala-2025\/\">Erasmus + Students mobility in Kavala 2025<\/a><\/p>\n\n\n\n<p class=\"has-ast-global-color-0-color has-text-color has-link-color has-medium-font-size wp-elements-80b0a03f4b037d95940084da3c3975f8\"><a href=\"https:\/\/agora.xtec.cat\/iesdauro\/portada\/erasmus-a-txequia\/\">Erasmus + Tx\u00e8quia 2026<\/a><\/p>\n\n\n\n<p class=\"has-ast-global-color-0-color has-text-color has-link-color has-medium-font-size wp-elements-1aaffb7e1f314474f1d149b1065c0a93\"><a href=\"https:\/\/agora.xtec.cat\/iesdauro\/portada\/erasmus-week-6%ce%bf-%ce%b3%cf%85%ce%bc%ce%bd%ce%ac%cf%83%ce%b9%ce%bf-%ce%ba%ce%b1%ce%b2%ce%ac%ce%bb%ce%b1%cf%82-welcome-to-santpedor\/\">Erasmus + Mobilitat d&#8217;estudiants i docents Grecs a Santpedor<\/a><\/p>\n\n\n\n<p class=\"has-ast-global-color-0-color has-text-color has-link-color has-medium-font-size wp-elements-ef7b506bcc23c4c9d0a3a8528f8bdd06\"><a href=\"https:\/\/agora.xtec.cat\/iesdauro\/portada\/erasmus-mobility-of-greek-students-and-teachers-in-santpedor\/\">Erasmus + Mobility of Greek students and teachers in Santpedor<\/a><\/p>\n","protected":false},"excerpt":{"rendered":"<p>Erasmus+ Immersi\u00f3 ling\u00fc\u00edstica a Neuss, Alemanya Participen en una mobilitat Erasmus+ de curta estada a l\u2019Institut Ribeaupierre. Erasmus + Mobilitat del grup d&#8217;estudiants a Kavala 2025 Erasmus + Students mobility in Kavala 2025 Erasmus + Tx\u00e8quia 2026 Erasmus + Mobilitat d&#8217;estudiants i docents Grecs a Santpedor Erasmus + Mobility of Greek students and teachers in [&hellip;]<\/p>\n","protected":false},"author":1,"featured_media":0,"parent":1599,"menu_order":0,"comment_status":"closed","ping_status":"closed","template":"","meta":{"_bbp_topic_count":0,"_bbp_reply_count":0,"_bbp_total_topic_count":0,"_bbp_total_reply_count":0,"_bbp_voice_count":0,"_bbp_anonymous_reply_count":0,"_bbp_topic_count_hidden":0,"_bbp_reply_count_hidden":0,"_bbp_forum_subforum_count":0,"site-sidebar-layout":"default","site-content-layout":"","ast-site-content-layout":"default","site-content-style":"default","site-sidebar-style":"default","ast-global-header-display":"","ast-banner-title-visibility":"","ast-main-header-display":"","ast-hfb-above-header-display":"","ast-hfb-below-header-display":"","ast-hfb-mobile-header-display":"","site-post-title":"","ast-breadcrumbs-content":"","ast-featured-img":"","footer-sml-layout":"","theme-transparent-header-meta":"","adv-header-id-meta":"","stick-header-meta":"","header-above-stick-meta":"","header-main-stick-meta":"","header-below-stick-meta":"","astra-migrate-meta-layouts":"set","ast-page-background-enabled":"default","ast-page-background-meta":{"desktop":{"background-color":"var(--ast-global-color-4)","background-image":"","background-repeat":"repeat","background-position":"center center","background-size":"auto","background-attachment":"scroll","background-type":"","background-media":"","overlay-type":"","overlay-color":"","overlay-opacity":"","overlay-gradient":""},"tablet":{"background-color":"","background-image":"","background-repeat":"repeat","background-position":"center center","background-size":"auto","background-attachment":"scroll","background-type":"","background-media":"","overlay-type":"","overlay-color":"","overlay-opacity":"","overlay-gradient":""},"mobile":{"background-color":"","background-image":"","background-repeat":"repeat","background-position":"center center","background-size":"auto","background-attachment":"scroll","background-type":"","background-media":"","overlay-type":"","overlay-color":"","overlay-opacity":"","overlay-gradient":""}},"ast-content-background-meta":{"desktop":{"background-color":"var(--ast-global-color-5)","background-image":"","background-repeat":"repeat","background-position":"center center","background-size":"auto","background-attachment":"scroll","background-type":"","background-media":"","overlay-type":"","overlay-color":"","overlay-opacity":"","overlay-gradient":""},"tablet":{"background-color":"var(--ast-global-color-5)","background-image":"","background-repeat":"repeat","background-position":"center center","background-size":"auto","background-attachment":"scroll","background-type":"","background-media":"","overlay-type":"","overlay-color":"","overlay-opacity":"","overlay-gradient":""},"mobile":{"background-color":"var(--ast-global-color-5)","background-image":"","background-repeat":"repeat","background-position":"center center","background-size":"auto","background-attachment":"scroll","background-type":"","background-media":"","overlay-type":"","overlay-color":"","overlay-opacity":"","overlay-gradient":""}},"footnotes":""},"class_list":["post-3410","page","type-page","status-publish","hentry"],"post_mailing_queue_ids":[],"_links":{"self":[{"href":"https:\/\/agora.xtec.cat\/iesdauro\/wp-json\/wp\/v2\/pages\/3410","targetHints":{"allow":["GET"]}}],"collection":[{"href":"https:\/\/agora.xtec.cat\/iesdauro\/wp-json\/wp\/v2\/pages"}],"about":[{"href":"https:\/\/agora.xtec.cat\/iesdauro\/wp-json\/wp\/v2\/types\/page"}],"author":[{"embeddable":true,"href":"https:\/\/agora.xtec.cat\/iesdauro\/wp-json\/wp\/v2\/users\/1"}],"replies":[{"embeddable":true,"href":"https:\/\/agora.xtec.cat\/iesdauro\/wp-json\/wp\/v2\/comments?post=3410"}],"version-history":[{"count":6,"href":"https:\/\/agora.xtec.cat\/iesdauro\/wp-json\/wp\/v2\/pages\/3410\/revisions"}],"predecessor-version":[{"id":3919,"href":"https:\/\/agora.xtec.cat\/iesdauro\/wp-json\/wp\/v2\/pages\/3410\/revisions\/3919"}],"up":[{"embeddable":true,"href":"https:\/\/agora.xtec.cat\/iesdauro\/wp-json\/wp\/v2\/pages\/1599"}],"wp:attachment":[{"href":"https:\/\/agora.xtec.cat\/iesdauro\/wp-json\/wp\/v2\/media?parent=3410"}],"curies":[{"name":"wp","href":"https:\/\/api.w.org\/{rel}","templated":true}]}}

<p class="entry-title has-ast-global-color-0-color has-text-color has-link-color has-medium-font-size wp-elements-cb05cb733a2b4f625a9a052eca547790"><a href="https://agora.xtec.cat/iesdauro/portada/erasmus-immersio-linguistica-a-neuss-alemanya/">Erasmus+ Immersió lingüística a Neuss, Alemanya</a></p>



<p class="entry-title has-ast-global-color-0-color has-text-color has-link-color has-medium-font-size wp-elements-10969baeeadddcdf81e8c8d4ad79565e"><a href="https://agora.xtec.cat/iesdauro/portada/participen-en-una-mobilitat-erasmus-de-curta-estada-a-linstitut-ribeaupierre/">Participen en una mobilitat Erasmus+ de curta estada a l’Institut Ribeaupierre.</a></p>



<p class="has-ast-global-color-0-color has-text-color has-link-color has-medium-font-size wp-elements-f62aee4d8edf1ca682facab35ea9f21d"><a href="https://agora.xtec.cat/iesdauro/portada/erasmus-mobilitat-del-grup-destudiants-a-kavala-2025/">Erasmus + Mobilitat del grup d&#8217;estudiants a Kavala 2025</a></p>



<p class="has-ast-global-color-0-color has-text-color has-link-color has-medium-font-size wp-elements-7c63c4b969eba8d8ecb8e63ad5d8f246"><a href="https://agora.xtec.cat/iesdauro/portada/erasmus-students-mobility-in-kavala-2025/">Erasmus + Students mobility in Kavala 2025</a></p>



<p class="has-ast-global-color-0-color has-text-color has-link-color has-medium-font-size wp-elements-80b0a03f4b037d95940084da3c3975f8"><a href="https://agora.xtec.cat/iesdauro/portada/erasmus-a-txequia/">Erasmus + Txèquia 2026</a></p>



<p class="has-ast-global-color-0-color has-text-color has-link-color has-medium-font-size wp-elements-1aaffb7e1f314474f1d149b1065c0a93"><a href="https://agora.xtec.cat/iesdauro/portada/erasmus-week-6%ce%bf-%ce%b3%cf%85%ce%bc%ce%bd%ce%ac%cf%83%ce%b9%ce%bf-%ce%ba%ce%b1%ce%b2%ce%ac%ce%bb%ce%b1%cf%82-welcome-to-santpedor/">Erasmus + Mobilitat d&#8217;estudiants i docents Grecs a Santpedor</a></p>



<p class="has-ast-global-color-0-color has-text-color has-link-color has-medium-font-size wp-elements-ef7b506bcc23c4c9d0a3a8528f8bdd06"><a href="https://agora.xtec.cat/iesdauro/portada/erasmus-mobility-of-greek-students-and-teachers-in-santpedor/">Erasmus + Mobility of Greek students and teachers in Santpedor</a></p>

<p>Erasmus+ Immersió lingüística a Neuss, Alemanya Participen en una mobilitat Erasmus+ de curta estada a l’Institut Ribeaupierre. Erasmus + Mobilitat del grup d&#8217;estudiants a Kavala 2025 Erasmus + Students mobility in Kavala 2025 Erasmus + Txèquia 2026 Erasmus + Mobilitat d&#8217;estudiants i docents Grecs a Santpedor Erasmus + Mobility of Greek students and teachers in [&hellip;]</p>
