{"id":27,"date":"2014-09-17T16:24:03","date_gmt":"2014-09-17T16:24:03","guid":{"rendered":"http:\/\/agora.xtec.cat\/iesdauro\/?page_id=27"},"modified":"2024-02-03T11:43:51","modified_gmt":"2024-02-03T10:43:51","slug":"historia","status":"publish","type":"page","link":"https:\/\/agora.xtec.cat\/iesdauro\/linstitut\/historia\/","title":{"rendered":"Hist\u00f2ria"},"content":{"rendered":"<p><strong>Breu, per\u00f2 intensa hist\u00f2ria!<\/strong><\/p>\n<p><span style=\"font-weight: 400;\">Del Convent de Sant Francesc a l&#8217;institut actual.<\/span><\/p>\n<p style=\"text-align: justify;\"><span style=\"font-weight: 400;\">L&#8217;edifici de l&#8217;Ins d&#8217;Auro est\u00e0 ubicat sobre l&#8217;antic convent de Sant Francesc. El convent era un auster edifici barroc constru\u00eft el 1723. Va ser habitat per franciscans fins el 1830. Posteriorment l&#8217;edifici va tenir diferents usos: hospital, magatzem, escorxador, habitatges, &#8230; Entre ells cal destacar que durant 126 anys (1845 -1971) va funcionar com a escola.<\/span><\/p>\n<p><a href=\"https:\/\/agora.xtec.cat\/iesdauro\/wp-content\/uploads\/usu2955\/2024\/01\/convent-to.jpg\"><img loading=\"lazy\" decoding=\"async\" class=\" wp-image-581 aligncenter\" src=\"https:\/\/agora.xtec.cat\/iesdauro\/wp-content\/uploads\/usu2955\/2024\/01\/convent-to.jpg\" alt=\"\" width=\"367\" height=\"242\" srcset=\"https:\/\/agora.xtec.cat\/iesdauro\/wp-content\/uploads\/usu2955\/2024\/01\/convent-to.jpg 312w, https:\/\/agora.xtec.cat\/iesdauro\/wp-content\/uploads\/usu2955\/2024\/01\/convent-to-300x198.jpg 300w\" sizes=\"auto, (max-width: 367px) 100vw, 367px\" \/><\/a><\/p>\n<p style=\"text-align: justify;\"><span style=\"font-weight: 400;\">La pedregada de l&#8217;agost de 1979 i la descura municipal el van malmetre d&#8217;una forma irreversible. La iniciativa dels Amics del Convent, als anys 80, va promoure una tasca de sensibilitzaci\u00f3 per a la seva recuperaci\u00f3. Uns anys despr\u00e9s, la possibilitat de construcci\u00f3 d&#8217;un institut a Santpedor va fer sorgir esperances per salvar-lo. Per\u00f2 l&#8217;estat deplorable va fer aconsellable enrunar el convent, deixant nom\u00e9s l&#8217;esgl\u00e9sia, a l&#8217;estiu del 1996<\/span><b>.<\/b><\/p>\n<p style=\"text-align: justify;\"><span style=\"font-weight: 400;\">La cessi\u00f3 de l&#8217;espai del convent per edificar-hi l&#8217;institut i el disseny d&#8217;un edifici que recorda la seva forma, ha fet realitat un dels objectius: disposar d&#8217;un edifici amb personalitat pr\u00f2pia, que transmeti respecte pel passat i que recuperi un espai hist\u00f2ric local.<\/span><\/p>\n<p style=\"text-align: justify;\"><strong>Com s&#8217;aconsegueix un institut a Santpedor?<\/strong><\/p>\n<p style=\"text-align: justify;\"><span style=\"font-weight: 400;\">La decisi\u00f3 d&#8217;ubicar un institut a Santpedor va ser un llarg i dif\u00edcil proc\u00e9s. El primer Mapa Escolar, del 1992, no preveia construir cap institut a Santpedor.<\/span><\/p>\n<p style=\"text-align: justify;\"><span style=\"font-weight: 400;\">Tot i aix\u00ed, a iniciativa de la regidoria d&#8217;ensenyament es van comen\u00e7ar a fer gestions per presentar les al\u00b7legacions a la proposta. Les al\u00b7legacions eren un conjunt de documents que demostraven la perspectiva de creixement de la poblaci\u00f3, i que mostraven el suport a la iniciativa. El dossier contenia els acords dels ajuntaments de Santpedor i Castellnou de Bages i de diferents entitats locals. Emper\u00f2, el document m\u00e9s decisiu va ser l&#8217;acta de l&#8217;acord un\u00e0nime de tots els membres del Consell Escolar Municipal del 10 de juny de 1992.<\/span><\/p>\n<p style=\"text-align: justify;\"><span style=\"font-weight: 400;\">Passen uns anys sense cap decisi\u00f3 per part de la Generalitat. Es realitzen diferents accions: al 1994 s&#8217;organitzen uns actes reivindicatius on hi participen alumnes i mestres de les dues escoles de prim\u00e0ria, reclamant un institut per a Santpedor.<\/span><\/p>\n<p style=\"text-align: justify;\"><span style=\"font-weight: 400;\">Caldr\u00e0 esperar al 1995, quan finalment arriba la notificaci\u00f3 que a l&#8217;any seg\u00fcent ja es podran fer els estudis d&#8217;ESO a Santpedor. L&#8217;ajuntament fa les gestions per cedir a la Generalitat el terreny necessari per a la construcci\u00f3 de l&#8217;edifici.<\/span><\/p>\n<p style=\"text-align: justify;\"><span style=\"font-weight: 400;\">El curs 1994-1995 va ser molt intents. Es comencen a organitzar els equips que configuraran el primer institut: es crea l&#8217;associaci\u00f3 de pares i mares, el primer claustre de professors i es matriculen els alumnes a l&#8217;ajuntament.<\/span><\/p>\n<p style=\"text-align: justify;\"><span style=\"font-weight: 400;\">A mitjans d&#8217;agost de 1996 comencen les obres i s&#8217;instal\u00b7len cinc aularis provisionals, que aviat es van popularitzar amb el nom de cargoleres. A mitjans de setembre van comen\u00e7ar les classes. En aplicaci\u00f3 de la Reforma, els alumnes d&#8217;aquell primer any van fer 1r i 3er d&#8217;ESO.<\/span><\/p>\n<p style=\"text-align: justify;\"><strong>Vuit cursos de vida a les cargoleres.<\/strong><\/p>\n<p style=\"text-align: justify;\"><span style=\"font-weight: 400;\">El 27 d&#8217;octubre de 1996 es va fer la inauguraci\u00f3 popular de l&#8217;institut provisional. Va ser una diada festiva on molts santpedorencs i castellonencs van visitar les instal\u00b7lacions. Era evident que el poble es va fer seu l&#8217;institut.<\/span><\/p>\n<p style=\"text-align: justify;\"><span style=\"font-weight: 400;\">Al llarg dels primers cursos va ser necessari un gran esfor\u00e7 i il\u00b7lusi\u00f3 per anar superant les dificultats que sorgien. Per\u00f2 el treball conjunt va anar donant vida a una instituci\u00f3 acabada d&#8217;estrenar i que no tenia cap tipus de tradici\u00f3.<\/span><\/p>\n<p style=\"text-align: justify;\"><span style=\"font-weight: 400;\">Paral\u00b7lelament al creixement f\u00edsic de l&#8217;institut, tamb\u00e9 es creixia en iniciatives. La feina di\u00e0ria i constant va permetre un treball molt digne, que encara es va anar ampliant amb projectes que donaven cada cop m\u00e9s personalitat a l&#8217;institut: Pla d&#8217;acci\u00f3 tutorial, Pla Estrat\u00e8gic, els projectes: S\u00f3crates, Work Experience, Lacenet, Solidari,&#8230;<\/span><\/p>\n<p style=\"text-align: justify;\"><span style=\"font-weight: 400;\">El curs 98-99 s&#8217;aprova el nom d&#8217;IES d&#8217;AURO. D&#8217;AURO prov\u00e9 del nom local d&#8217;origen medieval Sant Pere d&#8217;Or i que en la m\u00e9s antiga documentaci\u00f3 es troba escrit en llat\u00ed: Sanctus Petrus d&#8217;Auro.<\/span><\/p>\n<p style=\"text-align: justify;\"><span style=\"font-weight: 400;\">La provisionalitat s&#8217;anava allargant. Al gener de 2001 es fan diferents actes reivindicatius: s&#8217;embolica simb\u00f2licament una cargolera i es llegeix un manifest.<\/span><\/p>\n<p style=\"text-align: justify;\"><span style=\"font-weight: 400;\">Finalment , a mig estiu de 2002 es presenta el projecte b\u00e0sic de les obres del nou institut. S&#8217;inicia aix\u00ed el proc\u00e9s d&#8217;adjudicaci\u00f3 de direcci\u00f3 i d&#8217;empresa constructora.<\/span><\/p>\n<p style=\"text-align: justify;\"><span style=\"font-weight: 400;\">A l&#8217;estiu del 2003 es reinstal\u00b7len les cargoleres, es treu la runa del Convent, i es comen\u00e7a a construir l&#8217;edifici central. Al llarg de tot el curs 2003-04, la vida escolar conviur\u00e0 amb les obres de construcci\u00f3.<\/span><\/p>\n<p style=\"text-align: justify;\"><strong>Estrenem un nou edifici!<\/strong><\/p>\n<p style=\"text-align: justify;\"><span style=\"font-weight: 400;\">El setembre de 2004 l&#8217;edifici central estava acabat. El dia 15 van comen\u00e7ar les classes a les noves instal\u00b7lacions. El gimn\u00e0s i la pista poliesportiva no estarien acabats fins el tercer trimestre.<\/span><\/p>\n<p style=\"text-align: justify;\"><span style=\"font-weight: 400;\">D&#8217;aquesta manera, el curs 2004-05 comen\u00e7ava dins un edifici i s&#8217;acabaven els vuit anys de provisionalitat. El 13 de maig de 2005 la consellera d&#8217;Educaci\u00f3 inaugurava oficialment l&#8217;institut. Dies despr\u00e9s, se celebra una festa popular amb el desig, igual que al 1996, que el poble se&#8217;l faci seu.<\/span><\/p>\n<p style=\"text-align: justify;\"><a href=\"https:\/\/agora.xtec.cat\/iesdauro\/wp-content\/uploads\/usu2955\/2024\/01\/insti-nou.png\"><img loading=\"lazy\" decoding=\"async\" class=\"wp-image-582 aligncenter\" src=\"https:\/\/agora.xtec.cat\/iesdauro\/wp-content\/uploads\/usu2955\/2024\/01\/insti-nou.png\" alt=\"\" width=\"464\" height=\"153\" srcset=\"https:\/\/agora.xtec.cat\/iesdauro\/wp-content\/uploads\/usu2955\/2024\/01\/insti-nou.png 576w, https:\/\/agora.xtec.cat\/iesdauro\/wp-content\/uploads\/usu2955\/2024\/01\/insti-nou-300x99.png 300w\" sizes=\"auto, (max-width: 464px) 100vw, 464px\" \/><\/a><\/p>\n","protected":false},"excerpt":{"rendered":"<p>Breu, per\u00f2 intensa hist\u00f2ria! Del Convent de Sant Francesc a l&#8217;institut actual. L&#8217;edifici de l&#8217;Ins d&#8217;Auro est\u00e0 ubicat sobre l&#8217;antic convent de Sant Francesc. El convent era un auster edifici barroc constru\u00eft el 1723. Va ser habitat per franciscans fins el 1830. Posteriorment l&#8217;edifici va tenir diferents usos: hospital, magatzem, escorxador, habitatges, &#8230; Entre ells [&hellip;]<\/p>\n","protected":false},"author":1,"featured_media":0,"parent":19,"menu_order":20,"comment_status":"closed","ping_status":"closed","template":"","meta":{"_bbp_topic_count":0,"_bbp_reply_count":0,"_bbp_total_topic_count":0,"_bbp_total_reply_count":0,"_bbp_voice_count":0,"_bbp_anonymous_reply_count":0,"_bbp_topic_count_hidden":0,"_bbp_reply_count_hidden":0,"_bbp_forum_subforum_count":0,"site-sidebar-layout":"default","site-content-layout":"","ast-site-content-layout":"","site-content-style":"default","site-sidebar-style":"default","ast-global-header-display":"","ast-banner-title-visibility":"","ast-main-header-display":"","ast-hfb-above-header-display":"","ast-hfb-below-header-display":"","ast-hfb-mobile-header-display":"","site-post-title":"","ast-breadcrumbs-content":"","ast-featured-img":"","footer-sml-layout":"","theme-transparent-header-meta":"","adv-header-id-meta":"","stick-header-meta":"","header-above-stick-meta":"","header-main-stick-meta":"","header-below-stick-meta":"","astra-migrate-meta-layouts":"default","ast-page-background-enabled":"default","ast-page-background-meta":{"desktop":{"background-color":"var(--ast-global-color-4)","background-image":"","background-repeat":"repeat","background-position":"center center","background-size":"auto","background-attachment":"scroll","background-type":"","background-media":"","overlay-type":"","overlay-color":"","overlay-opacity":"","overlay-gradient":""},"tablet":{"background-color":"","background-image":"","background-repeat":"repeat","background-position":"center center","background-size":"auto","background-attachment":"scroll","background-type":"","background-media":"","overlay-type":"","overlay-color":"","overlay-opacity":"","overlay-gradient":""},"mobile":{"background-color":"","background-image":"","background-repeat":"repeat","background-position":"center center","background-size":"auto","background-attachment":"scroll","background-type":"","background-media":"","overlay-type":"","overlay-color":"","overlay-opacity":"","overlay-gradient":""}},"ast-content-background-meta":{"desktop":{"background-color":"var(--ast-global-color-5)","background-image":"","background-repeat":"repeat","background-position":"center center","background-size":"auto","background-attachment":"scroll","background-type":"","background-media":"","overlay-type":"","overlay-color":"","overlay-opacity":"","overlay-gradient":""},"tablet":{"background-color":"var(--ast-global-color-5)","background-image":"","background-repeat":"repeat","background-position":"center center","background-size":"auto","background-attachment":"scroll","background-type":"","background-media":"","overlay-type":"","overlay-color":"","overlay-opacity":"","overlay-gradient":""},"mobile":{"background-color":"var(--ast-global-color-5)","background-image":"","background-repeat":"repeat","background-position":"center center","background-size":"auto","background-attachment":"scroll","background-type":"","background-media":"","overlay-type":"","overlay-color":"","overlay-opacity":"","overlay-gradient":""}},"footnotes":""},"class_list":["post-27","page","type-page","status-publish","hentry"],"post_mailing_queue_ids":[],"_links":{"self":[{"href":"https:\/\/agora.xtec.cat\/iesdauro\/wp-json\/wp\/v2\/pages\/27","targetHints":{"allow":["GET"]}}],"collection":[{"href":"https:\/\/agora.xtec.cat\/iesdauro\/wp-json\/wp\/v2\/pages"}],"about":[{"href":"https:\/\/agora.xtec.cat\/iesdauro\/wp-json\/wp\/v2\/types\/page"}],"author":[{"embeddable":true,"href":"https:\/\/agora.xtec.cat\/iesdauro\/wp-json\/wp\/v2\/users\/1"}],"replies":[{"embeddable":true,"href":"https:\/\/agora.xtec.cat\/iesdauro\/wp-json\/wp\/v2\/comments?post=27"}],"version-history":[{"count":3,"href":"https:\/\/agora.xtec.cat\/iesdauro\/wp-json\/wp\/v2\/pages\/27\/revisions"}],"predecessor-version":[{"id":608,"href":"https:\/\/agora.xtec.cat\/iesdauro\/wp-json\/wp\/v2\/pages\/27\/revisions\/608"}],"up":[{"embeddable":true,"href":"https:\/\/agora.xtec.cat\/iesdauro\/wp-json\/wp\/v2\/pages\/19"}],"wp:attachment":[{"href":"https:\/\/agora.xtec.cat\/iesdauro\/wp-json\/wp\/v2\/media?parent=27"}],"curies":[{"name":"wp","href":"https:\/\/api.w.org\/{rel}","templated":true}]}}

Història

<p><strong>Breu, però intensa història!</strong></p>
<p><span style="font-weight: 400;">Del Convent de Sant Francesc a l&#8217;institut actual.</span></p>
<p style="text-align: justify;"><span style="font-weight: 400;">L&#8217;edifici de l&#8217;Ins d&#8217;Auro està ubicat sobre l&#8217;antic convent de Sant Francesc. El convent era un auster edifici barroc construït el 1723. Va ser habitat per franciscans fins el 1830. Posteriorment l&#8217;edifici va tenir diferents usos: hospital, magatzem, escorxador, habitatges, &#8230; Entre ells cal destacar que durant 126 anys (1845 -1971) va funcionar com a escola.</span></p>
<p><a href="https://agora.xtec.cat/iesdauro/wp-content/uploads/usu2955/2024/01/convent-to.jpg"><img loading="lazy" decoding="async" class=" wp-image-581 aligncenter" src="https://agora.xtec.cat/iesdauro/wp-content/uploads/usu2955/2024/01/convent-to.jpg" alt="" width="367" height="242" srcset="https://agora.xtec.cat/iesdauro/wp-content/uploads/usu2955/2024/01/convent-to.jpg 312w, https://agora.xtec.cat/iesdauro/wp-content/uploads/usu2955/2024/01/convent-to-300x198.jpg 300w" sizes="auto, (max-width: 367px) 100vw, 367px" /></a></p>
<p style="text-align: justify;"><span style="font-weight: 400;">La pedregada de l&#8217;agost de 1979 i la descura municipal el van malmetre d&#8217;una forma irreversible. La iniciativa dels Amics del Convent, als anys 80, va promoure una tasca de sensibilització per a la seva recuperació. Uns anys després, la possibilitat de construcció d&#8217;un institut a Santpedor va fer sorgir esperances per salvar-lo. Però l&#8217;estat deplorable va fer aconsellable enrunar el convent, deixant només l&#8217;església, a l&#8217;estiu del 1996</span><b>.</b></p>
<p style="text-align: justify;"><span style="font-weight: 400;">La cessió de l&#8217;espai del convent per edificar-hi l&#8217;institut i el disseny d&#8217;un edifici que recorda la seva forma, ha fet realitat un dels objectius: disposar d&#8217;un edifici amb personalitat pròpia, que transmeti respecte pel passat i que recuperi un espai històric local.</span></p>
<p style="text-align: justify;"><strong>Com s&#8217;aconsegueix un institut a Santpedor?</strong></p>
<p style="text-align: justify;"><span style="font-weight: 400;">La decisió d&#8217;ubicar un institut a Santpedor va ser un llarg i difícil procés. El primer Mapa Escolar, del 1992, no preveia construir cap institut a Santpedor.</span></p>
<p style="text-align: justify;"><span style="font-weight: 400;">Tot i així, a iniciativa de la regidoria d&#8217;ensenyament es van començar a fer gestions per presentar les al·legacions a la proposta. Les al·legacions eren un conjunt de documents que demostraven la perspectiva de creixement de la població, i que mostraven el suport a la iniciativa. El dossier contenia els acords dels ajuntaments de Santpedor i Castellnou de Bages i de diferents entitats locals. Emperò, el document més decisiu va ser l&#8217;acta de l&#8217;acord unànime de tots els membres del Consell Escolar Municipal del 10 de juny de 1992.</span></p>
<p style="text-align: justify;"><span style="font-weight: 400;">Passen uns anys sense cap decisió per part de la Generalitat. Es realitzen diferents accions: al 1994 s&#8217;organitzen uns actes reivindicatius on hi participen alumnes i mestres de les dues escoles de primària, reclamant un institut per a Santpedor.</span></p>
<p style="text-align: justify;"><span style="font-weight: 400;">Caldrà esperar al 1995, quan finalment arriba la notificació que a l&#8217;any següent ja es podran fer els estudis d&#8217;ESO a Santpedor. L&#8217;ajuntament fa les gestions per cedir a la Generalitat el terreny necessari per a la construcció de l&#8217;edifici.</span></p>
<p style="text-align: justify;"><span style="font-weight: 400;">El curs 1994-1995 va ser molt intents. Es comencen a organitzar els equips que configuraran el primer institut: es crea l&#8217;associació de pares i mares, el primer claustre de professors i es matriculen els alumnes a l&#8217;ajuntament.</span></p>
<p style="text-align: justify;"><span style="font-weight: 400;">A mitjans d&#8217;agost de 1996 comencen les obres i s&#8217;instal·len cinc aularis provisionals, que aviat es van popularitzar amb el nom de cargoleres. A mitjans de setembre van començar les classes. En aplicació de la Reforma, els alumnes d&#8217;aquell primer any van fer 1r i 3er d&#8217;ESO.</span></p>
<p style="text-align: justify;"><strong>Vuit cursos de vida a les cargoleres.</strong></p>
<p style="text-align: justify;"><span style="font-weight: 400;">El 27 d&#8217;octubre de 1996 es va fer la inauguració popular de l&#8217;institut provisional. Va ser una diada festiva on molts santpedorencs i castellonencs van visitar les instal·lacions. Era evident que el poble es va fer seu l&#8217;institut.</span></p>
<p style="text-align: justify;"><span style="font-weight: 400;">Al llarg dels primers cursos va ser necessari un gran esforç i il·lusió per anar superant les dificultats que sorgien. Però el treball conjunt va anar donant vida a una institució acabada d&#8217;estrenar i que no tenia cap tipus de tradició.</span></p>
<p style="text-align: justify;"><span style="font-weight: 400;">Paral·lelament al creixement físic de l&#8217;institut, també es creixia en iniciatives. La feina diària i constant va permetre un treball molt digne, que encara es va anar ampliant amb projectes que donaven cada cop més personalitat a l&#8217;institut: Pla d&#8217;acció tutorial, Pla Estratègic, els projectes: Sócrates, Work Experience, Lacenet, Solidari,&#8230;</span></p>
<p style="text-align: justify;"><span style="font-weight: 400;">El curs 98-99 s&#8217;aprova el nom d&#8217;IES d&#8217;AURO. D&#8217;AURO prové del nom local d&#8217;origen medieval Sant Pere d&#8217;Or i que en la més antiga documentació es troba escrit en llatí: Sanctus Petrus d&#8217;Auro.</span></p>
<p style="text-align: justify;"><span style="font-weight: 400;">La provisionalitat s&#8217;anava allargant. Al gener de 2001 es fan diferents actes reivindicatius: s&#8217;embolica simbòlicament una cargolera i es llegeix un manifest.</span></p>
<p style="text-align: justify;"><span style="font-weight: 400;">Finalment , a mig estiu de 2002 es presenta el projecte bàsic de les obres del nou institut. S&#8217;inicia així el procés d&#8217;adjudicació de direcció i d&#8217;empresa constructora.</span></p>
<p style="text-align: justify;"><span style="font-weight: 400;">A l&#8217;estiu del 2003 es reinstal·len les cargoleres, es treu la runa del Convent, i es comença a construir l&#8217;edifici central. Al llarg de tot el curs 2003-04, la vida escolar conviurà amb les obres de construcció.</span></p>
<p style="text-align: justify;"><strong>Estrenem un nou edifici!</strong></p>
<p style="text-align: justify;"><span style="font-weight: 400;">El setembre de 2004 l&#8217;edifici central estava acabat. El dia 15 van començar les classes a les noves instal·lacions. El gimnàs i la pista poliesportiva no estarien acabats fins el tercer trimestre.</span></p>
<p style="text-align: justify;"><span style="font-weight: 400;">D&#8217;aquesta manera, el curs 2004-05 començava dins un edifici i s&#8217;acabaven els vuit anys de provisionalitat. El 13 de maig de 2005 la consellera d&#8217;Educació inaugurava oficialment l&#8217;institut. Dies després, se celebra una festa popular amb el desig, igual que al 1996, que el poble se&#8217;l faci seu.</span></p>
<p style="text-align: justify;"><a href="https://agora.xtec.cat/iesdauro/wp-content/uploads/usu2955/2024/01/insti-nou.png"><img loading="lazy" decoding="async" class="wp-image-582 aligncenter" src="https://agora.xtec.cat/iesdauro/wp-content/uploads/usu2955/2024/01/insti-nou.png" alt="" width="464" height="153" srcset="https://agora.xtec.cat/iesdauro/wp-content/uploads/usu2955/2024/01/insti-nou.png 576w, https://agora.xtec.cat/iesdauro/wp-content/uploads/usu2955/2024/01/insti-nou-300x99.png 300w" sizes="auto, (max-width: 464px) 100vw, 464px" /></a></p>

<p>Breu, però intensa història! Del Convent de Sant Francesc a l&#8217;institut actual. L&#8217;edifici de l&#8217;Ins d&#8217;Auro està ubicat sobre l&#8217;antic convent de Sant Francesc. El convent era un auster edifici barroc construït el 1723. Va ser habitat per franciscans fins el 1830. Posteriorment l&#8217;edifici va tenir diferents usos: hospital, magatzem, escorxador, habitatges, &#8230; Entre ells [&hellip;]</p>
