{"id":1605,"date":"2024-06-29T13:52:51","date_gmt":"2024-06-29T11:52:51","guid":{"rendered":"https:\/\/agora.xtec.cat\/iesdauro\/?page_id=1605"},"modified":"2025-07-12T10:11:11","modified_gmt":"2025-07-12T08:11:11","slug":"criteris-de-seleccio-erasmus","status":"publish","type":"page","link":"https:\/\/agora.xtec.cat\/iesdauro\/criteris-de-seleccio-erasmus\/","title":{"rendered":"Criteris de selecci\u00f3 Erasmus+"},"content":{"rendered":"<p><span style=\"font-weight: 400;\">L\u2019alumne que vulgui participar en un projecte Erasmus+ haur\u00e0 de passar un proc\u00e9s de selecci\u00f3 que consistir\u00e0 en dues fases:<\/span><\/p>\n<ol>\n<li style=\"font-weight: 400;\" aria-level=\"1\"><span style=\"font-weight: 400;\">Primera fase: emplenar un formulari amb la <\/span><b>carta de presentaci\u00f3\/motivaci\u00f3<\/b><span style=\"font-weight: 400;\"> en angl\u00e8s.<\/span><\/li>\n<li style=\"font-weight: 400;\" aria-level=\"1\"><span style=\"font-weight: 400;\">Segona fase: baremaci\u00f3 dels aspectes acad\u00e8mics.\u00a0<\/span><\/li>\n<\/ol>\n<p><a href=\"https:\/\/drive.google.com\/file\/d\/1UqIkX798BM6vM5OmE73Fo597dFqqoDaX\/view?usp=sharing\" target=\"_blank\" rel=\"noopener\"><span style=\"font-weight: 400;\">Barem de participaci\u00f3 alumnes ERASMUS ESO:<\/span><\/a><\/p>\n<p><a href=\"https:\/\/agora.xtec.cat\/iesdauro\/wp-content\/uploads\/usu2955\/2025\/07\/Barem-Erasmus-ESO.png\"><img loading=\"lazy\" decoding=\"async\" class=\"size-full wp-image-3076 aligncenter\" src=\"https:\/\/agora.xtec.cat\/iesdauro\/wp-content\/uploads\/usu2955\/2025\/07\/Barem-Erasmus-ESO.png\" alt=\"\" width=\"870\" height=\"688\" srcset=\"https:\/\/agora.xtec.cat\/iesdauro\/wp-content\/uploads\/usu2955\/2025\/07\/Barem-Erasmus-ESO.png 870w, https:\/\/agora.xtec.cat\/iesdauro\/wp-content\/uploads\/usu2955\/2025\/07\/Barem-Erasmus-ESO-300x237.png 300w, https:\/\/agora.xtec.cat\/iesdauro\/wp-content\/uploads\/usu2955\/2025\/07\/Barem-Erasmus-ESO-768x607.png 768w\" sizes=\"auto, (max-width: 870px) 100vw, 870px\" \/><\/a><a href=\"https:\/\/drive.google.com\/file\/d\/1z81f8etTXyizlfVDRn5vmy77SyRR7faY\/view?usp=sharing\" target=\"_blank\" rel=\"noopener\">Barem de participaci\u00f3 alumnes ERASMUS BATX:<\/a><\/p>\n<p style=\"text-align: center;\"><a href=\"https:\/\/agora.xtec.cat\/iesdauro\/wp-content\/uploads\/usu2955\/2025\/07\/Barem-Erasmus-BATX.png\"><img loading=\"lazy\" decoding=\"async\" class=\"alignnone size-full wp-image-3077\" src=\"https:\/\/agora.xtec.cat\/iesdauro\/wp-content\/uploads\/usu2955\/2025\/07\/Barem-Erasmus-BATX.png\" alt=\"\" width=\"622\" height=\"750\" srcset=\"https:\/\/agora.xtec.cat\/iesdauro\/wp-content\/uploads\/usu2955\/2025\/07\/Barem-Erasmus-BATX.png 622w, https:\/\/agora.xtec.cat\/iesdauro\/wp-content\/uploads\/usu2955\/2025\/07\/Barem-Erasmus-BATX-249x300.png 249w\" sizes=\"auto, (max-width: 622px) 100vw, 622px\" \/><\/a><\/p>\n<p>&nbsp;<\/p>\n<p style=\"text-align: justify;\"><span style=\"font-weight: 400;\">La comissi\u00f3 Erasmus ser\u00e0 l\u2019encarregada de supervisar la baremaci\u00f3. Un cop es publiquin els resultats provisionals, es deixar\u00e0 un marge curt de temps per a les possibles reclamacions i, despr\u00e9s, es publicar\u00e0, per ordre de puntuaci\u00f3, la llista definitiva dels candidats al taulell Erasmus.<\/span><\/p>\n<p style=\"text-align: justify;\"><b>Aclariments:<\/b><\/p>\n<ul>\n<li style=\"font-weight: 400; text-align: justify;\" aria-level=\"1\"><span style=\"font-weight: 400;\">Tindran prioritat aquells alumnes que hi participin per primer cop, \u00e9s a dir, que no hagin participat en cap mobilitat i que no cursin una segona llengua estrangera.<\/span><\/li>\n<li style=\"font-weight: 400; text-align: justify;\" aria-level=\"1\"><span style=\"font-weight: 400;\">Per poder ser adm\u00e8s en el projecte cal que l\u2019alumnat, primer de tot, hagi emplenat el formulari amb la <\/span><b>carta de motivaci\u00f3<\/b><span style=\"font-weight: 400;\"> (primera fase).<\/span><\/li>\n<li style=\"font-weight: 400; text-align: justify;\" aria-level=\"1\"><span style=\"font-weight: 400;\">En el cas d&#8217;haver-hi alguna baixa volunt\u00e0ria durant el proc\u00e9s, se seguir\u00e0 l\u2019ordre de llista amb la puntuaci\u00f3 ja publicada anteriorment.\u00a0<\/span><\/li>\n<li aria-level=\"1\"><strong>No es permetr\u00e0 la participaci\u00f3<\/strong> als projectes Erasmus a alumnes que tinguin antecedents disciplinaris\u00a0greus i que suposin un risc per a la conviv\u00e8ncia. Aquesta mesura es consensuar\u00e0\u00a0amb la Comissi\u00f3 de Conviv\u00e8ncia.<\/li>\n<li style=\"font-weight: 400; text-align: justify;\" aria-level=\"1\"><span style=\"font-weight: 400;\">El nivell d\u2019angl\u00e8s no ser\u00e0 excloent en cap fase del proc\u00e9s.\u00a0<\/span><\/li>\n<li style=\"font-weight: 400;\" aria-level=\"1\"><span style=\"font-weight: 400;\">Per participar en una mobilitat Erasmus ser\u00e0 necessari acollir a un alumne del pa\u00eds participant.<\/span><\/li>\n<\/ul>\n","protected":false},"excerpt":{"rendered":"<p>L\u2019alumne que vulgui participar en un projecte Erasmus+ haur\u00e0 de passar un proc\u00e9s de selecci\u00f3 que consistir\u00e0 en dues fases: Primera fase: emplenar un formulari amb la carta de presentaci\u00f3\/motivaci\u00f3 en angl\u00e8s. Segona fase: baremaci\u00f3 dels aspectes acad\u00e8mics.\u00a0 Barem de participaci\u00f3 alumnes ERASMUS ESO: Barem de participaci\u00f3 alumnes ERASMUS BATX: &nbsp; La comissi\u00f3 Erasmus ser\u00e0 [&hellip;]<\/p>\n","protected":false},"author":1,"featured_media":0,"parent":0,"menu_order":0,"comment_status":"closed","ping_status":"closed","template":"","meta":{"_bbp_topic_count":0,"_bbp_reply_count":0,"_bbp_total_topic_count":0,"_bbp_total_reply_count":0,"_bbp_voice_count":0,"_bbp_anonymous_reply_count":0,"_bbp_topic_count_hidden":0,"_bbp_reply_count_hidden":0,"_bbp_forum_subforum_count":0,"site-sidebar-layout":"default","site-content-layout":"","ast-site-content-layout":"","site-content-style":"default","site-sidebar-style":"default","ast-global-header-display":"","ast-banner-title-visibility":"","ast-main-header-display":"","ast-hfb-above-header-display":"","ast-hfb-below-header-display":"","ast-hfb-mobile-header-display":"","site-post-title":"","ast-breadcrumbs-content":"","ast-featured-img":"","footer-sml-layout":"","theme-transparent-header-meta":"","adv-header-id-meta":"","stick-header-meta":"","header-above-stick-meta":"","header-main-stick-meta":"","header-below-stick-meta":"","astra-migrate-meta-layouts":"default","ast-page-background-enabled":"default","ast-page-background-meta":{"desktop":{"background-color":"var(--ast-global-color-4)","background-image":"","background-repeat":"repeat","background-position":"center center","background-size":"auto","background-attachment":"scroll","background-type":"","background-media":"","overlay-type":"","overlay-color":"","overlay-opacity":"","overlay-gradient":""},"tablet":{"background-color":"","background-image":"","background-repeat":"repeat","background-position":"center center","background-size":"auto","background-attachment":"scroll","background-type":"","background-media":"","overlay-type":"","overlay-color":"","overlay-opacity":"","overlay-gradient":""},"mobile":{"background-color":"","background-image":"","background-repeat":"repeat","background-position":"center center","background-size":"auto","background-attachment":"scroll","background-type":"","background-media":"","overlay-type":"","overlay-color":"","overlay-opacity":"","overlay-gradient":""}},"ast-content-background-meta":{"desktop":{"background-color":"var(--ast-global-color-5)","background-image":"","background-repeat":"repeat","background-position":"center center","background-size":"auto","background-attachment":"scroll","background-type":"","background-media":"","overlay-type":"","overlay-color":"","overlay-opacity":"","overlay-gradient":""},"tablet":{"background-color":"var(--ast-global-color-5)","background-image":"","background-repeat":"repeat","background-position":"center center","background-size":"auto","background-attachment":"scroll","background-type":"","background-media":"","overlay-type":"","overlay-color":"","overlay-opacity":"","overlay-gradient":""},"mobile":{"background-color":"var(--ast-global-color-5)","background-image":"","background-repeat":"repeat","background-position":"center center","background-size":"auto","background-attachment":"scroll","background-type":"","background-media":"","overlay-type":"","overlay-color":"","overlay-opacity":"","overlay-gradient":""}},"footnotes":""},"class_list":["post-1605","page","type-page","status-publish","hentry"],"post_mailing_queue_ids":[],"_links":{"self":[{"href":"https:\/\/agora.xtec.cat\/iesdauro\/wp-json\/wp\/v2\/pages\/1605","targetHints":{"allow":["GET"]}}],"collection":[{"href":"https:\/\/agora.xtec.cat\/iesdauro\/wp-json\/wp\/v2\/pages"}],"about":[{"href":"https:\/\/agora.xtec.cat\/iesdauro\/wp-json\/wp\/v2\/types\/page"}],"author":[{"embeddable":true,"href":"https:\/\/agora.xtec.cat\/iesdauro\/wp-json\/wp\/v2\/users\/1"}],"replies":[{"embeddable":true,"href":"https:\/\/agora.xtec.cat\/iesdauro\/wp-json\/wp\/v2\/comments?post=1605"}],"version-history":[{"count":6,"href":"https:\/\/agora.xtec.cat\/iesdauro\/wp-json\/wp\/v2\/pages\/1605\/revisions"}],"predecessor-version":[{"id":3085,"href":"https:\/\/agora.xtec.cat\/iesdauro\/wp-json\/wp\/v2\/pages\/1605\/revisions\/3085"}],"wp:attachment":[{"href":"https:\/\/agora.xtec.cat\/iesdauro\/wp-json\/wp\/v2\/media?parent=1605"}],"curies":[{"name":"wp","href":"https:\/\/api.w.org\/{rel}","templated":true}]}}

Criteris de selecció Erasmus+

<p><span style="font-weight: 400;">L’alumne que vulgui participar en un projecte Erasmus+ haurà de passar un procés de selecció que consistirà en dues fases:</span></p>
<ol>
<li style="font-weight: 400;" aria-level="1"><span style="font-weight: 400;">Primera fase: emplenar un formulari amb la </span><b>carta de presentació/motivació</b><span style="font-weight: 400;"> en anglès.</span></li>
<li style="font-weight: 400;" aria-level="1"><span style="font-weight: 400;">Segona fase: baremació dels aspectes acadèmics. </span></li>
</ol>
<p><a href="https://drive.google.com/file/d/1UqIkX798BM6vM5OmE73Fo597dFqqoDaX/view?usp=sharing" target="_blank" rel="noopener"><span style="font-weight: 400;">Barem de participació alumnes ERASMUS ESO:</span></a></p>
<p><a href="https://agora.xtec.cat/iesdauro/wp-content/uploads/usu2955/2025/07/Barem-Erasmus-ESO.png"><img loading="lazy" decoding="async" class="size-full wp-image-3076 aligncenter" src="https://agora.xtec.cat/iesdauro/wp-content/uploads/usu2955/2025/07/Barem-Erasmus-ESO.png" alt="" width="870" height="688" srcset="https://agora.xtec.cat/iesdauro/wp-content/uploads/usu2955/2025/07/Barem-Erasmus-ESO.png 870w, https://agora.xtec.cat/iesdauro/wp-content/uploads/usu2955/2025/07/Barem-Erasmus-ESO-300x237.png 300w, https://agora.xtec.cat/iesdauro/wp-content/uploads/usu2955/2025/07/Barem-Erasmus-ESO-768x607.png 768w" sizes="auto, (max-width: 870px) 100vw, 870px" /></a><a href="https://drive.google.com/file/d/1z81f8etTXyizlfVDRn5vmy77SyRR7faY/view?usp=sharing" target="_blank" rel="noopener">Barem de participació alumnes ERASMUS BATX:</a></p>
<p style="text-align: center;"><a href="https://agora.xtec.cat/iesdauro/wp-content/uploads/usu2955/2025/07/Barem-Erasmus-BATX.png"><img loading="lazy" decoding="async" class="alignnone size-full wp-image-3077" src="https://agora.xtec.cat/iesdauro/wp-content/uploads/usu2955/2025/07/Barem-Erasmus-BATX.png" alt="" width="622" height="750" srcset="https://agora.xtec.cat/iesdauro/wp-content/uploads/usu2955/2025/07/Barem-Erasmus-BATX.png 622w, https://agora.xtec.cat/iesdauro/wp-content/uploads/usu2955/2025/07/Barem-Erasmus-BATX-249x300.png 249w" sizes="auto, (max-width: 622px) 100vw, 622px" /></a></p>
<p>&nbsp;</p>
<p style="text-align: justify;"><span style="font-weight: 400;">La comissió Erasmus serà l’encarregada de supervisar la baremació. Un cop es publiquin els resultats provisionals, es deixarà un marge curt de temps per a les possibles reclamacions i, després, es publicarà, per ordre de puntuació, la llista definitiva dels candidats al taulell Erasmus.</span></p>
<p style="text-align: justify;"><b>Aclariments:</b></p>
<ul>
<li style="font-weight: 400; text-align: justify;" aria-level="1"><span style="font-weight: 400;">Tindran prioritat aquells alumnes que hi participin per primer cop, és a dir, que no hagin participat en cap mobilitat i que no cursin una segona llengua estrangera.</span></li>
<li style="font-weight: 400; text-align: justify;" aria-level="1"><span style="font-weight: 400;">Per poder ser admès en el projecte cal que l’alumnat, primer de tot, hagi emplenat el formulari amb la </span><b>carta de motivació</b><span style="font-weight: 400;"> (primera fase).</span></li>
<li style="font-weight: 400; text-align: justify;" aria-level="1"><span style="font-weight: 400;">En el cas d&#8217;haver-hi alguna baixa voluntària durant el procés, se seguirà l’ordre de llista amb la puntuació ja publicada anteriorment. </span></li>
<li aria-level="1"><strong>No es permetrà la participació</strong> als projectes Erasmus a alumnes que tinguin antecedents disciplinaris greus i que suposin un risc per a la convivència. Aquesta mesura es consensuarà amb la Comissió de Convivència.</li>
<li style="font-weight: 400; text-align: justify;" aria-level="1"><span style="font-weight: 400;">El nivell d’anglès no serà excloent en cap fase del procés. </span></li>
<li style="font-weight: 400;" aria-level="1"><span style="font-weight: 400;">Per participar en una mobilitat Erasmus serà necessari acollir a un alumne del país participant.</span></li>
</ul>

<p>L’alumne que vulgui participar en un projecte Erasmus+ haurà de passar un procés de selecció que consistirà en dues fases: Primera fase: emplenar un formulari amb la carta de presentació/motivació en anglès. Segona fase: baremació dels aspectes acadèmics.  Barem de participació alumnes ERASMUS ESO: Barem de participació alumnes ERASMUS BATX: &nbsp; La comissió Erasmus serà [&hellip;]</p>
