{"id":1599,"date":"2024-06-29T13:42:44","date_gmt":"2024-06-29T11:42:44","guid":{"rendered":"https:\/\/agora.xtec.cat\/iesdauro\/?page_id=1599"},"modified":"2026-01-13T09:46:38","modified_gmt":"2026-01-13T08:46:38","slug":"erasmus-1","status":"publish","type":"page","link":"https:\/\/agora.xtec.cat\/iesdauro\/erasmus-1\/","title":{"rendered":"Erasmus+"},"content":{"rendered":"<p style=\"text-align: justify;\"><span style=\"font-weight: 400;\">El curs 23-24 l\u2019Institut d\u2019Auro va aconseguir l\u2019acreditaci\u00f3 Erasmus. Aix\u00f2 voldr\u00e0 dir que tindrem un finan\u00e7ament fins al 2027 que permetr\u00e0 la mobilitat d\u2019alumnes i professors per formaci\u00f3 i projectes internacionals de qualitat educativa.<\/span><\/p>\n<h3 style=\"text-align: justify;\"><span style=\"font-weight: 400;\">Objectius de l\u2019acreditaci\u00f3\u00a0<\/span><\/h3>\n<ul style=\"text-align: justify;\">\n<li style=\"font-weight: 400;\" aria-level=\"1\"><span style=\"font-weight: 400;\">LET&#8217;S START INCLUSION. Desenvolupar les Soft Skills per millorar la inclusi\u00f3 i la diversitat a l&#8217;aula i promoure que \u201cTots som un\u201d.<\/span><\/li>\n<li style=\"font-weight: 400;\" aria-level=\"1\"><span style=\"font-weight: 400;\">DIGITALIZE ME. Potenciar el bon \u00fas de la compet\u00e8ncia digital entre l&#8217;alumnat i el professorat per millorar les TIC\/TAC\/TEP.<\/span><\/li>\n<li style=\"font-weight: 400;\" aria-level=\"1\"><span style=\"font-weight: 400;\">RECYCLE, REDUCE and REUSE. Reduir la petjada ecol\u00f2gica al centre i al seu entorn.<\/span><\/li>\n<li style=\"font-weight: 400;\" aria-level=\"1\"><span style=\"font-weight: 400;\">YOU\u2019VE GOT THE POWER. Comprometre tota la comunitat educativa en la participaci\u00f3 democr\u00e0tica i la internacionalitzaci\u00f3 del centre.<\/span><\/li>\n<\/ul>\n<h3 style=\"text-align: justify;\"><span style=\"font-weight: 400;\">Com es beneficia l\u2019alumne?<\/span><\/h3>\n<p style=\"text-align: justify;\"><span style=\"font-weight: 400;\">L\u2019alumnat podr\u00e0 treballar i consolidar aprenentatges vinculats amb els objectius mencionats anteriorment com:<\/span><\/p>\n<ol style=\"text-align: justify;\">\n<li style=\"font-weight: 400;\" aria-level=\"1\"><span style=\"font-weight: 400;\">Empoderar i millorar la participaci\u00f3 i vinculaci\u00f3 de l&#8217;alumnat i les fam\u00edlies en les decisions, activitats, necessitats del centre i del seu entorn m\u00e9s immediat. De la mateixa manera, enfortir la cohesi\u00f3 entre l&#8217;alumnat i poder crear un ambient de treball respectu\u00f3s, emp\u00e0tic i col\u00b7laboratiu i que faciliti potenciar les diferents habilitats al si del grup.\u00a0<\/span><\/li>\n<li style=\"font-weight: 400;\" aria-level=\"1\"><span style=\"font-weight: 400;\">Saber gestionar de manera positiva les emocions a trav\u00e9s de les Soft Skills (empatia, autoconeixement, empoderament i comunicaci\u00f3). Desenvolupar aquest tipus d&#8217;habilitats permetr\u00e0 al nostre alumnat afrontar i gestionar situacions conflictives de manera assertiva.<\/span><\/li>\n<li style=\"font-weight: 400;\" aria-level=\"1\"><span style=\"font-weight: 400;\">Promoure la cooperaci\u00f3 i la col\u00b7laboraci\u00f3 de la comunitat educativa en la projecci\u00f3 nacional i internacional del centre i en l&#8217;establiment de vincles culturals i intel\u00b7lectuals amb diferents professionals i institucions i que afavoreixin el sentiment de pertinen\u00e7a, sobretot, europeu.\u00a0<\/span><\/li>\n<li style=\"font-weight: 400;\" aria-level=\"1\"><span style=\"font-weight: 400;\">Durant aquest proc\u00e9s, l\u2019alumnat millorar\u00e0 les seves capacitats comunicatives en les pr\u00f2pies lleng\u00fces i en les lleng\u00fces estrangeres. Aix\u00ed com les seves habilitats socials.\u00a0<\/span><\/li>\n<\/ol>\n<p>&nbsp;<\/p>\n<p>&nbsp;<\/p>\n<p>&nbsp;<\/p>\n<h3 style=\"text-align: justify;\"><span style=\"font-weight: 400;\">Enlla\u00e7os<\/span><\/h3>\n<p style=\"text-align: justify;\"><a href=\"https:\/\/agora.xtec.cat\/iesdauro\/criteris-de-seleccio-erasmus\/\" target=\"_blank\" rel=\"noopener\"><span style=\"font-weight: 400;\">Criteris de selecci\u00f3 Erasmus+\u00a0<\/span><\/a><\/p>\n<p style=\"text-align: justify;\"><a href=\"https:\/\/drive.google.com\/file\/d\/1MG6ubV9F-Td7BMac2UgjbaCZOVYs-6_l\/view?usp=sharing\">Llista definitiva de l&#8217;alumnat seleccionat 25-26<\/a><\/p>\n<p><a href=\"https:\/\/drive.google.com\/file\/d\/1cOLrXpqNY5RyxWCy7jMvocSfYrtoh8yn\/view?usp=sharing\">Llistat provisional de l&#8217;alumnat seleccionat per la mobilitat de curta durada a Morlaix<\/a><\/p>\n<p style=\"text-align: justify;\"><span style=\"font-weight: 400;\">Per qualsevol dubte us podeu posar en contacte al correu <strong>projecterasmus<span class=\"\">@dauro.cat<\/span><\/strong><\/span><\/p>\n<p><a href=\"https:\/\/agora.xtec.cat\/iesdauro\/wp-content\/uploads\/usu2955\/2024\/06\/LogoErasmus.png\"><img loading=\"lazy\" decoding=\"async\" class=\" wp-image-1600 aligncenter\" src=\"https:\/\/agora.xtec.cat\/iesdauro\/wp-content\/uploads\/usu2955\/2024\/06\/LogoErasmus.png\" alt=\"\" width=\"432\" height=\"193\" srcset=\"https:\/\/agora.xtec.cat\/iesdauro\/wp-content\/uploads\/usu2955\/2024\/06\/LogoErasmus.png 560w, https:\/\/agora.xtec.cat\/iesdauro\/wp-content\/uploads\/usu2955\/2024\/06\/LogoErasmus-300x134.png 300w\" sizes=\"auto, (max-width: 432px) 100vw, 432px\" \/><\/a><\/p>\n","protected":false},"excerpt":{"rendered":"<p>El curs 23-24 l\u2019Institut d\u2019Auro va aconseguir l\u2019acreditaci\u00f3 Erasmus. Aix\u00f2 voldr\u00e0 dir que tindrem un finan\u00e7ament fins al 2027 que permetr\u00e0 la mobilitat d\u2019alumnes i professors per formaci\u00f3 i projectes internacionals de qualitat educativa. Objectius de l\u2019acreditaci\u00f3\u00a0 LET&#8217;S START INCLUSION. Desenvolupar les Soft Skills per millorar la inclusi\u00f3 i la diversitat a l&#8217;aula i promoure [&hellip;]<\/p>\n","protected":false},"author":1,"featured_media":0,"parent":0,"menu_order":0,"comment_status":"closed","ping_status":"closed","template":"","meta":{"_bbp_topic_count":0,"_bbp_reply_count":0,"_bbp_total_topic_count":0,"_bbp_total_reply_count":0,"_bbp_voice_count":0,"_bbp_anonymous_reply_count":0,"_bbp_topic_count_hidden":0,"_bbp_reply_count_hidden":0,"_bbp_forum_subforum_count":0,"site-sidebar-layout":"default","site-content-layout":"","ast-site-content-layout":"","site-content-style":"default","site-sidebar-style":"default","ast-global-header-display":"","ast-banner-title-visibility":"","ast-main-header-display":"","ast-hfb-above-header-display":"","ast-hfb-below-header-display":"","ast-hfb-mobile-header-display":"","site-post-title":"","ast-breadcrumbs-content":"","ast-featured-img":"","footer-sml-layout":"","theme-transparent-header-meta":"","adv-header-id-meta":"","stick-header-meta":"","header-above-stick-meta":"","header-main-stick-meta":"","header-below-stick-meta":"","astra-migrate-meta-layouts":"default","ast-page-background-enabled":"default","ast-page-background-meta":{"desktop":{"background-color":"var(--ast-global-color-4)","background-image":"","background-repeat":"repeat","background-position":"center center","background-size":"auto","background-attachment":"scroll","background-type":"","background-media":"","overlay-type":"","overlay-color":"","overlay-opacity":"","overlay-gradient":""},"tablet":{"background-color":"","background-image":"","background-repeat":"repeat","background-position":"center center","background-size":"auto","background-attachment":"scroll","background-type":"","background-media":"","overlay-type":"","overlay-color":"","overlay-opacity":"","overlay-gradient":""},"mobile":{"background-color":"","background-image":"","background-repeat":"repeat","background-position":"center center","background-size":"auto","background-attachment":"scroll","background-type":"","background-media":"","overlay-type":"","overlay-color":"","overlay-opacity":"","overlay-gradient":""}},"ast-content-background-meta":{"desktop":{"background-color":"var(--ast-global-color-5)","background-image":"","background-repeat":"repeat","background-position":"center center","background-size":"auto","background-attachment":"scroll","background-type":"","background-media":"","overlay-type":"","overlay-color":"","overlay-opacity":"","overlay-gradient":""},"tablet":{"background-color":"var(--ast-global-color-5)","background-image":"","background-repeat":"repeat","background-position":"center center","background-size":"auto","background-attachment":"scroll","background-type":"","background-media":"","overlay-type":"","overlay-color":"","overlay-opacity":"","overlay-gradient":""},"mobile":{"background-color":"var(--ast-global-color-5)","background-image":"","background-repeat":"repeat","background-position":"center center","background-size":"auto","background-attachment":"scroll","background-type":"","background-media":"","overlay-type":"","overlay-color":"","overlay-opacity":"","overlay-gradient":""}},"footnotes":""},"class_list":["post-1599","page","type-page","status-publish","hentry"],"post_mailing_queue_ids":[],"_links":{"self":[{"href":"https:\/\/agora.xtec.cat\/iesdauro\/wp-json\/wp\/v2\/pages\/1599","targetHints":{"allow":["GET"]}}],"collection":[{"href":"https:\/\/agora.xtec.cat\/iesdauro\/wp-json\/wp\/v2\/pages"}],"about":[{"href":"https:\/\/agora.xtec.cat\/iesdauro\/wp-json\/wp\/v2\/types\/page"}],"author":[{"embeddable":true,"href":"https:\/\/agora.xtec.cat\/iesdauro\/wp-json\/wp\/v2\/users\/1"}],"replies":[{"embeddable":true,"href":"https:\/\/agora.xtec.cat\/iesdauro\/wp-json\/wp\/v2\/comments?post=1599"}],"version-history":[{"count":6,"href":"https:\/\/agora.xtec.cat\/iesdauro\/wp-json\/wp\/v2\/pages\/1599\/revisions"}],"predecessor-version":[{"id":3496,"href":"https:\/\/agora.xtec.cat\/iesdauro\/wp-json\/wp\/v2\/pages\/1599\/revisions\/3496"}],"wp:attachment":[{"href":"https:\/\/agora.xtec.cat\/iesdauro\/wp-json\/wp\/v2\/media?parent=1599"}],"curies":[{"name":"wp","href":"https:\/\/api.w.org\/{rel}","templated":true}]}}

<p style="text-align: justify;"><span style="font-weight: 400;">El curs 23-24 l’Institut d’Auro va aconseguir l’acreditació Erasmus. Això voldrà dir que tindrem un finançament fins al 2027 que permetrà la mobilitat d’alumnes i professors per formació i projectes internacionals de qualitat educativa.</span></p>
<h3 style="text-align: justify;"><span style="font-weight: 400;">Objectius de l’acreditació </span></h3>
<ul style="text-align: justify;">
<li style="font-weight: 400;" aria-level="1"><span style="font-weight: 400;">LET&#8217;S START INCLUSION. Desenvolupar les Soft Skills per millorar la inclusió i la diversitat a l&#8217;aula i promoure que “Tots som un”.</span></li>
<li style="font-weight: 400;" aria-level="1"><span style="font-weight: 400;">DIGITALIZE ME. Potenciar el bon ús de la competència digital entre l&#8217;alumnat i el professorat per millorar les TIC/TAC/TEP.</span></li>
<li style="font-weight: 400;" aria-level="1"><span style="font-weight: 400;">RECYCLE, REDUCE and REUSE. Reduir la petjada ecològica al centre i al seu entorn.</span></li>
<li style="font-weight: 400;" aria-level="1"><span style="font-weight: 400;">YOU’VE GOT THE POWER. Comprometre tota la comunitat educativa en la participació democràtica i la internacionalització del centre.</span></li>
</ul>
<h3 style="text-align: justify;"><span style="font-weight: 400;">Com es beneficia l’alumne?</span></h3>
<p style="text-align: justify;"><span style="font-weight: 400;">L’alumnat podrà treballar i consolidar aprenentatges vinculats amb els objectius mencionats anteriorment com:</span></p>
<ol style="text-align: justify;">
<li style="font-weight: 400;" aria-level="1"><span style="font-weight: 400;">Empoderar i millorar la participació i vinculació de l&#8217;alumnat i les famílies en les decisions, activitats, necessitats del centre i del seu entorn més immediat. De la mateixa manera, enfortir la cohesió entre l&#8217;alumnat i poder crear un ambient de treball respectuós, empàtic i col·laboratiu i que faciliti potenciar les diferents habilitats al si del grup. </span></li>
<li style="font-weight: 400;" aria-level="1"><span style="font-weight: 400;">Saber gestionar de manera positiva les emocions a través de les Soft Skills (empatia, autoconeixement, empoderament i comunicació). Desenvolupar aquest tipus d&#8217;habilitats permetrà al nostre alumnat afrontar i gestionar situacions conflictives de manera assertiva.</span></li>
<li style="font-weight: 400;" aria-level="1"><span style="font-weight: 400;">Promoure la cooperació i la col·laboració de la comunitat educativa en la projecció nacional i internacional del centre i en l&#8217;establiment de vincles culturals i intel·lectuals amb diferents professionals i institucions i que afavoreixin el sentiment de pertinença, sobretot, europeu. </span></li>
<li style="font-weight: 400;" aria-level="1"><span style="font-weight: 400;">Durant aquest procés, l’alumnat millorarà les seves capacitats comunicatives en les pròpies llengües i en les llengües estrangeres. Així com les seves habilitats socials. </span></li>
</ol>
<p>&nbsp;</p>
<p>&nbsp;</p>
<p>&nbsp;</p>
<h3 style="text-align: justify;"><span style="font-weight: 400;">Enllaços</span></h3>
<p style="text-align: justify;"><a href="https://agora.xtec.cat/iesdauro/criteris-de-seleccio-erasmus/" target="_blank" rel="noopener"><span style="font-weight: 400;">Criteris de selecció Erasmus+ </span></a></p>
<p style="text-align: justify;"><a href="https://drive.google.com/file/d/1MG6ubV9F-Td7BMac2UgjbaCZOVYs-6_l/view?usp=sharing">Llista definitiva de l&#8217;alumnat seleccionat 25-26</a></p>
<p><a href="https://drive.google.com/file/d/1cOLrXpqNY5RyxWCy7jMvocSfYrtoh8yn/view?usp=sharing">Llistat provisional de l&#8217;alumnat seleccionat per la mobilitat de curta durada a Morlaix</a></p>
<p style="text-align: justify;"><span style="font-weight: 400;">Per qualsevol dubte us podeu posar en contacte al correu <strong>projecterasmus<span class="">@dauro.cat</span></strong></span></p>
<p><a href="https://agora.xtec.cat/iesdauro/wp-content/uploads/usu2955/2024/06/LogoErasmus.png"><img loading="lazy" decoding="async" class=" wp-image-1600 aligncenter" src="https://agora.xtec.cat/iesdauro/wp-content/uploads/usu2955/2024/06/LogoErasmus.png" alt="" width="432" height="193" srcset="https://agora.xtec.cat/iesdauro/wp-content/uploads/usu2955/2024/06/LogoErasmus.png 560w, https://agora.xtec.cat/iesdauro/wp-content/uploads/usu2955/2024/06/LogoErasmus-300x134.png 300w" sizes="auto, (max-width: 432px) 100vw, 432px" /></a></p>

<p>El curs 23-24 l’Institut d’Auro va aconseguir l’acreditació Erasmus. Això voldrà dir que tindrem un finançament fins al 2027 que permetrà la mobilitat d’alumnes i professors per formació i projectes internacionals de qualitat educativa. Objectius de l’acreditació  LET&#8217;S START INCLUSION. Desenvolupar les Soft Skills per millorar la inclusió i la diversitat a l&#8217;aula i promoure [&hellip;]</p>
