{"id":1393,"date":"2024-06-06T10:29:52","date_gmt":"2024-06-06T08:29:52","guid":{"rendered":"https:\/\/agora.xtec.cat\/iesdauro\/?page_id=1393"},"modified":"2026-08-31T14:21:02","modified_gmt":"2026-08-31T12:21:02","slug":"transport-escolar-24-25","status":"publish","type":"page","link":"https:\/\/agora.xtec.cat\/iesdauro\/families\/transport-escolar-24-25\/","title":{"rendered":"Transport escolar 26-27"},"content":{"rendered":"<div>El Consell Comarcal del Bages ofereix el Servei de Transport Escolar per als alumnes de Castellnou de Bages. En aquest <a href=\"https:\/\/www.ccbages.cat\/educacioicultura\/educacio\/transport\/\">enlla\u00e7<\/a> podeu consultar la informaci\u00f3 seg\u00fcent i fer algunes gestions tals com:<\/div>\n<ul>\n<li>Reglament de transport comarcal<\/li>\n<li>Itineraris i horaris<\/li>\n<li>Sol\u00b7licituds telem\u00e0tiques de noves matr\u00edcules o noves incorporacions<\/li>\n<\/ul>\n<p>En cas que h\u00e0giu de donar de baixa \u00a0el servei de transport cal que envieu un correu a <a href=\"mailto:educacio@ccbages.cat\">educacio@ccbages.cat<\/a>.<\/p>\n<p>Tamb\u00e9 podreu fer modificacions i sol\u00b7licituds de persones autoritzades a la recollida, autoritzacions per tornar sol\/a a casa, baixes, canvis de parades per la p\u00e0gina web del Consell Comarcal del Bages a l&#8217;apartat de<a id=\"m_7406819799788397723OWA87f6c6a1-8e0d-8a0e-7319-d603993495b6\" title=\"https:\/\/transport2526.ccbages.cat\/\" href=\"https:\/\/transport2526.ccbages.cat\/\" target=\"_blank\" rel=\"noopener noreferrer\" data-saferedirecturl=\"https:\/\/www.google.com\/url?q=https:\/\/transport2526.ccbages.cat\/&amp;source=gmail&amp;ust=1788261838187000&amp;usg=AOvVaw1h_mLTf0dqtWtRNm2O_mWq\"> modificacions i canvis de la sol\u00b7licitud<\/a>.<\/p>\n<p>Per a m\u00e9s informaci\u00f3 podeu trucar al Consell Comarcal del Bages a trav\u00e9s del tel\u00e8fon 93 639 03 93\u00a0i <a id=\"m_7406819799788397723OWAa5f58e52-ae09-dc0b-8a2d-c960d3cb9732\" title=\"mailto:educacio@ccbages.cat\" href=\"mailto:educacio@ccbages.cat\" target=\"_blank\" rel=\"noopener\"><u>educacio@ccbages.cat<\/u><\/a>. Aquest tel\u00e8fon tamb\u00e9 el podeu trobar a la fitxa d&#8217;itinerari.<\/p>\n<div><\/div>\n","protected":false},"excerpt":{"rendered":"<p>El Consell Comarcal del Bages ofereix el Servei de Transport Escolar per als alumnes de Castellnou de Bages. En aquest enlla\u00e7 podeu consultar la informaci\u00f3 seg\u00fcent i fer algunes gestions tals com: Reglament de transport comarcal Itineraris i horaris Sol\u00b7licituds telem\u00e0tiques de noves matr\u00edcules o noves incorporacions En cas que h\u00e0giu de donar de baixa [&hellip;]<\/p>\n","protected":false},"author":1,"featured_media":0,"parent":646,"menu_order":0,"comment_status":"closed","ping_status":"closed","template":"","meta":{"_bbp_topic_count":0,"_bbp_reply_count":0,"_bbp_total_topic_count":0,"_bbp_total_reply_count":0,"_bbp_voice_count":0,"_bbp_anonymous_reply_count":0,"_bbp_topic_count_hidden":0,"_bbp_reply_count_hidden":0,"_bbp_forum_subforum_count":0,"site-sidebar-layout":"default","site-content-layout":"","ast-site-content-layout":"default","site-content-style":"default","site-sidebar-style":"default","ast-global-header-display":"","ast-banner-title-visibility":"","ast-main-header-display":"","ast-hfb-above-header-display":"","ast-hfb-below-header-display":"","ast-hfb-mobile-header-display":"","site-post-title":"","ast-breadcrumbs-content":"","ast-featured-img":"","footer-sml-layout":"","theme-transparent-header-meta":"","adv-header-id-meta":"","stick-header-meta":"","header-above-stick-meta":"","header-main-stick-meta":"","header-below-stick-meta":"","astra-migrate-meta-layouts":"set","ast-page-background-enabled":"default","ast-page-background-meta":{"desktop":{"background-color":"var(--ast-global-color-4)","background-image":"","background-repeat":"repeat","background-position":"center center","background-size":"auto","background-attachment":"scroll","background-type":"","background-media":"","overlay-type":"","overlay-color":"","overlay-opacity":"","overlay-gradient":""},"tablet":{"background-color":"","background-image":"","background-repeat":"repeat","background-position":"center center","background-size":"auto","background-attachment":"scroll","background-type":"","background-media":"","overlay-type":"","overlay-color":"","overlay-opacity":"","overlay-gradient":""},"mobile":{"background-color":"","background-image":"","background-repeat":"repeat","background-position":"center center","background-size":"auto","background-attachment":"scroll","background-type":"","background-media":"","overlay-type":"","overlay-color":"","overlay-opacity":"","overlay-gradient":""}},"ast-content-background-meta":{"desktop":{"background-color":"var(--ast-global-color-5)","background-image":"","background-repeat":"repeat","background-position":"center center","background-size":"auto","background-attachment":"scroll","background-type":"","background-media":"","overlay-type":"","overlay-color":"","overlay-opacity":"","overlay-gradient":""},"tablet":{"background-color":"var(--ast-global-color-5)","background-image":"","background-repeat":"repeat","background-position":"center center","background-size":"auto","background-attachment":"scroll","background-type":"","background-media":"","overlay-type":"","overlay-color":"","overlay-opacity":"","overlay-gradient":""},"mobile":{"background-color":"var(--ast-global-color-5)","background-image":"","background-repeat":"repeat","background-position":"center center","background-size":"auto","background-attachment":"scroll","background-type":"","background-media":"","overlay-type":"","overlay-color":"","overlay-opacity":"","overlay-gradient":""}},"footnotes":""},"class_list":["post-1393","page","type-page","status-publish","hentry"],"post_mailing_queue_ids":[],"_links":{"self":[{"href":"https:\/\/agora.xtec.cat\/iesdauro\/wp-json\/wp\/v2\/pages\/1393","targetHints":{"allow":["GET"]}}],"collection":[{"href":"https:\/\/agora.xtec.cat\/iesdauro\/wp-json\/wp\/v2\/pages"}],"about":[{"href":"https:\/\/agora.xtec.cat\/iesdauro\/wp-json\/wp\/v2\/types\/page"}],"author":[{"embeddable":true,"href":"https:\/\/agora.xtec.cat\/iesdauro\/wp-json\/wp\/v2\/users\/1"}],"replies":[{"embeddable":true,"href":"https:\/\/agora.xtec.cat\/iesdauro\/wp-json\/wp\/v2\/comments?post=1393"}],"version-history":[{"count":2,"href":"https:\/\/agora.xtec.cat\/iesdauro\/wp-json\/wp\/v2\/pages\/1393\/revisions"}],"predecessor-version":[{"id":4289,"href":"https:\/\/agora.xtec.cat\/iesdauro\/wp-json\/wp\/v2\/pages\/1393\/revisions\/4289"}],"up":[{"embeddable":true,"href":"https:\/\/agora.xtec.cat\/iesdauro\/wp-json\/wp\/v2\/pages\/646"}],"wp:attachment":[{"href":"https:\/\/agora.xtec.cat\/iesdauro\/wp-json\/wp\/v2\/media?parent=1393"}],"curies":[{"name":"wp","href":"https:\/\/api.w.org\/{rel}","templated":true}]}}

<div>El Consell Comarcal del Bages ofereix el Servei de Transport Escolar per als alumnes de Castellnou de Bages. En aquest <a href="https://www.ccbages.cat/educacioicultura/educacio/transport/">enllaç</a> podeu consultar la informació següent i fer algunes gestions tals com:</div>
<ul>
<li>Reglament de transport comarcal</li>
<li>Itineraris i horaris</li>
<li>Sol·licituds telemàtiques de noves matrícules o noves incorporacions</li>
</ul>
<p>En cas que hàgiu de donar de baixa  el servei de transport cal que envieu un correu a <a href="mailto:educacio@ccbages.cat">educacio@ccbages.cat</a>.</p>
<p>També podreu fer modificacions i sol·licituds de persones autoritzades a la recollida, autoritzacions per tornar sol/a a casa, baixes, canvis de parades per la pàgina web del Consell Comarcal del Bages a l&#8217;apartat de<a id="m_7406819799788397723OWA87f6c6a1-8e0d-8a0e-7319-d603993495b6" title="https://transport2526.ccbages.cat/" href="https://transport2526.ccbages.cat/" target="_blank" rel="noopener noreferrer" data-saferedirecturl="https://www.google.com/url?q=https://transport2526.ccbages.cat/&amp;source=gmail&amp;ust=1788261838187000&amp;usg=AOvVaw1h_mLTf0dqtWtRNm2O_mWq"> modificacions i canvis de la sol·licitud</a>.</p>
<p>Per a més informació podeu trucar al Consell Comarcal del Bages a través del telèfon 93 639 03 93 i <a id="m_7406819799788397723OWAa5f58e52-ae09-dc0b-8a2d-c960d3cb9732" title="mailto:educacio@ccbages.cat" href="mailto:educacio@ccbages.cat" target="_blank" rel="noopener"><u>educacio@ccbages.cat</u></a>. Aquest telèfon també el podeu trobar a la fitxa d&#8217;itinerari.</p>
<div></div>

<p>El Consell Comarcal del Bages ofereix el Servei de Transport Escolar per als alumnes de Castellnou de Bages. En aquest enllaç podeu consultar la informació següent i fer algunes gestions tals com: Reglament de transport comarcal Itineraris i horaris Sol·licituds telemàtiques de noves matrícules o noves incorporacions En cas que hàgiu de donar de baixa [&hellip;]</p>
