{"id":1393,"date":"2024-06-06T10:29:52","date_gmt":"2024-06-06T08:29:52","guid":{"rendered":"https:\/\/agora.xtec.cat\/iesdauro\/?page_id=1393"},"modified":"2024-06-06T10:29:52","modified_gmt":"2024-06-06T08:29:52","slug":"transport-escolar-24-25","status":"publish","type":"page","link":"https:\/\/agora.xtec.cat\/iesdauro\/transport-escolar-24-25\/","title":{"rendered":"Transport escolar 24-25"},"content":{"rendered":"<p>Us informem que avui 27 de maig de 2024\u00a0s\u2019ha obert el termini per a presentar les sol\u00b7licituds dels\u00a0serveis escolars de transport i menjador preceptiu (nom\u00e9s dels menjadors escolars gestionats a trav\u00e9s del Consell Comarcal del Bages).<\/p>\n<p>Els terminis per a presentar les sol\u00b7licituds dels\u00a0serveis escolars de\u00a0transport i menjador preceptiu (nom\u00e9s dels menjadors escolars gestionats a trav\u00e9s del Consell Comarcal del Bages de la comarca del Bages), pel curs 2024-2025\u00a0s\u00f3n els seg\u00fcents:<\/p>\n<ul>\n<li dir=\"ltr\">Sol\u00b7licituds de continu\u00eftat al centre educatiu d\u2019ensenyaments obligatoris: del 27 de maig fins al 21 de juny de 2024.<\/li>\n<li dir=\"ltr\">Sol\u00b7licituds de nova matr\u00edcula d\u2019ensenyaments obligatoris: del 27 de maig fins al 26 de juny de 2024.<\/li>\n<li dir=\"ltr\">Sol\u00b7licituds de transport places vacants alumnat d\u2019educaci\u00f3 infantil, prim\u00e0ria, secund\u00e0ria i postobligatoris: del 27 de maig fins al 3 de juliol de 2024.<\/li>\n<li dir=\"ltr\">Sol\u00b7licituds de transport places vacants persones adultes: del 27 de maig fins al 3 de juliol de 2024.<\/li>\n<\/ul>\n<p>Podreu trobar tota la informaci\u00f3, sol\u00b7licitud i els manuals al web del Consell Comarcal\u00a0<a href=\"https:\/\/www.ccbages.cat\/educacioicultura\/educacio\/transport\/\" target=\"_blank\" rel=\"noopener\" data-saferedirecturl=\"https:\/\/www.google.com\/url?q=https:\/\/www.ccbages.cat\/educacioicultura\/educacio\/transport\/&amp;source=gmail&amp;ust=1717748730673000&amp;usg=AOvVaw39Yn7z5rMrMkVkfa1bwRRa\">https:\/\/www.ccbages.cat\/<wbr \/>educacioicultura\/educacio\/<wbr \/>transport\/<\/a><\/p>\n","protected":false},"excerpt":{"rendered":"<p>Us informem que avui 27 de maig de 2024\u00a0s\u2019ha obert el termini per a presentar les sol\u00b7licituds dels\u00a0serveis escolars de transport i menjador preceptiu (nom\u00e9s dels menjadors escolars gestionats a trav\u00e9s del Consell Comarcal del Bages). Els terminis per a presentar les sol\u00b7licituds dels\u00a0serveis escolars de\u00a0transport i menjador preceptiu (nom\u00e9s dels menjadors escolars gestionats a [&hellip;]<\/p>\n","protected":false},"author":1,"featured_media":0,"parent":0,"menu_order":0,"comment_status":"closed","ping_status":"closed","template":"","meta":{"_bbp_topic_count":0,"_bbp_reply_count":0,"_bbp_total_topic_count":0,"_bbp_total_reply_count":0,"_bbp_voice_count":0,"_bbp_anonymous_reply_count":0,"_bbp_topic_count_hidden":0,"_bbp_reply_count_hidden":0,"_bbp_forum_subforum_count":0,"site-sidebar-layout":"default","site-content-layout":"","ast-site-content-layout":"","site-content-style":"default","site-sidebar-style":"default","ast-global-header-display":"","ast-banner-title-visibility":"","ast-main-header-display":"","ast-hfb-above-header-display":"","ast-hfb-below-header-display":"","ast-hfb-mobile-header-display":"","site-post-title":"","ast-breadcrumbs-content":"","ast-featured-img":"","footer-sml-layout":"","theme-transparent-header-meta":"","adv-header-id-meta":"","stick-header-meta":"","header-above-stick-meta":"","header-main-stick-meta":"","header-below-stick-meta":"","astra-migrate-meta-layouts":"default","ast-page-background-enabled":"default","ast-page-background-meta":{"desktop":{"background-color":"var(--ast-global-color-4)","background-image":"","background-repeat":"repeat","background-position":"center center","background-size":"auto","background-attachment":"scroll","background-type":"","background-media":"","overlay-type":"","overlay-color":"","overlay-opacity":"","overlay-gradient":""},"tablet":{"background-color":"","background-image":"","background-repeat":"repeat","background-position":"center center","background-size":"auto","background-attachment":"scroll","background-type":"","background-media":"","overlay-type":"","overlay-color":"","overlay-opacity":"","overlay-gradient":""},"mobile":{"background-color":"","background-image":"","background-repeat":"repeat","background-position":"center center","background-size":"auto","background-attachment":"scroll","background-type":"","background-media":"","overlay-type":"","overlay-color":"","overlay-opacity":"","overlay-gradient":""}},"ast-content-background-meta":{"desktop":{"background-color":"var(--ast-global-color-5)","background-image":"","background-repeat":"repeat","background-position":"center center","background-size":"auto","background-attachment":"scroll","background-type":"","background-media":"","overlay-type":"","overlay-color":"","overlay-opacity":"","overlay-gradient":""},"tablet":{"background-color":"var(--ast-global-color-5)","background-image":"","background-repeat":"repeat","background-position":"center center","background-size":"auto","background-attachment":"scroll","background-type":"","background-media":"","overlay-type":"","overlay-color":"","overlay-opacity":"","overlay-gradient":""},"mobile":{"background-color":"var(--ast-global-color-5)","background-image":"","background-repeat":"repeat","background-position":"center center","background-size":"auto","background-attachment":"scroll","background-type":"","background-media":"","overlay-type":"","overlay-color":"","overlay-opacity":"","overlay-gradient":""}},"footnotes":""},"class_list":["post-1393","page","type-page","status-publish","hentry"],"post_mailing_queue_ids":[],"_links":{"self":[{"href":"https:\/\/agora.xtec.cat\/iesdauro\/wp-json\/wp\/v2\/pages\/1393","targetHints":{"allow":["GET"]}}],"collection":[{"href":"https:\/\/agora.xtec.cat\/iesdauro\/wp-json\/wp\/v2\/pages"}],"about":[{"href":"https:\/\/agora.xtec.cat\/iesdauro\/wp-json\/wp\/v2\/types\/page"}],"author":[{"embeddable":true,"href":"https:\/\/agora.xtec.cat\/iesdauro\/wp-json\/wp\/v2\/users\/1"}],"replies":[{"embeddable":true,"href":"https:\/\/agora.xtec.cat\/iesdauro\/wp-json\/wp\/v2\/comments?post=1393"}],"version-history":[{"count":1,"href":"https:\/\/agora.xtec.cat\/iesdauro\/wp-json\/wp\/v2\/pages\/1393\/revisions"}],"predecessor-version":[{"id":1394,"href":"https:\/\/agora.xtec.cat\/iesdauro\/wp-json\/wp\/v2\/pages\/1393\/revisions\/1394"}],"wp:attachment":[{"href":"https:\/\/agora.xtec.cat\/iesdauro\/wp-json\/wp\/v2\/media?parent=1393"}],"curies":[{"name":"wp","href":"https:\/\/api.w.org\/{rel}","templated":true}]}}

<p>Us informem que avui 27 de maig de 2024 s’ha obert el termini per a presentar les sol·licituds dels serveis escolars de transport i menjador preceptiu (només dels menjadors escolars gestionats a través del Consell Comarcal del Bages).</p>
<p>Els terminis per a presentar les sol·licituds dels serveis escolars de transport i menjador preceptiu (només dels menjadors escolars gestionats a través del Consell Comarcal del Bages de la comarca del Bages), pel curs 2024-2025 són els següents:</p>
<ul>
<li dir="ltr">Sol·licituds de continuïtat al centre educatiu d’ensenyaments obligatoris: del 27 de maig fins al 21 de juny de 2024.</li>
<li dir="ltr">Sol·licituds de nova matrícula d’ensenyaments obligatoris: del 27 de maig fins al 26 de juny de 2024.</li>
<li dir="ltr">Sol·licituds de transport places vacants alumnat d’educació infantil, primària, secundària i postobligatoris: del 27 de maig fins al 3 de juliol de 2024.</li>
<li dir="ltr">Sol·licituds de transport places vacants persones adultes: del 27 de maig fins al 3 de juliol de 2024.</li>
</ul>
<p>Podreu trobar tota la informació, sol·licitud i els manuals al web del Consell Comarcal <a href="https://www.ccbages.cat/educacioicultura/educacio/transport/" target="_blank" rel="noopener" data-saferedirecturl="https://www.google.com/url?q=https://www.ccbages.cat/educacioicultura/educacio/transport/&amp;source=gmail&amp;ust=1717748730673000&amp;usg=AOvVaw39Yn7z5rMrMkVkfa1bwRRa">https://www.ccbages.cat/<wbr />educacioicultura/educacio/<wbr />transport/</a></p>

<p>Us informem que avui 27 de maig de 2024 s’ha obert el termini per a presentar les sol·licituds dels serveis escolars de transport i menjador preceptiu (només dels menjadors escolars gestionats a través del Consell Comarcal del Bages). Els terminis per a presentar les sol·licituds dels serveis escolars de transport i menjador preceptiu (només dels menjadors escolars gestionats a [&hellip;]</p>
