{"id":81,"date":"2014-09-18T10:38:05","date_gmt":"2014-09-18T10:38:05","guid":{"rendered":"http:\/\/agora.xtec.cat\/iesdali\/?page_id=81"},"modified":"2023-01-17T09:45:07","modified_gmt":"2023-01-17T08:45:07","slug":"secretaria","status":"publish","type":"page","link":"https:\/\/agora.xtec.cat\/iesdali\/secretaria\/","title":{"rendered":"Secretaria"},"content":{"rendered":"<p><strong>Horari de Secretaria<\/strong><\/p>\n<ul>\n<li>De dilluns a divendres de 9:00h a 13:00 h<\/li>\n<li>Dilluns per la tarda de 15:00 h a 17:00 h<\/li>\n<\/ul>\n<p><strong>Tr\u00e0mits<\/strong><\/p>\n<ul>\n<li>Lliurament dels t\u00edtols d\u2019ESO i Batxillerat\n<ul>\n<li style=\"list-style-type: none;\">\n<ul>\n<li style=\"list-style-type: none;\">\n<ul>\n<li style=\"list-style-type: none;\">\n<ul style=\"list-style-type: square;\">\n<li>Heu de portar el resguard del t\u00edtol i el document identificatiu (NIF, NIE o passaport)<\/li>\n<li>En cas de p\u00e8rdua del resguard del t\u00edtol heu d\u2019omplir <a href=\"https:\/\/drive.google.com\/file\/d\/1DbCF9pozybha9qVqJwx2NbMFkVzeZ6Jz\/view?usp=sharing\">aquest impr\u00e8s<\/a><\/li>\n<li>Si no podeu venir presencialment haureu de fer <a href=\"https:\/\/drive.google.com\/file\/d\/1ZikynfRmIvw2IbMkaFi2cxJBMyNTMxar\/view?usp=share_link\">aquesta autoritzaci\u00f3<\/a><\/li>\n<\/ul>\n<\/li>\n<\/ul>\n<\/li>\n<\/ul>\n<\/li>\n<\/ul>\n<\/li>\n<li>Obtenci\u00f3 del nivell B i C de catal\u00e0. Cliqueu <a href=\"https:\/\/web.gencat.cat\/ca\/tramits\/tramits-temes\/22046-reconeixement-b2-c1-catala?category=\">aqu\u00ed.<\/a><\/li>\n<li style=\"list-style-type: none;\">\n<ul>\n<li style=\"list-style-type: none;\">\n<ul>\n<li style=\"list-style-type: none;\">\n<ul>\n<li style=\"list-style-type: none;\">\n<ul style=\"list-style-type: square;\">\n<li>Comproveu que reuniu els requisits<\/li>\n<li>Ompliu la sol\u00b7licitud<\/li>\n<li>Porteu la documentaci\u00f3 que acredita el vostre nivell de catal\u00e0, fotoc\u00f2pia del NIF o NIE<\/li>\n<\/ul>\n<\/li>\n<\/ul>\n<\/li>\n<\/ul>\n<\/li>\n<\/ul>\n<\/li>\n<\/ul>\n<p><strong>PREINSCRIPCI\u00d3 ESO I BATX<\/strong><strong>ILLERAT 2022-2023<\/strong><\/p>\n<p>Us facilitem l&#8217;enlla\u00e7 al Departament d\u2019Educaci\u00f3 on trobareu les indicaci\u00f3ns sobre calendari, normativa i documentaci\u00f3 que cal presentar:<\/p>\n<p><a href=\"http:\/\/queestudiar.gencat.cat\/ca\/preinscripcio\/estudis\/obligatoris\/\">http:\/\/queestudiar.gencat.cat\/ca\/preinscripcio\/estudis\/obligatoris\/<\/a><\/p>\n<p>&nbsp;<\/p>\n<p><strong>ESCOLES ADSCRITES A L\u2019INS SALVADOR DAL\u00cd<\/strong><\/p>\n<ul>\n<li>Escola Charles Darwin &#8211; Escola Honorable Josep Tarradellas\u00a0\u00a0 &#8211; Escola Joan Maragall &#8211;\u00a0 Escola Sant Jaume<\/li>\n<\/ul>\n<p>&nbsp;<\/p>\n<p><strong>HORARI DE SECRETARIA PER A LA MATR\u00cdCULA<\/strong><\/p>\n<p>De dilluns a divendres\u00a0 de 9:00 a 13:00 hores<\/p>\n<p>&nbsp;<\/p>\n","protected":false},"excerpt":{"rendered":"<p>Horari de Secretaria De dilluns a divendres de 9:00h a 13:00 h Dilluns per la tarda de 15:00 h a 17:00 h Tr\u00e0mits Lliurament dels t\u00edtols d\u2019ESO i Batxillerat Heu de portar el resguard del t\u00edtol i el document identificatiu (NIF, NIE o passaport) En cas de p\u00e8rdua del resguard del t\u00edtol heu d\u2019omplir aquest [&hellip;]<\/p>\n","protected":false},"author":1,"featured_media":0,"parent":0,"menu_order":0,"comment_status":"closed","ping_status":"closed","template":"page-templates\/side-menu.php","meta":{"_bbp_topic_count":0,"_bbp_reply_count":0,"_bbp_total_topic_count":0,"_bbp_total_reply_count":0,"_bbp_voice_count":0,"_bbp_anonymous_reply_count":0,"_bbp_topic_count_hidden":0,"_bbp_reply_count_hidden":0,"_bbp_forum_subforum_count":0,"site-sidebar-layout":"default","site-content-layout":"","ast-site-content-layout":"","site-content-style":"default","site-sidebar-style":"default","ast-global-header-display":"","ast-banner-title-visibility":"","ast-main-header-display":"","ast-hfb-above-header-display":"","ast-hfb-below-header-display":"","ast-hfb-mobile-header-display":"","site-post-title":"","ast-breadcrumbs-content":"","ast-featured-img":"","footer-sml-layout":"","theme-transparent-header-meta":"","adv-header-id-meta":"","stick-header-meta":"","header-above-stick-meta":"","header-main-stick-meta":"","header-below-stick-meta":"","astra-migrate-meta-layouts":"default","ast-page-background-enabled":"default","ast-page-background-meta":{"desktop":{"background-color":"var(--ast-global-color-4)","background-image":"","background-repeat":"repeat","background-position":"center center","background-size":"auto","background-attachment":"scroll","background-type":"","background-media":"","overlay-type":"","overlay-color":"","overlay-opacity":"","overlay-gradient":""},"tablet":{"background-color":"","background-image":"","background-repeat":"repeat","background-position":"center center","background-size":"auto","background-attachment":"scroll","background-type":"","background-media":"","overlay-type":"","overlay-color":"","overlay-opacity":"","overlay-gradient":""},"mobile":{"background-color":"","background-image":"","background-repeat":"repeat","background-position":"center center","background-size":"auto","background-attachment":"scroll","background-type":"","background-media":"","overlay-type":"","overlay-color":"","overlay-opacity":"","overlay-gradient":""}},"ast-content-background-meta":{"desktop":{"background-color":"var(--ast-global-color-5)","background-image":"","background-repeat":"repeat","background-position":"center center","background-size":"auto","background-attachment":"scroll","background-type":"","background-media":"","overlay-type":"","overlay-color":"","overlay-opacity":"","overlay-gradient":""},"tablet":{"background-color":"var(--ast-global-color-5)","background-image":"","background-repeat":"repeat","background-position":"center center","background-size":"auto","background-attachment":"scroll","background-type":"","background-media":"","overlay-type":"","overlay-color":"","overlay-opacity":"","overlay-gradient":""},"mobile":{"background-color":"var(--ast-global-color-5)","background-image":"","background-repeat":"repeat","background-position":"center center","background-size":"auto","background-attachment":"scroll","background-type":"","background-media":"","overlay-type":"","overlay-color":"","overlay-opacity":"","overlay-gradient":""}},"footnotes":""},"class_list":["post-81","page","type-page","status-publish","hentry"],"post_mailing_queue_ids":[],"_links":{"self":[{"href":"https:\/\/agora.xtec.cat\/iesdali\/wp-json\/wp\/v2\/pages\/81","targetHints":{"allow":["GET"]}}],"collection":[{"href":"https:\/\/agora.xtec.cat\/iesdali\/wp-json\/wp\/v2\/pages"}],"about":[{"href":"https:\/\/agora.xtec.cat\/iesdali\/wp-json\/wp\/v2\/types\/page"}],"author":[{"embeddable":true,"href":"https:\/\/agora.xtec.cat\/iesdali\/wp-json\/wp\/v2\/users\/1"}],"replies":[{"embeddable":true,"href":"https:\/\/agora.xtec.cat\/iesdali\/wp-json\/wp\/v2\/comments?post=81"}],"version-history":[{"count":3,"href":"https:\/\/agora.xtec.cat\/iesdali\/wp-json\/wp\/v2\/pages\/81\/revisions"}],"predecessor-version":[{"id":4381,"href":"https:\/\/agora.xtec.cat\/iesdali\/wp-json\/wp\/v2\/pages\/81\/revisions\/4381"}],"wp:attachment":[{"href":"https:\/\/agora.xtec.cat\/iesdali\/wp-json\/wp\/v2\/media?parent=81"}],"curies":[{"name":"wp","href":"https:\/\/api.w.org\/{rel}","templated":true}]}}