{"id":3888,"date":"2022-02-21T09:47:31","date_gmt":"2022-02-21T08:47:31","guid":{"rendered":"https:\/\/agora.xtec.cat\/iesdali\/?page_id=3888"},"modified":"2026-02-25T18:30:04","modified_gmt":"2026-02-25T17:30:04","slug":"llengua-castellana-i-literatura","status":"publish","type":"page","link":"https:\/\/agora.xtec.cat\/iesdali\/departaments-seminaris\/llengua-castellana-i-literatura\/","title":{"rendered":"Llengua castellana i literatura"},"content":{"rendered":"<p><strong> PROFESORADO<\/strong><\/p>\n<p>Libertad Castillo<\/p>\n<p>M\u00f3nica Mac\u00edas (Cap de departament)<\/p>\n<p>Mar\u00eda Pad\u00edn<\/p>\n<p>S\u00edlvia P\u00e9rez \/ S\u00f2nia Mart\u00edn \/ Laura L\u00e1zaro<\/p>\n<p>Ag\u00fci Ruiz<\/p>\n<p>Nat\u00e0lia Tejada<\/p>\n<p>&nbsp;<\/p>\n<p><strong> ESTUDIOS<\/strong><\/p>\n<p><strong>1\u00ba de ESO:<\/strong><\/p>\n<p>Como continuaci\u00f3n de la etapa de Primaria, se trabaja la comprensi\u00f3n lectora, se refuerza la ortograf\u00eda y la puntuaci\u00f3n de los textos escritos. Se insiste fundamentalmente en el reconocimiento de los tipos de palabras, morfolog\u00eda, con el fin de preparar al alumnado para la sintaxis y la adquisici\u00f3n de otras lenguas que ya est\u00e1n afrontando.<\/p>\n<p>La lectura de textos permite el reconocimiento de los g\u00e9neros literarios. Comienzan a trabajar en la estructura de un texto, sea cual sea este.<\/p>\n<p>&nbsp;<\/p>\n<p><strong>LECTURAS<\/strong><\/p>\n<p>Luis Sep\u00falveda, <em>Historia de la gaviota y del gato que le ense\u00f1\u00f3 a volar<\/em> (SOCIALIZADO)<\/p>\n<p>Roald Dahl, <em>Cuentos en verso para chicos perversos <\/em>(SOCIALIZADO)<\/p>\n<p>Nando L\u00f3pez, <em>Por qu\u00e9 tiene que ser todo tan dif\u00edcil <\/em>(COMPRA)<\/p>\n<p><a href=\"https:\/\/agora.xtec.cat\/iesdali\/wp-content\/uploads\/usu384\/2022\/02\/Picture1-3.png\"><img loading=\"lazy\" decoding=\"async\" class=\"alignnone size-medium wp-image-3914\" src=\"https:\/\/agora.xtec.cat\/iesdali\/wp-content\/uploads\/usu384\/2022\/02\/Picture1-3-199x300.png\" alt=\"\" width=\"199\" height=\"300\" srcset=\"https:\/\/agora.xtec.cat\/iesdali\/wp-content\/uploads\/usu384\/2022\/02\/Picture1-3-199x300.png 199w, https:\/\/agora.xtec.cat\/iesdali\/wp-content\/uploads\/usu384\/2022\/02\/Picture1-3.png 252w\" sizes=\"auto, (max-width: 199px) 100vw, 199px\" \/><\/a> \u00a0 <a href=\"https:\/\/agora.xtec.cat\/iesdali\/wp-content\/uploads\/usu384\/2022\/02\/Picture2-3.png\"><img loading=\"lazy\" decoding=\"async\" class=\"alignnone size-medium wp-image-3913\" src=\"https:\/\/agora.xtec.cat\/iesdali\/wp-content\/uploads\/usu384\/2022\/02\/Picture2-3-200x300.png\" alt=\"\" width=\"200\" height=\"300\" srcset=\"https:\/\/agora.xtec.cat\/iesdali\/wp-content\/uploads\/usu384\/2022\/02\/Picture2-3-200x300.png 200w, https:\/\/agora.xtec.cat\/iesdali\/wp-content\/uploads\/usu384\/2022\/02\/Picture2-3.png 247w\" sizes=\"auto, (max-width: 200px) 100vw, 200px\" \/><\/a>. <a href=\"https:\/\/agora.xtec.cat\/iesdali\/wp-content\/uploads\/usu384\/2025\/09\/1362514.80.jpg\"><img loading=\"lazy\" decoding=\"async\" class=\"alignnone size-medium wp-image-7236\" src=\"https:\/\/agora.xtec.cat\/iesdali\/wp-content\/uploads\/usu384\/2025\/09\/1362514.80-203x300.jpg\" alt=\"\" width=\"203\" height=\"300\" srcset=\"https:\/\/agora.xtec.cat\/iesdali\/wp-content\/uploads\/usu384\/2025\/09\/1362514.80-203x300.jpg 203w, https:\/\/agora.xtec.cat\/iesdali\/wp-content\/uploads\/usu384\/2025\/09\/1362514.80-692x1024.jpg 692w, https:\/\/agora.xtec.cat\/iesdali\/wp-content\/uploads\/usu384\/2025\/09\/1362514.80.jpg 740w\" sizes=\"auto, (max-width: 203px) 100vw, 203px\" \/><\/a><\/p>\n<p>&nbsp;<\/p>\n<p><strong>2\u00ba de ESO:<\/strong><\/p>\n<p>Continuamos con la tipolog\u00eda de las palabras, la lectura, la ortograf\u00eda, la sem\u00e1ntica y, como novedad, el primer acercamiento a la Historia de la Literatura, en este caso la Medieval. Se trabaja la estructura sint\u00e1ctica de la oraci\u00f3n simple a trav\u00e9s de los sintagmas.<\/p>\n<p>Se comienza a trabajar la lectura desde el punto de vista de las Competencias B\u00e1sicas.<\/p>\n<p>&nbsp;<\/p>\n<p><strong>LECTURAS<\/strong><\/p>\n<p>Ana Alcolea, <em>El medall\u00f3n perdido <\/em>(SOCIALIZADO)<\/p>\n<p>Luis Matilla, <em>Manzanas rojas<\/em> (SOCIALIZADO)<\/p>\n<p>Rafael Salmer\u00f3n, <em>La rama seca del cerezo<\/em> (COMPRA)<\/p>\n<p><a href=\"https:\/\/agora.xtec.cat\/iesdali\/wp-content\/uploads\/usu384\/2025\/01\/11.jpg\"><img loading=\"lazy\" decoding=\"async\" class=\"size-medium wp-image-6524 alignnone\" src=\"https:\/\/agora.xtec.cat\/iesdali\/wp-content\/uploads\/usu384\/2025\/01\/11-172x300.jpg\" alt=\"\" width=\"172\" height=\"300\" srcset=\"https:\/\/agora.xtec.cat\/iesdali\/wp-content\/uploads\/usu384\/2025\/01\/11-172x300.jpg 172w, https:\/\/agora.xtec.cat\/iesdali\/wp-content\/uploads\/usu384\/2025\/01\/11.jpg 552w\" sizes=\"auto, (max-width: 172px) 100vw, 172px\" \/><\/a> <a href=\"https:\/\/agora.xtec.cat\/iesdali\/wp-content\/uploads\/usu384\/2025\/01\/12.jpg\"><img loading=\"lazy\" decoding=\"async\" class=\"size-medium wp-image-6525 alignnone\" src=\"https:\/\/agora.xtec.cat\/iesdali\/wp-content\/uploads\/usu384\/2025\/01\/12-199x300.jpg\" alt=\"\" width=\"199\" height=\"300\" srcset=\"https:\/\/agora.xtec.cat\/iesdali\/wp-content\/uploads\/usu384\/2025\/01\/12-199x300.jpg 199w, https:\/\/agora.xtec.cat\/iesdali\/wp-content\/uploads\/usu384\/2025\/01\/12.jpg 404w\" sizes=\"auto, (max-width: 199px) 100vw, 199px\" \/><\/a> <a href=\"https:\/\/agora.xtec.cat\/iesdali\/wp-content\/uploads\/usu384\/2025\/01\/13.jpg\"><img loading=\"lazy\" decoding=\"async\" class=\"size-medium wp-image-6526 alignnone\" src=\"https:\/\/agora.xtec.cat\/iesdali\/wp-content\/uploads\/usu384\/2025\/01\/13-197x300.jpg\" alt=\"\" width=\"197\" height=\"300\" srcset=\"https:\/\/agora.xtec.cat\/iesdali\/wp-content\/uploads\/usu384\/2025\/01\/13-197x300.jpg 197w, https:\/\/agora.xtec.cat\/iesdali\/wp-content\/uploads\/usu384\/2025\/01\/13.jpg 396w\" sizes=\"auto, (max-width: 197px) 100vw, 197px\" \/><\/a><\/p>\n<p>&nbsp;<\/p>\n<p><strong>3\u00ba de ESO<\/strong>:<\/p>\n<p>Se inicia el an\u00e1lisis morfosint\u00e1ctico de la oraci\u00f3n simple y se incide en los complementos verbales, se refuerza el estudio de la sem\u00e1ntica, del origen y distribuci\u00f3n de las lenguas y en literatura se estudia el llamado Siglo de Oro, con la lectura del <em>Lazarillo de Tormes<\/em> como ejemplo de obra clave de aquella \u00e9poca literaria.<\/p>\n<p>&nbsp;<\/p>\n<p><strong>LECTURAS<\/strong><\/p>\n<p>Ana Alcolea, D<em>onde aprenden a volar las gaviotas. <\/em>(SOCIALIZADO)<\/p>\n<p>An\u00f3nimo, <em>Lazarillo de Tormes. <\/em>(SOCIALIZADO)<\/p>\n<p>Antonio Buero Vallejo,<em> Historia de una escalera <\/em>(COMPRA)<\/p>\n<p><a href=\"https:\/\/agora.xtec.cat\/iesdali\/wp-content\/uploads\/usu384\/2025\/01\/3.jpg\"><img loading=\"lazy\" decoding=\"async\" class=\" wp-image-6518 alignleft\" src=\"https:\/\/agora.xtec.cat\/iesdali\/wp-content\/uploads\/usu384\/2025\/01\/3.jpg\" alt=\"\" width=\"200\" height=\"305\" \/><\/a>\u00a0 \u00a0<a href=\"https:\/\/agora.xtec.cat\/iesdali\/wp-content\/uploads\/usu384\/2022\/02\/Picture8-2.png\"><img loading=\"lazy\" decoding=\"async\" class=\"alignnone size-medium wp-image-3907\" src=\"https:\/\/agora.xtec.cat\/iesdali\/wp-content\/uploads\/usu384\/2022\/02\/Picture8-2-187x300.png\" alt=\"\" width=\"187\" height=\"300\" srcset=\"https:\/\/agora.xtec.cat\/iesdali\/wp-content\/uploads\/usu384\/2022\/02\/Picture8-2-187x300.png 187w, https:\/\/agora.xtec.cat\/iesdali\/wp-content\/uploads\/usu384\/2022\/02\/Picture8-2.png 218w\" sizes=\"auto, (max-width: 187px) 100vw, 187px\" \/>. \u00a0<\/a> <a href=\"https:\/\/agora.xtec.cat\/iesdali\/wp-content\/uploads\/usu384\/2022\/02\/Picture9-2.png\"><img loading=\"lazy\" decoding=\"async\" class=\"alignnone size-medium wp-image-3906\" src=\"https:\/\/agora.xtec.cat\/iesdali\/wp-content\/uploads\/usu384\/2022\/02\/Picture9-2-206x300.png\" alt=\"\" width=\"206\" height=\"300\" srcset=\"https:\/\/agora.xtec.cat\/iesdali\/wp-content\/uploads\/usu384\/2022\/02\/Picture9-2-206x300.png 206w, https:\/\/agora.xtec.cat\/iesdali\/wp-content\/uploads\/usu384\/2022\/02\/Picture9-2.png 243w\" sizes=\"auto, (max-width: 206px) 100vw, 206px\" \/><\/a><\/p>\n<p>&nbsp;<\/p>\n<p><strong>4\u00ba de ESO:<\/strong><\/p>\n<p>En este \u00faltimo curso de la ESO se profundiza en el hecho ling\u00fc\u00edstico, con el objetivo de mejorar la capacidad de comprensi\u00f3n lectora y tambi\u00e9n de expresi\u00f3n escrita, b\u00e1sicas para su futuro. Se contin\u00faa trabajando sintaxis (oraci\u00f3n simple en\u00a0 una mayor complejidad), sem\u00e1ntica, l\u00e9xico\u2026<\/p>\n<p>En Historia de la Literatura se estudia la etapa contempor\u00e1nea, desde el siglo XVIII hasta nuestro presente.<\/p>\n<p><strong>LECTURAS<\/strong><\/p>\n<p>Carlos Ruiz Zaf\u00f3n, <em>Marina <\/em>(SOCIALIZADO)<\/p>\n<p>Federico Garc\u00eda Lorca<em>, La casa de Bernarda Alba<\/em> (SOCIALIZADO)<\/p>\n<p>Arturo Padilla, <em>Extra\u00f1os en un aeropuerto <\/em>(COMPRA)<\/p>\n<p><a href=\"https:\/\/agora.xtec.cat\/iesdali\/wp-content\/uploads\/usu384\/2022\/02\/Picture10-2.png\"><img loading=\"lazy\" decoding=\"async\" class=\"alignnone size-medium wp-image-3905\" src=\"https:\/\/agora.xtec.cat\/iesdali\/wp-content\/uploads\/usu384\/2022\/02\/Picture10-2-198x300.png\" alt=\"\" width=\"198\" height=\"300\" srcset=\"https:\/\/agora.xtec.cat\/iesdali\/wp-content\/uploads\/usu384\/2022\/02\/Picture10-2-198x300.png 198w, https:\/\/agora.xtec.cat\/iesdali\/wp-content\/uploads\/usu384\/2022\/02\/Picture10-2.png 254w\" sizes=\"auto, (max-width: 198px) 100vw, 198px\" \/><\/a> \u00a0 <a href=\"https:\/\/agora.xtec.cat\/iesdali\/wp-content\/uploads\/usu384\/2022\/02\/Picture11-2.png\"><img loading=\"lazy\" decoding=\"async\" class=\"alignnone size-medium wp-image-3904\" src=\"https:\/\/agora.xtec.cat\/iesdali\/wp-content\/uploads\/usu384\/2022\/02\/Picture11-2-198x300.png\" alt=\"\" width=\"198\" height=\"300\" srcset=\"https:\/\/agora.xtec.cat\/iesdali\/wp-content\/uploads\/usu384\/2022\/02\/Picture11-2-198x300.png 198w, https:\/\/agora.xtec.cat\/iesdali\/wp-content\/uploads\/usu384\/2022\/02\/Picture11-2.png 256w\" sizes=\"auto, (max-width: 198px) 100vw, 198px\" \/>. \u00a0<\/a> <a href=\"https:\/\/agora.xtec.cat\/iesdali\/wp-content\/uploads\/usu384\/2025\/01\/4.jpg\"><img loading=\"lazy\" decoding=\"async\" class=\" wp-image-6519 alignnone\" src=\"https:\/\/agora.xtec.cat\/iesdali\/wp-content\/uploads\/usu384\/2025\/01\/4.jpg\" alt=\"\" width=\"198\" height=\"299\" \/><\/a><\/p>\n<p><strong>1\u00ba de Bachillerato<\/strong><\/p>\n<p>En 1\u00ba de bachillerato se trabaja la comprensi\u00f3n y expresi\u00f3n escrita de textos de diversa tipolog\u00eda, se introduce la Nueva Gram\u00e1tica, se incide en la sem\u00e1ntica, la sintaxis de la oraci\u00f3n simple y la ortograf\u00eda y, adem\u00e1s, se realizan producciones orales. De literatura, se trabajan las figuras ret\u00f3ricas y los t\u00f3picos literarios.<\/p>\n<p><strong>2\u00ba de Bachillerato<\/strong><\/p>\n<p>En 2\u00ba de bachillerato se trabaja, especialmente, la Nueva Gram\u00e1tica y los nuevos bloques de las PAU: saber literario y socioling\u00fc\u00edstica. La comprensi\u00f3n lectora se refuerza para poder comprender y comentar textos de una mayor complejidad. La expresi\u00f3n escrita est\u00e1 orientada a los textos expositivos y argumentativos, requeridos en las PAU. Los bloques de reflexi\u00f3n ling\u00fc\u00edstica, l\u00e9xico y sem\u00e1ntica se trabajan de forma pr\u00e1ctica y constante durante todo el curso. El Glosario de T\u00e9rminos Gramaticales exigido en las PAU es el eje central de la materia.<\/p>\n<p><strong>LITERATURA DE MODALIDAD<\/strong><\/p>\n<p>Dentro de las materias optativas de 2\u00ba de Bachillerato se oferta Literatura espa\u00f1ola. Esta materia de 4 horas lectivas supone un paseo por algunas de las obras fundamentales de la literatura espa\u00f1ola, a la par que nos adentramos en el contexto hist\u00f3rico y cultural en el que fueron creadas.<\/p>\n<p>&nbsp;<\/p>\n<p>Este curso 2024-25 los alumnos conocer\u00e1n algunos de los poemas m\u00e1s representativos de la Poes\u00eda del Siglo de Oro espa\u00f1ol, as\u00ed como la novela m\u00e1s representativa de la literatura espa\u00f1ola, tambi\u00e9n interpretar\u00e1n teatro barroco o descubrir\u00e1n el minucioso realismo de Emilia Pardo Baz\u00e1n y pisar\u00e1n el siglo pasado de la mano del esperpento de Ram\u00f3n Mar\u00eda del Valle-Incl\u00e1n y el costumbrismo m\u00e1gico de Ana Mar\u00eda Matute.<\/p>\n<p><strong>\u00a0<\/strong><\/p>\n<p><strong>LECTURAS<\/strong><\/p>\n<p><em>Antolog\u00eda po\u00e9tica del Siglo de Oro <\/em>(DOSSIER DE 20 POEMAS)<\/p>\n<p>Miguel de Cervantes Saavedra, <em>El Quijote<\/em>. (SELECCI\u00d3N DE CAP\u00cdTULOS)<\/p>\n<p>Pedro Calder\u00f3n de la Barca, <em>La vida es sue\u00f1o<\/em>, Austral educaci\u00f3n (COMPRA)<\/p>\n<p>Emilia Pardo Baz\u00e1n, <em>Los Pazos de Ulloa<\/em>, Austral educaci\u00f3n (COMPRA)<\/p>\n<p>Ram\u00f3n Mar\u00eda del Valle-Incl\u00e1n, <em>Luces de Bohemia,<\/em> Austral (COMPRA)<\/p>\n<p>Ana Mar\u00eda Matute, <em>Luci\u00e9rnagas<\/em>, Austral (COMPRA)<\/p>\n<p><a href=\"https:\/\/agora.xtec.cat\/iesdali\/wp-content\/uploads\/usu384\/2022\/02\/Picture15-2.png\"><img loading=\"lazy\" decoding=\"async\" class=\"alignnone size-medium wp-image-3900\" src=\"https:\/\/agora.xtec.cat\/iesdali\/wp-content\/uploads\/usu384\/2022\/02\/Picture15-2-198x300.png\" alt=\"\" width=\"198\" height=\"300\" srcset=\"https:\/\/agora.xtec.cat\/iesdali\/wp-content\/uploads\/usu384\/2022\/02\/Picture15-2-198x300.png 198w, https:\/\/agora.xtec.cat\/iesdali\/wp-content\/uploads\/usu384\/2022\/02\/Picture15-2.png 202w\" sizes=\"auto, (max-width: 198px) 100vw, 198px\" \/><\/a><a href=\"https:\/\/agora.xtec.cat\/iesdali\/wp-content\/uploads\/usu384\/2025\/01\/6.jpg\"><img loading=\"lazy\" decoding=\"async\" class=\"size-medium wp-image-6520 alignnone\" src=\"https:\/\/agora.xtec.cat\/iesdali\/wp-content\/uploads\/usu384\/2025\/01\/6-200x300.jpg\" alt=\"\" width=\"200\" height=\"300\" srcset=\"https:\/\/agora.xtec.cat\/iesdali\/wp-content\/uploads\/usu384\/2025\/01\/6-200x300.jpg 200w, https:\/\/agora.xtec.cat\/iesdali\/wp-content\/uploads\/usu384\/2025\/01\/6.jpg 229w\" sizes=\"auto, (max-width: 200px) 100vw, 200px\" \/><\/a><a href=\"https:\/\/agora.xtec.cat\/iesdali\/wp-content\/uploads\/usu384\/2025\/01\/7.jpg\"><img loading=\"lazy\" decoding=\"async\" class=\"size-medium wp-image-6521 alignnone\" src=\"https:\/\/agora.xtec.cat\/iesdali\/wp-content\/uploads\/usu384\/2025\/01\/7-200x300.jpg\" alt=\"\" width=\"200\" height=\"300\" srcset=\"https:\/\/agora.xtec.cat\/iesdali\/wp-content\/uploads\/usu384\/2025\/01\/7-200x300.jpg 200w, https:\/\/agora.xtec.cat\/iesdali\/wp-content\/uploads\/usu384\/2025\/01\/7.jpg 229w\" sizes=\"auto, (max-width: 200px) 100vw, 200px\" \/><\/a><a href=\"https:\/\/agora.xtec.cat\/iesdali\/wp-content\/uploads\/usu384\/2025\/01\/8.jpg\"><img loading=\"lazy\" decoding=\"async\" class=\"size-medium wp-image-6522 alignnone\" src=\"https:\/\/agora.xtec.cat\/iesdali\/wp-content\/uploads\/usu384\/2025\/01\/8-199x300.jpg\" alt=\"\" width=\"199\" height=\"300\" srcset=\"https:\/\/agora.xtec.cat\/iesdali\/wp-content\/uploads\/usu384\/2025\/01\/8-199x300.jpg 199w, https:\/\/agora.xtec.cat\/iesdali\/wp-content\/uploads\/usu384\/2025\/01\/8.jpg 229w\" sizes=\"auto, (max-width: 199px) 100vw, 199px\" \/><\/a><\/p>\n<p>&nbsp;<\/p>\n<ol start=\"3\">\n<li><strong>TRABAJO POR PROYECTOS<\/strong><\/li>\n<\/ol>\n<p>En 1\u00ba y 2\u00ba de la ESO el departamento de castellano participa en la franja de Trabajo por proyectos.<\/p>\n<p><strong>LAS 40 PRINCIPALES DE LA ROMA ANTIGUA<\/strong><\/p>\n<p>Proyecto de Lengua castellana e Historia (1\u00ba de la ESO), en el que alumnado recupera la memoria de mujeres significativas de la Antigua Roma a trav\u00e9s de la m\u00fasica y la poes\u00eda. Se trabajan as\u00ed las convenciones de la poes\u00eda y las caracter\u00edsticas y el sentir de la sociedad antigua desde un enfoque coeducativo.<\/p>\n<p><a href=\"https:\/\/agora.xtec.cat\/iesdali\/wp-content\/uploads\/usu384\/2022\/02\/Picture21-1.png\"><img loading=\"lazy\" decoding=\"async\" class=\"alignnone size-medium wp-image-3894\" src=\"https:\/\/agora.xtec.cat\/iesdali\/wp-content\/uploads\/usu384\/2022\/02\/Picture21-1-300x195.png\" alt=\"\" width=\"300\" height=\"195\" srcset=\"https:\/\/agora.xtec.cat\/iesdali\/wp-content\/uploads\/usu384\/2022\/02\/Picture21-1-300x195.png 300w, https:\/\/agora.xtec.cat\/iesdali\/wp-content\/uploads\/usu384\/2022\/02\/Picture21-1.png 400w\" sizes=\"auto, (max-width: 300px) 100vw, 300px\" \/><\/a> <a href=\"https:\/\/agora.xtec.cat\/iesdali\/wp-content\/uploads\/usu384\/2022\/02\/Picture22-1.png\"><img loading=\"lazy\" decoding=\"async\" class=\"alignnone size-full wp-image-3893\" src=\"https:\/\/agora.xtec.cat\/iesdali\/wp-content\/uploads\/usu384\/2022\/02\/Picture22-1.png\" alt=\"\" width=\"181\" height=\"181\" srcset=\"https:\/\/agora.xtec.cat\/iesdali\/wp-content\/uploads\/usu384\/2022\/02\/Picture22-1.png 181w, https:\/\/agora.xtec.cat\/iesdali\/wp-content\/uploads\/usu384\/2022\/02\/Picture22-1-150x150.png 150w\" sizes=\"auto, (max-width: 181px) 100vw, 181px\" \/><\/a> <a href=\"https:\/\/agora.xtec.cat\/iesdali\/wp-content\/uploads\/usu384\/2022\/02\/Picture23-1.png\"><img loading=\"lazy\" decoding=\"async\" class=\"alignnone size-full wp-image-3892\" src=\"https:\/\/agora.xtec.cat\/iesdali\/wp-content\/uploads\/usu384\/2022\/02\/Picture23-1.png\" alt=\"\" width=\"297\" height=\"297\" srcset=\"https:\/\/agora.xtec.cat\/iesdali\/wp-content\/uploads\/usu384\/2022\/02\/Picture23-1.png 297w, https:\/\/agora.xtec.cat\/iesdali\/wp-content\/uploads\/usu384\/2022\/02\/Picture23-1-150x150.png 150w\" sizes=\"auto, (max-width: 297px) 100vw, 297px\" \/><\/a><\/p>\n<p><strong>VALORES \u00a1A ESCENA!<\/strong><\/p>\n<p>Proyecto de Lengua castellana y Cultura y Valores (2\u00ba de la ESO), en el se trabajan los valores, la oralidad y el teatro como eje central del proyecto. El producto final es una peque\u00f1a representaci\u00f3n teatral donde se representan los cuatro valores elegidos por el alumnado. Se pretende as\u00ed potenciar: el trabajo colaborativo, la oralidad, la expresi\u00f3n corporal,\u00a0 la creatividad, la importancia de los valores y las emociones y la improvisaci\u00f3n.<\/p>\n<p><a href=\"https:\/\/agora.xtec.cat\/iesdali\/wp-content\/uploads\/usu384\/2022\/02\/Picture24-1.png\"><img loading=\"lazy\" decoding=\"async\" class=\"alignnone size-medium wp-image-3891\" src=\"https:\/\/agora.xtec.cat\/iesdali\/wp-content\/uploads\/usu384\/2022\/02\/Picture24-1-300x225.png\" alt=\"\" width=\"300\" height=\"225\" srcset=\"https:\/\/agora.xtec.cat\/iesdali\/wp-content\/uploads\/usu384\/2022\/02\/Picture24-1-300x225.png 300w, https:\/\/agora.xtec.cat\/iesdali\/wp-content\/uploads\/usu384\/2022\/02\/Picture24-1-200x150.png 200w, https:\/\/agora.xtec.cat\/iesdali\/wp-content\/uploads\/usu384\/2022\/02\/Picture24-1.png 385w\" sizes=\"auto, (max-width: 300px) 100vw, 300px\" \/><\/a> \u00a0 <a href=\"https:\/\/agora.xtec.cat\/iesdali\/wp-content\/uploads\/usu384\/2022\/02\/Picture25.png\"><img loading=\"lazy\" decoding=\"async\" class=\"alignnone size-medium wp-image-3890\" src=\"https:\/\/agora.xtec.cat\/iesdali\/wp-content\/uploads\/usu384\/2022\/02\/Picture25-300x226.png\" alt=\"\" width=\"300\" height=\"226\" srcset=\"https:\/\/agora.xtec.cat\/iesdali\/wp-content\/uploads\/usu384\/2022\/02\/Picture25-300x226.png 300w, https:\/\/agora.xtec.cat\/iesdali\/wp-content\/uploads\/usu384\/2022\/02\/Picture25-200x150.png 200w, https:\/\/agora.xtec.cat\/iesdali\/wp-content\/uploads\/usu384\/2022\/02\/Picture25.png 379w\" sizes=\"auto, (max-width: 300px) 100vw, 300px\" \/><\/a><\/p>\n<p><strong>\u201cEn alg\u00fan lugar de un libro hay una frase esper\u00e1ndonos para darle un sentido a la existencia\u201d. Miguel de Cervantes<\/strong><\/p>\n<p><a href=\"https:\/\/agora.xtec.cat\/iesdali\/wp-content\/uploads\/usu384\/2022\/02\/Picture26.png\"><img loading=\"lazy\" decoding=\"async\" class=\"alignnone size-medium wp-image-3889\" src=\"https:\/\/agora.xtec.cat\/iesdali\/wp-content\/uploads\/usu384\/2022\/02\/Picture26-300x219.png\" alt=\"\" width=\"300\" height=\"219\" srcset=\"https:\/\/agora.xtec.cat\/iesdali\/wp-content\/uploads\/usu384\/2022\/02\/Picture26-300x219.png 300w, https:\/\/agora.xtec.cat\/iesdali\/wp-content\/uploads\/usu384\/2022\/02\/Picture26.png 662w\" sizes=\"auto, (max-width: 300px) 100vw, 300px\" \/><\/a><\/p>\n","protected":false},"excerpt":{"rendered":"<p>PROFESORADO Libertad Castillo M\u00f3nica Mac\u00edas (Cap de departament) Mar\u00eda Pad\u00edn S\u00edlvia P\u00e9rez \/ S\u00f2nia Mart\u00edn \/ Laura L\u00e1zaro Ag\u00fci Ruiz Nat\u00e0lia Tejada &nbsp; ESTUDIOS 1\u00ba de ESO: Como continuaci\u00f3n de la etapa de Primaria, se trabaja la comprensi\u00f3n lectora, se refuerza la ortograf\u00eda y la puntuaci\u00f3n de los textos escritos. Se insiste fundamentalmente en el [&hellip;]<\/p>\n","protected":false},"author":176,"featured_media":0,"parent":3509,"menu_order":0,"comment_status":"closed","ping_status":"closed","template":"","meta":{"_bbp_topic_count":0,"_bbp_reply_count":0,"_bbp_total_topic_count":0,"_bbp_total_reply_count":0,"_bbp_voice_count":0,"_bbp_anonymous_reply_count":0,"_bbp_topic_count_hidden":0,"_bbp_reply_count_hidden":0,"_bbp_forum_subforum_count":0,"site-sidebar-layout":"default","site-content-layout":"","ast-site-content-layout":"default","site-content-style":"default","site-sidebar-style":"default","ast-global-header-display":"","ast-banner-title-visibility":"","ast-main-header-display":"","ast-hfb-above-header-display":"","ast-hfb-below-header-display":"","ast-hfb-mobile-header-display":"","site-post-title":"","ast-breadcrumbs-content":"","ast-featured-img":"","footer-sml-layout":"","theme-transparent-header-meta":"default","adv-header-id-meta":"","stick-header-meta":"","header-above-stick-meta":"","header-main-stick-meta":"","header-below-stick-meta":"","astra-migrate-meta-layouts":"set","ast-page-background-enabled":"default","ast-page-background-meta":{"desktop":{"background-color":"var(--ast-global-color-4)","background-image":"","background-repeat":"repeat","background-position":"center center","background-size":"auto","background-attachment":"scroll","background-type":"","background-media":"","overlay-type":"","overlay-color":"","overlay-opacity":"","overlay-gradient":""},"tablet":{"background-color":"","background-image":"","background-repeat":"repeat","background-position":"center center","background-size":"auto","background-attachment":"scroll","background-type":"","background-media":"","overlay-type":"","overlay-color":"","overlay-opacity":"","overlay-gradient":""},"mobile":{"background-color":"","background-image":"","background-repeat":"repeat","background-position":"center center","background-size":"auto","background-attachment":"scroll","background-type":"","background-media":"","overlay-type":"","overlay-color":"","overlay-opacity":"","overlay-gradient":""}},"ast-content-background-meta":{"desktop":{"background-color":"var(--ast-global-color-5)","background-image":"","background-repeat":"repeat","background-position":"center center","background-size":"auto","background-attachment":"scroll","background-type":"","background-media":"","overlay-type":"","overlay-color":"","overlay-opacity":"","overlay-gradient":""},"tablet":{"background-color":"var(--ast-global-color-5)","background-image":"","background-repeat":"repeat","background-position":"center center","background-size":"auto","background-attachment":"scroll","background-type":"","background-media":"","overlay-type":"","overlay-color":"","overlay-opacity":"","overlay-gradient":""},"mobile":{"background-color":"var(--ast-global-color-5)","background-image":"","background-repeat":"repeat","background-position":"center center","background-size":"auto","background-attachment":"scroll","background-type":"","background-media":"","overlay-type":"","overlay-color":"","overlay-opacity":"","overlay-gradient":""}},"footnotes":""},"class_list":["post-3888","page","type-page","status-publish","hentry"],"post_mailing_queue_ids":[],"_links":{"self":[{"href":"https:\/\/agora.xtec.cat\/iesdali\/wp-json\/wp\/v2\/pages\/3888","targetHints":{"allow":["GET"]}}],"collection":[{"href":"https:\/\/agora.xtec.cat\/iesdali\/wp-json\/wp\/v2\/pages"}],"about":[{"href":"https:\/\/agora.xtec.cat\/iesdali\/wp-json\/wp\/v2\/types\/page"}],"author":[{"embeddable":true,"href":"https:\/\/agora.xtec.cat\/iesdali\/wp-json\/wp\/v2\/users\/176"}],"replies":[{"embeddable":true,"href":"https:\/\/agora.xtec.cat\/iesdali\/wp-json\/wp\/v2\/comments?post=3888"}],"version-history":[{"count":6,"href":"https:\/\/agora.xtec.cat\/iesdali\/wp-json\/wp\/v2\/pages\/3888\/revisions"}],"predecessor-version":[{"id":7518,"href":"https:\/\/agora.xtec.cat\/iesdali\/wp-json\/wp\/v2\/pages\/3888\/revisions\/7518"}],"up":[{"embeddable":true,"href":"https:\/\/agora.xtec.cat\/iesdali\/wp-json\/wp\/v2\/pages\/3509"}],"wp:attachment":[{"href":"https:\/\/agora.xtec.cat\/iesdali\/wp-json\/wp\/v2\/media?parent=3888"}],"curies":[{"name":"wp","href":"https:\/\/api.w.org\/{rel}","templated":true}]}}