{"id":4856,"date":"2021-01-21T12:02:24","date_gmt":"2021-01-21T11:02:24","guid":{"rendered":"http:\/\/agora.xtec.cat\/iescorbera\/?page_id=4856"},"modified":"2021-01-22T11:23:43","modified_gmt":"2021-01-22T10:23:43","slug":"pla-daccio","status":"publish","type":"page","link":"https:\/\/agora.xtec.cat\/iescorbera\/escola-verda\/pla-daccio\/","title":{"rendered":"Pla d&#8217;acci\u00f3"},"content":{"rendered":"<table width=\"625\">\n<tbody>\n<tr>\n<td width=\"364\">Nom del centre<\/p>\n<p><strong>INSTITUT de CORBERA de\u00a0 LLOBREGAT<\/strong><\/td>\n<td colspan=\"4\" width=\"261\">Localitat<\/p>\n<p><strong>Corbera de Llobregat<\/strong><\/td>\n<\/tr>\n<tr>\n<td colspan=\"5\" width=\"625\">Per\u00edode de vig\u00e8ncia del projecte de direcci\u00f3<\/p>\n<p><strong>2017-21<\/strong><\/td>\n<\/tr>\n<tr>\n<td colspan=\"5\" width=\"625\">Accions de millora relacionades amb el curr\u00edculum, la gesti\u00f3, l\u2019entorn i\/o la participaci\u00f3<\/p>\n<p>(justificades a partir de la diagnosi)<\/td>\n<\/tr>\n<tr>\n<td width=\"364\">&nbsp;<\/td>\n<td width=\"65\">Curr\u00edculum<\/td>\n<td width=\"65\">Gesti\u00f3<\/td>\n<td width=\"65\">Entorn<\/td>\n<td width=\"65\">Participaci\u00f3<\/td>\n<\/tr>\n<tr>\n<td width=\"364\">1.- <strong>Crear el Comit\u00e8 Escola Verda<\/strong><\/td>\n<td width=\"65\">&nbsp;<\/td>\n<td width=\"65\">&nbsp;<\/td>\n<td width=\"65\">&nbsp;<\/td>\n<td width=\"65\"><strong>X<\/strong><\/td>\n<\/tr>\n<tr>\n<td width=\"364\">2.- <strong>Ambientalitzar la sala de professors<\/strong><\/td>\n<td width=\"65\">&nbsp;<\/td>\n<td width=\"65\">&nbsp;<\/td>\n<td width=\"65\"><strong>X<\/strong><\/td>\n<td width=\"65\">&nbsp;<\/td>\n<\/tr>\n<tr>\n<td width=\"364\">3.- <strong>Dissenyar activitats per treballar la sostenibilitat a l\u2019ESO<\/strong><\/td>\n<td width=\"65\"><strong>X<\/strong><\/td>\n<td width=\"65\">&nbsp;<\/td>\n<td width=\"65\">&nbsp;<\/td>\n<td width=\"65\">&nbsp;<\/td>\n<\/tr>\n<tr>\n<td width=\"364\">4.- <strong>Comen\u00e7ar amb la gesti\u00f3 de residus al centre<\/strong><\/td>\n<td width=\"65\">&nbsp;<\/td>\n<td width=\"65\"><strong>X<\/strong><\/td>\n<td width=\"65\">&nbsp;<\/td>\n<td width=\"65\">&nbsp;<\/td>\n<\/tr>\n<\/tbody>\n<\/table>\n","protected":false},"excerpt":{"rendered":"<p>Nom del centre INSTITUT de CORBERA de\u00a0 LLOBREGAT Localitat Corbera de Llobregat Per\u00edode de vig\u00e8ncia del projecte de direcci\u00f3 2017-21 Accions de millora relacionades amb el curr\u00edculum, la gesti\u00f3, l\u2019entorn i\/o la participaci\u00f3 (justificades a partir de la diagnosi) &nbsp; Curr\u00edculum Gesti\u00f3 Entorn Participaci\u00f3 1.- Crear el Comit\u00e8 Escola Verda &nbsp; &nbsp; &nbsp; X 2.- [&hellip;]<\/p>\n","protected":false},"author":1,"featured_media":0,"parent":4854,"menu_order":0,"comment_status":"closed","ping_status":"closed","template":"page-templates\/side-menu.php","meta":{"_bbp_topic_count":0,"_bbp_reply_count":0,"_bbp_total_topic_count":0,"_bbp_total_reply_count":0,"_bbp_voice_count":0,"_bbp_anonymous_reply_count":0,"_bbp_topic_count_hidden":0,"_bbp_reply_count_hidden":0,"_bbp_forum_subforum_count":0,"site-sidebar-layout":"default","site-content-layout":"","ast-site-content-layout":"","site-content-style":"default","site-sidebar-style":"default","ast-global-header-display":"","ast-banner-title-visibility":"","ast-main-header-display":"","ast-hfb-above-header-display":"","ast-hfb-below-header-display":"","ast-hfb-mobile-header-display":"","site-post-title":"","ast-breadcrumbs-content":"","ast-featured-img":"","footer-sml-layout":"","theme-transparent-header-meta":"","adv-header-id-meta":"","stick-header-meta":"","header-above-stick-meta":"","header-main-stick-meta":"","header-below-stick-meta":"","astra-migrate-meta-layouts":"default","ast-page-background-enabled":"default","ast-page-background-meta":{"desktop":{"background-color":"var(--ast-global-color-4)","background-image":"","background-repeat":"repeat","background-position":"center center","background-size":"auto","background-attachment":"scroll","background-type":"","background-media":"","overlay-type":"","overlay-color":"","overlay-opacity":"","overlay-gradient":""},"tablet":{"background-color":"","background-image":"","background-repeat":"repeat","background-position":"center center","background-size":"auto","background-attachment":"scroll","background-type":"","background-media":"","overlay-type":"","overlay-color":"","overlay-opacity":"","overlay-gradient":""},"mobile":{"background-color":"","background-image":"","background-repeat":"repeat","background-position":"center center","background-size":"auto","background-attachment":"scroll","background-type":"","background-media":"","overlay-type":"","overlay-color":"","overlay-opacity":"","overlay-gradient":""}},"ast-content-background-meta":{"desktop":{"background-color":"var(--ast-global-color-5)","background-image":"","background-repeat":"repeat","background-position":"center center","background-size":"auto","background-attachment":"scroll","background-type":"","background-media":"","overlay-type":"","overlay-color":"","overlay-opacity":"","overlay-gradient":""},"tablet":{"background-color":"var(--ast-global-color-5)","background-image":"","background-repeat":"repeat","background-position":"center center","background-size":"auto","background-attachment":"scroll","background-type":"","background-media":"","overlay-type":"","overlay-color":"","overlay-opacity":"","overlay-gradient":""},"mobile":{"background-color":"var(--ast-global-color-5)","background-image":"","background-repeat":"repeat","background-position":"center center","background-size":"auto","background-attachment":"scroll","background-type":"","background-media":"","overlay-type":"","overlay-color":"","overlay-opacity":"","overlay-gradient":""}},"footnotes":""},"class_list":["post-4856","page","type-page","status-publish","hentry"],"post_mailing_queue_ids":[],"_links":{"self":[{"href":"https:\/\/agora.xtec.cat\/iescorbera\/wp-json\/wp\/v2\/pages\/4856","targetHints":{"allow":["GET"]}}],"collection":[{"href":"https:\/\/agora.xtec.cat\/iescorbera\/wp-json\/wp\/v2\/pages"}],"about":[{"href":"https:\/\/agora.xtec.cat\/iescorbera\/wp-json\/wp\/v2\/types\/page"}],"author":[{"embeddable":true,"href":"https:\/\/agora.xtec.cat\/iescorbera\/wp-json\/wp\/v2\/users\/1"}],"replies":[{"embeddable":true,"href":"https:\/\/agora.xtec.cat\/iescorbera\/wp-json\/wp\/v2\/comments?post=4856"}],"version-history":[{"count":2,"href":"https:\/\/agora.xtec.cat\/iescorbera\/wp-json\/wp\/v2\/pages\/4856\/revisions"}],"predecessor-version":[{"id":4873,"href":"https:\/\/agora.xtec.cat\/iescorbera\/wp-json\/wp\/v2\/pages\/4856\/revisions\/4873"}],"up":[{"embeddable":true,"href":"https:\/\/agora.xtec.cat\/iescorbera\/wp-json\/wp\/v2\/pages\/4854"}],"wp:attachment":[{"href":"https:\/\/agora.xtec.cat\/iescorbera\/wp-json\/wp\/v2\/media?parent=4856"}],"curies":[{"name":"wp","href":"https:\/\/api.w.org\/{rel}","templated":true}]}}