{"id":4854,"date":"2021-01-21T12:00:57","date_gmt":"2021-01-21T11:00:57","guid":{"rendered":"http:\/\/agora.xtec.cat\/iescorbera\/?page_id=4854"},"modified":"2021-01-22T11:21:14","modified_gmt":"2021-01-22T10:21:14","slug":"escola-verda","status":"publish","type":"page","link":"https:\/\/agora.xtec.cat\/iescorbera\/escola-verda\/","title":{"rendered":"Presentaci\u00f3 projecte Escola Verda"},"content":{"rendered":"<p><strong>Per qu\u00e8 ser Escola Verda ?<\/strong><\/p>\n<ul>\n<li>Creiem que tota la comunitat educativa ha de prendre consci\u00e8ncia de la problem\u00e0tica ambiental i comen\u00e7ar a actuar i viure d\u2019una manera respectuosa amb el nostre entorn.<\/li>\n<li>Continuar amb la feina a nivell de sostenibilitat que es feia a l\u2019 Educaci\u00f3 Prim\u00e0ria.<\/li>\n<\/ul>\n<p><strong>Objectius del nostre projecte:<\/strong><\/p>\n<ul>\n<li>Transformar l\u2019institut en un centre respectu\u00f3s amb el medi ambient.<\/li>\n<li>Introduir els fonaments conceptuals de la cultura de la sostenibilitat en el conjunt de mat\u00e8ries i \u00e0rees de coneixement que s\u2019imparteixen.<\/li>\n<li>Generar valors, actituds i comportaments sostenibles per formar ciutadans amb capacitat per a l\u2019acci\u00f3 i que promoguin la millora del medi.<\/li>\n<\/ul>\n<p><strong>Qu\u00e8 hem fet fins ara ?<\/strong><\/p>\n<ul>\n<li>Curs 2018-19:\n<ul>\n<li>1r curs d\u2019iniciaci\u00f3 a la sostenibilitat.<\/li>\n<li>Diagnosi de centre.<\/li>\n<li>Redactar PES (pla d\u2019educaci\u00f3 per la sostenibilitat)<\/li>\n<li>Elaborar PA (pla d\u2019acci\u00f3)<\/li>\n<\/ul>\n<\/li>\n<li>Curs 2019-20:\n<ul>\n<li>2n curs d\u2019iniciaci\u00f3 a la sostenibilitat.<\/li>\n<li>Comen\u00e7ar a dur a terme PA.<\/li>\n<\/ul>\n<\/li>\n<li>Curs 2020-21:\n<ul>\n<li>Dur a terme PA.<\/li>\n<\/ul>\n<\/li>\n<\/ul>\n","protected":false},"excerpt":{"rendered":"<p>Per qu\u00e8 ser Escola Verda ? Creiem que tota la comunitat educativa ha de prendre consci\u00e8ncia de la problem\u00e0tica ambiental i comen\u00e7ar a actuar i viure d\u2019una manera respectuosa amb el nostre entorn. Continuar amb la feina a nivell de sostenibilitat que es feia a l\u2019 Educaci\u00f3 Prim\u00e0ria. Objectius del nostre projecte: Transformar l\u2019institut en [&hellip;]<\/p>\n","protected":false},"author":1,"featured_media":0,"parent":0,"menu_order":0,"comment_status":"closed","ping_status":"closed","template":"page-templates\/side-menu.php","meta":{"_bbp_topic_count":0,"_bbp_reply_count":0,"_bbp_total_topic_count":0,"_bbp_total_reply_count":0,"_bbp_voice_count":0,"_bbp_anonymous_reply_count":0,"_bbp_topic_count_hidden":0,"_bbp_reply_count_hidden":0,"_bbp_forum_subforum_count":0,"site-sidebar-layout":"default","site-content-layout":"","ast-site-content-layout":"","site-content-style":"default","site-sidebar-style":"default","ast-global-header-display":"","ast-banner-title-visibility":"","ast-main-header-display":"","ast-hfb-above-header-display":"","ast-hfb-below-header-display":"","ast-hfb-mobile-header-display":"","site-post-title":"","ast-breadcrumbs-content":"","ast-featured-img":"","footer-sml-layout":"","theme-transparent-header-meta":"","adv-header-id-meta":"","stick-header-meta":"","header-above-stick-meta":"","header-main-stick-meta":"","header-below-stick-meta":"","astra-migrate-meta-layouts":"default","ast-page-background-enabled":"default","ast-page-background-meta":{"desktop":{"background-color":"var(--ast-global-color-4)","background-image":"","background-repeat":"repeat","background-position":"center center","background-size":"auto","background-attachment":"scroll","background-type":"","background-media":"","overlay-type":"","overlay-color":"","overlay-opacity":"","overlay-gradient":""},"tablet":{"background-color":"","background-image":"","background-repeat":"repeat","background-position":"center center","background-size":"auto","background-attachment":"scroll","background-type":"","background-media":"","overlay-type":"","overlay-color":"","overlay-opacity":"","overlay-gradient":""},"mobile":{"background-color":"","background-image":"","background-repeat":"repeat","background-position":"center center","background-size":"auto","background-attachment":"scroll","background-type":"","background-media":"","overlay-type":"","overlay-color":"","overlay-opacity":"","overlay-gradient":""}},"ast-content-background-meta":{"desktop":{"background-color":"var(--ast-global-color-5)","background-image":"","background-repeat":"repeat","background-position":"center center","background-size":"auto","background-attachment":"scroll","background-type":"","background-media":"","overlay-type":"","overlay-color":"","overlay-opacity":"","overlay-gradient":""},"tablet":{"background-color":"var(--ast-global-color-5)","background-image":"","background-repeat":"repeat","background-position":"center center","background-size":"auto","background-attachment":"scroll","background-type":"","background-media":"","overlay-type":"","overlay-color":"","overlay-opacity":"","overlay-gradient":""},"mobile":{"background-color":"var(--ast-global-color-5)","background-image":"","background-repeat":"repeat","background-position":"center center","background-size":"auto","background-attachment":"scroll","background-type":"","background-media":"","overlay-type":"","overlay-color":"","overlay-opacity":"","overlay-gradient":""}},"footnotes":""},"class_list":["post-4854","page","type-page","status-publish","hentry"],"post_mailing_queue_ids":[],"_links":{"self":[{"href":"https:\/\/agora.xtec.cat\/iescorbera\/wp-json\/wp\/v2\/pages\/4854","targetHints":{"allow":["GET"]}}],"collection":[{"href":"https:\/\/agora.xtec.cat\/iescorbera\/wp-json\/wp\/v2\/pages"}],"about":[{"href":"https:\/\/agora.xtec.cat\/iescorbera\/wp-json\/wp\/v2\/types\/page"}],"author":[{"embeddable":true,"href":"https:\/\/agora.xtec.cat\/iescorbera\/wp-json\/wp\/v2\/users\/1"}],"replies":[{"embeddable":true,"href":"https:\/\/agora.xtec.cat\/iescorbera\/wp-json\/wp\/v2\/comments?post=4854"}],"version-history":[{"count":3,"href":"https:\/\/agora.xtec.cat\/iescorbera\/wp-json\/wp\/v2\/pages\/4854\/revisions"}],"predecessor-version":[{"id":4872,"href":"https:\/\/agora.xtec.cat\/iescorbera\/wp-json\/wp\/v2\/pages\/4854\/revisions\/4872"}],"wp:attachment":[{"href":"https:\/\/agora.xtec.cat\/iescorbera\/wp-json\/wp\/v2\/media?parent=4854"}],"curies":[{"name":"wp","href":"https:\/\/api.w.org\/{rel}","templated":true}]}}