{"id":10471,"date":"2025-09-23T16:47:47","date_gmt":"2025-09-23T14:47:47","guid":{"rendered":"https:\/\/agora.xtec.cat\/iescorbera\/?page_id=10471"},"modified":"2025-09-23T16:51:30","modified_gmt":"2025-09-23T14:51:30","slug":"edc-cd-documentacio-basica","status":"publish","type":"page","link":"https:\/\/agora.xtec.cat\/iescorbera\/estrategia-digital-de-centre\/edc-cultura-digital\/edc-cd-documentacio-basica\/","title":{"rendered":"EDC &#8211; CD &#8211; Documentaci\u00f3 B\u00e0sica"},"content":{"rendered":"\n<h1 class=\"wp-block-heading\"><strong>Documentaci\u00f3 b\u00e0sica<\/strong><\/h1>\n\n\n\n<p>Tots els centres p\u00fablics es regeixen per un conjunt de documents b\u00e0sics entre el que destaquen tres de principals:<\/p>\n\n\n\n<ul class=\"wp-block-list\">\n<li><a href=\"https:\/\/agora.xtec.cat\/iescorbera\/projecte-educatiu\/\">Projecte Educaci\u00f3 de Centre (<strong>PEC<\/strong>)<\/a><\/li>\n\n\n\n<li><a href=\"https:\/\/agora.xtec.cat\/iescorbera\/projecte-educatiu\/normes-dorganitzacio\/\">Normes d&#8217;Organitzaci\u00f3 i Funcionament del Centre (<strong>NOFC<\/strong>)<\/a><\/li>\n\n\n\n<li>Projecte de direcci\u00f3<\/li>\n<\/ul>\n\n\n\n<div class=\"wp-block-getwid-image-hotspot\" data-appearance-animation=\"none\" data-image-points=\"[{&quot;link&quot;:&quot;https:\/\/agora.xtec.cat\/iescorbera\/projecte-educatiu\/normes-dorganitzacio\/&quot;,&quot;icon&quot;:&quot;&quot;,&quot;title&quot;:&quot;NOFC&quot;,&quot;color&quot;:&quot;&quot;,&quot;content&quot;:&quot;Normes d'Organitzaci\u00f3 i Funcionament del Centre&quot;,&quot;backgroundColor&quot;:&quot;var(--ast-global-color-0)&quot;,&quot;newTab&quot;:true,&quot;popUpOpen&quot;:false,&quot;popUpWidth&quot;:350,&quot;placement&quot;:&quot;top&quot;,&quot;position&quot;:{&quot;x&quot;:&quot;13.81%&quot;,&quot;y&quot;:&quot;7.26%&quot;}},{&quot;link&quot;:&quot;https:\/\/agora.xtec.cat\/iescorbera\/projecte-educatiu\/&quot;,&quot;icon&quot;:&quot;&quot;,&quot;title&quot;:&quot;PEC&quot;,&quot;color&quot;:&quot;&quot;,&quot;content&quot;:&quot;Projecte Educatiu de Centre&quot;,&quot;backgroundColor&quot;:&quot;var(--ast-global-color-0)&quot;,&quot;newTab&quot;:false,&quot;popUpOpen&quot;:true,&quot;popUpWidth&quot;:350,&quot;placement&quot;:&quot;top&quot;,&quot;position&quot;:{&quot;x&quot;:&quot;56.98%&quot;,&quot;y&quot;:&quot;6.37%&quot;}},{&quot;link&quot;:&quot;https:\/\/agora.xtec.cat\/iescorbera\/estrategia-digital-de-centre\/&quot;,&quot;icon&quot;:&quot;&quot;,&quot;title&quot;:&quot;EDC&quot;,&quot;color&quot;:&quot;&quot;,&quot;content&quot;:&quot;Estrat\u00e8gia Digital de Centre&quot;,&quot;backgroundColor&quot;:&quot;var(--ast-global-color-0)&quot;,&quot;newTab&quot;:false,&quot;popUpOpen&quot;:false,&quot;popUpWidth&quot;:350,&quot;placement&quot;:&quot;top&quot;,&quot;position&quot;:{&quot;x&quot;:&quot;18.10%&quot;,&quot;y&quot;:&quot;54.66%&quot;}}]\" data-trigger=\"click\" data-theme=\"light\" data-tooltip-animation=\"shift-toward\" data-arrow=\"true\"><div class=\"wp-block-getwid-image-hotspot__wrapper\"><img loading=\"lazy\" decoding=\"async\" width=\"768\" height=\"547\" src=\"https:\/\/agora.xtec.cat\/iescorbera\/wp-content\/uploads\/usu1465\/2025\/09\/img_EDC_graph_07-768x547-1.png\" alt=\"\" class=\"wp-block-getwid-image-hotspot__image wp-image-10465\" srcset=\"https:\/\/agora.xtec.cat\/iescorbera\/wp-content\/uploads\/usu1465\/2025\/09\/img_EDC_graph_07-768x547-1.png 768w, https:\/\/agora.xtec.cat\/iescorbera\/wp-content\/uploads\/usu1465\/2025\/09\/img_EDC_graph_07-768x547-1-300x214.png 300w\" sizes=\"auto, (max-width: 768px) 100vw, 768px\" \/><div data-point-id=\"0\" class=\"wp-block-getwid-image-hotspot__dot has-animation-pulse\" style=\"left:13.81%;top:7.26%;background-color:var(--ast-global-color-0)\"><div class=\"wp-block-getwid-image-hotspot__dot-wrapper\"><div class=\"wp-block-getwid-image-hotspot__dot-content\"><i class=\"fas fa-plus wp-block-getwid-image-hotspot__dot-icon\"><\/i><\/div><\/div><div class=\"wp-block-getwid-image-hotspot__dot-description\"><div class=\"wp-block-getwid-image-hotspot__dot-title\"><a href=\"https:\/\/agora.xtec.cat\/iescorbera\/projecte-educatiu\/normes-dorganitzacio\/\" target=\"_blank\" rel=\"noopener noreferrer\">NOFC<\/a><\/div><\/div><\/div><div data-point-id=\"1\" class=\"wp-block-getwid-image-hotspot__dot has-animation-pulse\" style=\"left:56.98%;top:6.37%;background-color:var(--ast-global-color-0)\"><div class=\"wp-block-getwid-image-hotspot__dot-wrapper\"><div class=\"wp-block-getwid-image-hotspot__dot-content\"><i class=\"fas fa-plus wp-block-getwid-image-hotspot__dot-icon\"><\/i><\/div><\/div><div class=\"wp-block-getwid-image-hotspot__dot-description\"><div class=\"wp-block-getwid-image-hotspot__dot-title\"><a href=\"https:\/\/agora.xtec.cat\/iescorbera\/projecte-educatiu\/\">PEC<\/a><\/div><\/div><\/div><div data-point-id=\"2\" class=\"wp-block-getwid-image-hotspot__dot has-animation-pulse\" style=\"left:18.10%;top:54.66%;background-color:var(--ast-global-color-0)\"><div class=\"wp-block-getwid-image-hotspot__dot-wrapper\"><div class=\"wp-block-getwid-image-hotspot__dot-content\"><i class=\"fas fa-plus wp-block-getwid-image-hotspot__dot-icon\"><\/i><\/div><\/div><div class=\"wp-block-getwid-image-hotspot__dot-description\"><div class=\"wp-block-getwid-image-hotspot__dot-title\"><a href=\"https:\/\/agora.xtec.cat\/iescorbera\/estrategia-digital-de-centre\/\">EDC<\/a><\/div><\/div><\/div><\/div><\/div>\n\n\n\n<p><\/p>\n","protected":false},"excerpt":{"rendered":"<p>Documentaci\u00f3 b\u00e0sica Tots els centres p\u00fablics es regeixen per un conjunt de documents b\u00e0sics entre el que destaquen tres de principals:<\/p>\n","protected":false},"author":1,"featured_media":0,"parent":10464,"menu_order":0,"comment_status":"closed","ping_status":"close","template":"","meta":{"_bbp_topic_count":0,"_bbp_reply_count":0,"_bbp_total_topic_count":0,"_bbp_total_reply_count":0,"_bbp_voice_count":0,"_bbp_anonymous_reply_count":0,"_bbp_topic_count_hidden":0,"_bbp_reply_count_hidden":0,"_bbp_forum_subforum_count":0,"site-sidebar-layout":"default","site-content-layout":"","ast-site-content-layout":"default","site-content-style":"default","site-sidebar-style":"default","ast-global-header-display":"","ast-banner-title-visibility":"","ast-main-header-display":"","ast-hfb-above-header-display":"","ast-hfb-below-header-display":"","ast-hfb-mobile-header-display":"","site-post-title":"disabled","ast-breadcrumbs-content":"","ast-featured-img":"","footer-sml-layout":"","theme-transparent-header-meta":"","adv-header-id-meta":"","stick-header-meta":"","header-above-stick-meta":"","header-main-stick-meta":"","header-below-stick-meta":"","astra-migrate-meta-layouts":"set","ast-page-background-enabled":"default","ast-page-background-meta":{"desktop":{"background-color":"var(--ast-global-color-4)","background-image":"","background-repeat":"repeat","background-position":"center center","background-size":"auto","background-attachment":"scroll","background-type":"","background-media":"","overlay-type":"","overlay-color":"","overlay-opacity":"","overlay-gradient":""},"tablet":{"background-color":"","background-image":"","background-repeat":"repeat","background-position":"center center","background-size":"auto","background-attachment":"scroll","background-type":"","background-media":"","overlay-type":"","overlay-color":"","overlay-opacity":"","overlay-gradient":""},"mobile":{"background-color":"","background-image":"","background-repeat":"repeat","background-position":"center center","background-size":"auto","background-attachment":"scroll","background-type":"","background-media":"","overlay-type":"","overlay-color":"","overlay-opacity":"","overlay-gradient":""}},"ast-content-background-meta":{"desktop":{"background-color":"var(--ast-global-color-5)","background-image":"","background-repeat":"repeat","background-position":"center center","background-size":"auto","background-attachment":"scroll","background-type":"","background-media":"","overlay-type":"","overlay-color":"","overlay-opacity":"","overlay-gradient":""},"tablet":{"background-color":"var(--ast-global-color-5)","background-image":"","background-repeat":"repeat","background-position":"center center","background-size":"auto","background-attachment":"scroll","background-type":"","background-media":"","overlay-type":"","overlay-color":"","overlay-opacity":"","overlay-gradient":""},"mobile":{"background-color":"var(--ast-global-color-5)","background-image":"","background-repeat":"repeat","background-position":"center center","background-size":"auto","background-attachment":"scroll","background-type":"","background-media":"","overlay-type":"","overlay-color":"","overlay-opacity":"","overlay-gradient":""}},"footnotes":""},"class_list":["post-10471","page","type-page","status-publish","hentry"],"post_mailing_queue_ids":[],"_links":{"self":[{"href":"https:\/\/agora.xtec.cat\/iescorbera\/wp-json\/wp\/v2\/pages\/10471","targetHints":{"allow":["GET"]}}],"collection":[{"href":"https:\/\/agora.xtec.cat\/iescorbera\/wp-json\/wp\/v2\/pages"}],"about":[{"href":"https:\/\/agora.xtec.cat\/iescorbera\/wp-json\/wp\/v2\/types\/page"}],"author":[{"embeddable":true,"href":"https:\/\/agora.xtec.cat\/iescorbera\/wp-json\/wp\/v2\/users\/1"}],"replies":[{"embeddable":true,"href":"https:\/\/agora.xtec.cat\/iescorbera\/wp-json\/wp\/v2\/comments?post=10471"}],"version-history":[{"count":6,"href":"https:\/\/agora.xtec.cat\/iescorbera\/wp-json\/wp\/v2\/pages\/10471\/revisions"}],"predecessor-version":[{"id":10478,"href":"https:\/\/agora.xtec.cat\/iescorbera\/wp-json\/wp\/v2\/pages\/10471\/revisions\/10478"}],"up":[{"embeddable":true,"href":"https:\/\/agora.xtec.cat\/iescorbera\/wp-json\/wp\/v2\/pages\/10464"}],"wp:attachment":[{"href":"https:\/\/agora.xtec.cat\/iescorbera\/wp-json\/wp\/v2\/media?parent=10471"}],"curies":[{"name":"wp","href":"https:\/\/api.w.org\/{rel}","templated":true}]}}