{"id":788,"date":"2016-08-30T15:04:32","date_gmt":"2016-08-30T13:04:32","guid":{"rendered":"http:\/\/agora.xtec.cat\/iesconstanti\/?page_id=788"},"modified":"2017-10-12T10:14:04","modified_gmt":"2017-10-12T08:14:04","slug":"junta-de-representats-de-lalumnat","status":"publish","type":"page","link":"https:\/\/agora.xtec.cat\/iesconstanti\/atencio-a-lalumnat\/junta-de-representats-de-lalumnat\/","title":{"rendered":"Junta de l&#8217;Alumnat"},"content":{"rendered":"<p>Com membre d&#8217;una comunitat, grup o societat democr\u00e0tica, tots hem d&#8217;assumir que tenim el deure i el dret d&#8217;expressar la nostra veu, opini\u00f3 i vot. Solament aix\u00ed les comunitats s\u00f3n entitats vives i poden progressar, desenvolupar estrat\u00e8gies per v\u00e8ncer els obstacles que ens trobem al llarg dels temps i dels canvis permanents. PARTICIPAR \u00e9s ser i sentir-se part, \u00e9s ser acollit i escoltat, \u00e9s sentir-se reconegut i tenir un espai per poder aportar un qu\u00e8 de si mateix a una comunitat que ens acull.<\/p>\n<p>La junta de Representants de l&#8217;Alumnat del nostre centre est\u00e0 composta per tots els delegats, representants del consell escolar de l&#8217;alumnat i el coordinador del servei de mediaci\u00f3 del sector alumnat. Aquesta \u00e9s la forma d&#8217;escoltar tot l&#8217;alumnat que volunt\u00e0riament i per la for\u00e7a de la confian\u00e7a que han dipositat en ells els seus companys s\u00f3n membres actius de la nostra comunitat. Igualment assisteix a les sessions la coordinadora pedag\u00f2gica del centre com dinamitzadora d&#8217;aquest \u00f2rgan, amb v\u00e9u i sense dret a vot.<\/p>\n<p>La Junta es reuneix 2 vegades al trimestre de forma ordin\u00e0ria i es poden convocar m\u00e9s sessions, si aix\u00ed ho jutgen oportunament els seus membres.<\/p>\n<p>Cada curs es tria un secretari\/a i un president\/a:<\/p>\n<ul>\n<li>El secretari <span class=\"hiddenGrammarError\" style=\"padding-bottom: 2px; cursor: default; color: #666666; font-family: 'Open Sans', Helvetica, Arial, sans-serif; font-size: 16px; font-style: normal; font-variant-ligatures: normal; font-variant-caps: normal; font-weight: 300; letter-spacing: normal; line-height: 25px; orphans: 2; text-align: start; text-indent: 0px; text-transform: none; white-space: normal; widows: 2; word-spacing: 0px; -webkit-text-stroke-width: 0px; background-image: url('..\/..\/..\/..\/..\/images\/squiggle.png'); background-position: left bottom; background-repeat: repeat-x;\">\u00e9s el responsable de redactar les actes de les sessions.<\/span><\/li>\n<li><span class=\"hiddenGrammarError\" style=\"padding-bottom: 2px; cursor: default; color: #666666; font-family: 'Open Sans', Helvetica, Arial, sans-serif; font-size: 16px; font-style: normal; font-variant-ligatures: normal; font-variant-caps: normal; font-weight: 300; letter-spacing: normal; line-height: 25px; orphans: 2; text-align: start; text-indent: 0px; text-transform: none; white-space: normal; widows: 2; word-spacing: 0px; -webkit-text-stroke-width: 0px; background-image: url('..\/..\/..\/..\/..\/images\/squiggle.png'); background-position: left bottom; background-repeat: repeat-x;\">El president decideix<\/span> l&#8217;ordre del dia de les convocat\u00f2ries, modera les sessions.<\/li>\n<\/ul>\n<p>Els dos c\u00e0rrecs es reuneixen amb l&#8217;equip directiu, el consell de direcci\u00f3, l&#8217;AMPA segons els temes a tractar.<\/p>\n","protected":false},"excerpt":{"rendered":"<p>Com membre d&#8217;una comunitat, grup o societat democr\u00e0tica, tots hem d&#8217;assumir que tenim el deure i el dret d&#8217;expressar la nostra veu, opini\u00f3 i vot. Solament aix\u00ed les comunitats s\u00f3n entitats vives i poden progressar, desenvolupar estrat\u00e8gies per v\u00e8ncer els obstacles que ens trobem al llarg dels temps i dels canvis permanents. PARTICIPAR \u00e9s ser [&hellip;]<\/p>\n","protected":false},"author":1,"featured_media":0,"parent":596,"menu_order":5,"comment_status":"closed","ping_status":"closed","template":"page-templates\/side-menu.php","meta":{"_bbp_topic_count":0,"_bbp_reply_count":0,"_bbp_total_topic_count":0,"_bbp_total_reply_count":0,"_bbp_voice_count":0,"_bbp_anonymous_reply_count":0,"_bbp_topic_count_hidden":0,"_bbp_reply_count_hidden":0,"_bbp_forum_subforum_count":0,"site-sidebar-layout":"default","site-content-layout":"","ast-site-content-layout":"","site-content-style":"default","site-sidebar-style":"default","ast-global-header-display":"","ast-banner-title-visibility":"","ast-main-header-display":"","ast-hfb-above-header-display":"","ast-hfb-below-header-display":"","ast-hfb-mobile-header-display":"","site-post-title":"","ast-breadcrumbs-content":"","ast-featured-img":"","footer-sml-layout":"","theme-transparent-header-meta":"","adv-header-id-meta":"","stick-header-meta":"","header-above-stick-meta":"","header-main-stick-meta":"","header-below-stick-meta":"","astra-migrate-meta-layouts":"default","ast-page-background-enabled":"default","ast-page-background-meta":{"desktop":{"background-color":"var(--ast-global-color-4)","background-image":"","background-repeat":"repeat","background-position":"center center","background-size":"auto","background-attachment":"scroll","background-type":"","background-media":"","overlay-type":"","overlay-color":"","overlay-opacity":"","overlay-gradient":""},"tablet":{"background-color":"","background-image":"","background-repeat":"repeat","background-position":"center center","background-size":"auto","background-attachment":"scroll","background-type":"","background-media":"","overlay-type":"","overlay-color":"","overlay-opacity":"","overlay-gradient":""},"mobile":{"background-color":"","background-image":"","background-repeat":"repeat","background-position":"center center","background-size":"auto","background-attachment":"scroll","background-type":"","background-media":"","overlay-type":"","overlay-color":"","overlay-opacity":"","overlay-gradient":""}},"ast-content-background-meta":{"desktop":{"background-color":"var(--ast-global-color-5)","background-image":"","background-repeat":"repeat","background-position":"center center","background-size":"auto","background-attachment":"scroll","background-type":"","background-media":"","overlay-type":"","overlay-color":"","overlay-opacity":"","overlay-gradient":""},"tablet":{"background-color":"var(--ast-global-color-5)","background-image":"","background-repeat":"repeat","background-position":"center center","background-size":"auto","background-attachment":"scroll","background-type":"","background-media":"","overlay-type":"","overlay-color":"","overlay-opacity":"","overlay-gradient":""},"mobile":{"background-color":"var(--ast-global-color-5)","background-image":"","background-repeat":"repeat","background-position":"center center","background-size":"auto","background-attachment":"scroll","background-type":"","background-media":"","overlay-type":"","overlay-color":"","overlay-opacity":"","overlay-gradient":""}},"footnotes":""},"class_list":["post-788","page","type-page","status-publish","hentry"],"post_mailing_queue_ids":[],"_links":{"self":[{"href":"https:\/\/agora.xtec.cat\/iesconstanti\/wp-json\/wp\/v2\/pages\/788","targetHints":{"allow":["GET"]}}],"collection":[{"href":"https:\/\/agora.xtec.cat\/iesconstanti\/wp-json\/wp\/v2\/pages"}],"about":[{"href":"https:\/\/agora.xtec.cat\/iesconstanti\/wp-json\/wp\/v2\/types\/page"}],"author":[{"embeddable":true,"href":"https:\/\/agora.xtec.cat\/iesconstanti\/wp-json\/wp\/v2\/users\/1"}],"replies":[{"embeddable":true,"href":"https:\/\/agora.xtec.cat\/iesconstanti\/wp-json\/wp\/v2\/comments?post=788"}],"version-history":[{"count":4,"href":"https:\/\/agora.xtec.cat\/iesconstanti\/wp-json\/wp\/v2\/pages\/788\/revisions"}],"predecessor-version":[{"id":845,"href":"https:\/\/agora.xtec.cat\/iesconstanti\/wp-json\/wp\/v2\/pages\/788\/revisions\/845"}],"up":[{"embeddable":true,"href":"https:\/\/agora.xtec.cat\/iesconstanti\/wp-json\/wp\/v2\/pages\/596"}],"wp:attachment":[{"href":"https:\/\/agora.xtec.cat\/iesconstanti\/wp-json\/wp\/v2\/media?parent=788"}],"curies":[{"name":"wp","href":"https:\/\/api.w.org\/{rel}","templated":true}]}}