{"id":6009,"date":"2021-03-22T17:23:32","date_gmt":"2021-03-22T16:23:32","guid":{"rendered":"http:\/\/agora.xtec.cat\/iesconselldecent\/?page_id=6009"},"modified":"2025-10-02T13:15:57","modified_gmt":"2025-10-02T11:15:57","slug":"nou-batxillerat-artistic","status":"publish","type":"page","link":"https:\/\/agora.xtec.cat\/iesconselldecent\/linstitut\/nou-batxillerat-artistic\/","title":{"rendered":"BATXILLERAT ART\u00cdSTIC"},"content":{"rendered":"<h3><span style=\"color: #ff0000;\"><b>Batxillerat art\u00edstic singularitzat &#8220;Art Urb\u00e0&#8221;<\/b><\/span><\/h3>\n<p style=\"text-align: justify;\">En el batxillerat art\u00edstic del Consell de Cent l&#8217;alumne finalitzar\u00e0 amb el\u00a0 t\u00edtol de batxillerat que li permetr\u00e0 accedir a cicles de grau superior o Universitat al llarg dels dos anys de formaci\u00f3\u00a0 art\u00edstica\u00a0 haur\u00e0 tingut un element vehicular,\u00a0 l&#8217;art urb\u00e0.<\/p>\n<p style=\"text-align: justify;\">Dintre del nostre batxillerat art\u00edstic l&#8217;art urb\u00e0 \u00e9s un vehicle per generar recerques en els estudiants, alhora que \u00e9s converteix\u00a0 en un element transversal curricularment que connecta amb molts espais i pr\u00e0ctiques socioculturals de l&#8217;entorn del Consell de Cent.<\/p>\n<p style=\"text-align: justify;\">Pretenem generar processos educatius d&#8217;enfortiment comunitari i d&#8217;expressi\u00f3 col\u00b7lectiva.<\/p>\n<p style=\"text-align: justify;\">Mitjan\u00e7ant metodologies competencials: aprenentatge i servei (on emprar l&#8217;art urb\u00e0 com a llenguatge expressiu col\u00b7lectiu vinculat a una causa m\u00e9s \u00e0mplia),treballar per\u00a0 projectes, treballs de recerca., treballs en xarxa amb una vinculaci\u00f3\u00a0a accions comunit\u00e0ries\u00a0del territori o dialogar amb equipament culturals de refer\u00e8ncia.<\/p>\n<p style=\"text-align: justify;\">Volem que l&#8217;alumne conegui els diferents elements que configuren l&#8217;art urb\u00e0:<\/p>\n<p style=\"text-align: justify;\">T\u00e8cniques muralistes, mem\u00f2ria\u00a0col\u00b7lectiva, paisatge urb\u00e0, representaci\u00f3 de diversitats, mapatge de recorreguts, patrimoni art\u00edstic, art urb\u00e0 en perspectiva de g\u00e8nere, muralisme, treball audiovisual, fotografia.<\/p>\n<p style=\"text-align: justify;\">Aquest cam\u00ed no ho farem sols comptem amb la\u00a0 col\u00b7laboraci\u00f3\u00a0 de diferents artistes i\u00a0 entitats amb amplia experiencia\u00a0en aquesta tem\u00e0tica.<\/p>\n<p><img loading=\"lazy\" decoding=\"async\" class=\"alignleft wp-image-6010\" src=\"https:\/\/agora.xtec.cat\/iesconselldecent\/wp-content\/uploads\/usu708\/2021\/03\/cartell1.png\" alt=\"\" width=\"180\" height=\"338\" srcset=\"https:\/\/agora.xtec.cat\/iesconselldecent\/wp-content\/uploads\/usu708\/2021\/03\/cartell1.png 234w, https:\/\/agora.xtec.cat\/iesconselldecent\/wp-content\/uploads\/usu708\/2021\/03\/cartell1-160x300.png 160w\" sizes=\"auto, (max-width: 180px) 100vw, 180px\" \/> <img loading=\"lazy\" decoding=\"async\" class=\"alignleft wp-image-6011\" src=\"https:\/\/agora.xtec.cat\/iesconselldecent\/wp-content\/uploads\/usu708\/2021\/03\/cartell2.png\" alt=\"\" width=\"180\" height=\"338\" srcset=\"https:\/\/agora.xtec.cat\/iesconselldecent\/wp-content\/uploads\/usu708\/2021\/03\/cartell2.png 234w, https:\/\/agora.xtec.cat\/iesconselldecent\/wp-content\/uploads\/usu708\/2021\/03\/cartell2-160x300.png 160w\" sizes=\"auto, (max-width: 180px) 100vw, 180px\" \/> <img loading=\"lazy\" decoding=\"async\" class=\"alignleft wp-image-6012\" src=\"https:\/\/agora.xtec.cat\/iesconselldecent\/wp-content\/uploads\/usu708\/2021\/03\/cartell3.png\" alt=\"\" width=\"180\" height=\"338\" srcset=\"https:\/\/agora.xtec.cat\/iesconselldecent\/wp-content\/uploads\/usu708\/2021\/03\/cartell3.png 234w, https:\/\/agora.xtec.cat\/iesconselldecent\/wp-content\/uploads\/usu708\/2021\/03\/cartell3-160x300.png 160w\" sizes=\"auto, (max-width: 180px) 100vw, 180px\" \/> <img loading=\"lazy\" decoding=\"async\" class=\"alignleft wp-image-6013\" src=\"https:\/\/agora.xtec.cat\/iesconselldecent\/wp-content\/uploads\/usu708\/2021\/03\/cartell4.png\" alt=\"\" width=\"180\" height=\"338\" srcset=\"https:\/\/agora.xtec.cat\/iesconselldecent\/wp-content\/uploads\/usu708\/2021\/03\/cartell4.png 234w, https:\/\/agora.xtec.cat\/iesconselldecent\/wp-content\/uploads\/usu708\/2021\/03\/cartell4-160x300.png 160w\" sizes=\"auto, (max-width: 180px) 100vw, 180px\" \/><\/p>\n<p>&nbsp;<\/p>\n<p>&nbsp;<\/p>\n","protected":false},"excerpt":{"rendered":"<p>Batxillerat art\u00edstic singularitzat &#8220;Art Urb\u00e0&#8221; En el batxillerat art\u00edstic del Consell de Cent l&#8217;alumne finalitzar\u00e0 amb el\u00a0 t\u00edtol de batxillerat que li permetr\u00e0 accedir a cicles de grau superior o Universitat al llarg dels dos anys de formaci\u00f3\u00a0 art\u00edstica\u00a0 haur\u00e0 tingut un element vehicular,\u00a0 l&#8217;art urb\u00e0. Dintre del nostre batxillerat art\u00edstic l&#8217;art urb\u00e0 \u00e9s un [&hellip;]<\/p>\n","protected":false},"author":1,"featured_media":0,"parent":19,"menu_order":70,"comment_status":"closed","ping_status":"closed","template":"","meta":{"_bbp_topic_count":0,"_bbp_reply_count":0,"_bbp_total_topic_count":0,"_bbp_total_reply_count":0,"_bbp_voice_count":0,"_bbp_anonymous_reply_count":0,"_bbp_topic_count_hidden":0,"_bbp_reply_count_hidden":0,"_bbp_forum_subforum_count":0,"site-sidebar-layout":"default","site-content-layout":"","ast-site-content-layout":"","site-content-style":"default","site-sidebar-style":"default","ast-global-header-display":"","ast-banner-title-visibility":"","ast-main-header-display":"","ast-hfb-above-header-display":"","ast-hfb-below-header-display":"","ast-hfb-mobile-header-display":"","site-post-title":"","ast-breadcrumbs-content":"","ast-featured-img":"","footer-sml-layout":"","theme-transparent-header-meta":"","adv-header-id-meta":"","stick-header-meta":"","header-above-stick-meta":"","header-main-stick-meta":"","header-below-stick-meta":"","astra-migrate-meta-layouts":"default","ast-page-background-enabled":"default","ast-page-background-meta":{"desktop":{"background-color":"var(--ast-global-color-4)","background-image":"","background-repeat":"repeat","background-position":"center center","background-size":"auto","background-attachment":"scroll","background-type":"","background-media":"","overlay-type":"","overlay-color":"","overlay-opacity":"","overlay-gradient":""},"tablet":{"background-color":"","background-image":"","background-repeat":"repeat","background-position":"center center","background-size":"auto","background-attachment":"scroll","background-type":"","background-media":"","overlay-type":"","overlay-color":"","overlay-opacity":"","overlay-gradient":""},"mobile":{"background-color":"","background-image":"","background-repeat":"repeat","background-position":"center center","background-size":"auto","background-attachment":"scroll","background-type":"","background-media":"","overlay-type":"","overlay-color":"","overlay-opacity":"","overlay-gradient":""}},"ast-content-background-meta":{"desktop":{"background-color":"var(--ast-global-color-5)","background-image":"","background-repeat":"repeat","background-position":"center center","background-size":"auto","background-attachment":"scroll","background-type":"","background-media":"","overlay-type":"","overlay-color":"","overlay-opacity":"","overlay-gradient":""},"tablet":{"background-color":"var(--ast-global-color-5)","background-image":"","background-repeat":"repeat","background-position":"center center","background-size":"auto","background-attachment":"scroll","background-type":"","background-media":"","overlay-type":"","overlay-color":"","overlay-opacity":"","overlay-gradient":""},"mobile":{"background-color":"var(--ast-global-color-5)","background-image":"","background-repeat":"repeat","background-position":"center center","background-size":"auto","background-attachment":"scroll","background-type":"","background-media":"","overlay-type":"","overlay-color":"","overlay-opacity":"","overlay-gradient":""}},"footnotes":""},"class_list":["post-6009","page","type-page","status-publish","hentry"],"post_mailing_queue_ids":[],"_links":{"self":[{"href":"https:\/\/agora.xtec.cat\/iesconselldecent\/wp-json\/wp\/v2\/pages\/6009","targetHints":{"allow":["GET"]}}],"collection":[{"href":"https:\/\/agora.xtec.cat\/iesconselldecent\/wp-json\/wp\/v2\/pages"}],"about":[{"href":"https:\/\/agora.xtec.cat\/iesconselldecent\/wp-json\/wp\/v2\/types\/page"}],"author":[{"embeddable":true,"href":"https:\/\/agora.xtec.cat\/iesconselldecent\/wp-json\/wp\/v2\/users\/1"}],"replies":[{"embeddable":true,"href":"https:\/\/agora.xtec.cat\/iesconselldecent\/wp-json\/wp\/v2\/comments?post=6009"}],"version-history":[{"count":4,"href":"https:\/\/agora.xtec.cat\/iesconselldecent\/wp-json\/wp\/v2\/pages\/6009\/revisions"}],"predecessor-version":[{"id":8289,"href":"https:\/\/agora.xtec.cat\/iesconselldecent\/wp-json\/wp\/v2\/pages\/6009\/revisions\/8289"}],"up":[{"embeddable":true,"href":"https:\/\/agora.xtec.cat\/iesconselldecent\/wp-json\/wp\/v2\/pages\/19"}],"wp:attachment":[{"href":"https:\/\/agora.xtec.cat\/iesconselldecent\/wp-json\/wp\/v2\/media?parent=6009"}],"curies":[{"name":"wp","href":"https:\/\/api.w.org\/{rel}","templated":true}]}}

BATXILLERAT ARTÍSTIC

<h3><span style="color: #ff0000;"><b>Batxillerat artístic singularitzat &#8220;Art Urbà&#8221;</b></span></h3>
<p style="text-align: justify;">En el batxillerat artístic del Consell de Cent l&#8217;alumne finalitzarà amb el  títol de batxillerat que li permetrà accedir a cicles de grau superior o Universitat al llarg dels dos anys de formació  artística  haurà tingut un element vehicular,  l&#8217;art urbà.</p>
<p style="text-align: justify;">Dintre del nostre batxillerat artístic l&#8217;art urbà és un vehicle per generar recerques en els estudiants, alhora que és converteix  en un element transversal curricularment que connecta amb molts espais i pràctiques socioculturals de l&#8217;entorn del Consell de Cent.</p>
<p style="text-align: justify;">Pretenem generar processos educatius d&#8217;enfortiment comunitari i d&#8217;expressió col·lectiva.</p>
<p style="text-align: justify;">Mitjançant metodologies competencials: aprenentatge i servei (on emprar l&#8217;art urbà com a llenguatge expressiu col·lectiu vinculat a una causa més àmplia),treballar per  projectes, treballs de recerca., treballs en xarxa amb una vinculació a accions comunitàries del territori o dialogar amb equipament culturals de referència.</p>
<p style="text-align: justify;">Volem que l&#8217;alumne conegui els diferents elements que configuren l&#8217;art urbà:</p>
<p style="text-align: justify;">Tècniques muralistes, memòria col·lectiva, paisatge urbà, representació de diversitats, mapatge de recorreguts, patrimoni artístic, art urbà en perspectiva de gènere, muralisme, treball audiovisual, fotografia.</p>
<p style="text-align: justify;">Aquest camí no ho farem sols comptem amb la  col·laboració  de diferents artistes i  entitats amb amplia experiencia en aquesta temàtica.</p>
<p><img loading="lazy" decoding="async" class="alignleft wp-image-6010" src="https://agora.xtec.cat/iesconselldecent/wp-content/uploads/usu708/2021/03/cartell1.png" alt="" width="180" height="338" srcset="https://agora.xtec.cat/iesconselldecent/wp-content/uploads/usu708/2021/03/cartell1.png 234w, https://agora.xtec.cat/iesconselldecent/wp-content/uploads/usu708/2021/03/cartell1-160x300.png 160w" sizes="auto, (max-width: 180px) 100vw, 180px" /> <img loading="lazy" decoding="async" class="alignleft wp-image-6011" src="https://agora.xtec.cat/iesconselldecent/wp-content/uploads/usu708/2021/03/cartell2.png" alt="" width="180" height="338" srcset="https://agora.xtec.cat/iesconselldecent/wp-content/uploads/usu708/2021/03/cartell2.png 234w, https://agora.xtec.cat/iesconselldecent/wp-content/uploads/usu708/2021/03/cartell2-160x300.png 160w" sizes="auto, (max-width: 180px) 100vw, 180px" /> <img loading="lazy" decoding="async" class="alignleft wp-image-6012" src="https://agora.xtec.cat/iesconselldecent/wp-content/uploads/usu708/2021/03/cartell3.png" alt="" width="180" height="338" srcset="https://agora.xtec.cat/iesconselldecent/wp-content/uploads/usu708/2021/03/cartell3.png 234w, https://agora.xtec.cat/iesconselldecent/wp-content/uploads/usu708/2021/03/cartell3-160x300.png 160w" sizes="auto, (max-width: 180px) 100vw, 180px" /> <img loading="lazy" decoding="async" class="alignleft wp-image-6013" src="https://agora.xtec.cat/iesconselldecent/wp-content/uploads/usu708/2021/03/cartell4.png" alt="" width="180" height="338" srcset="https://agora.xtec.cat/iesconselldecent/wp-content/uploads/usu708/2021/03/cartell4.png 234w, https://agora.xtec.cat/iesconselldecent/wp-content/uploads/usu708/2021/03/cartell4-160x300.png 160w" sizes="auto, (max-width: 180px) 100vw, 180px" /></p>
<p>&nbsp;</p>
<p>&nbsp;</p>

<p>Batxillerat artístic singularitzat &#8220;Art Urbà&#8221; En el batxillerat artístic del Consell de Cent l&#8217;alumne finalitzarà amb el  títol de batxillerat que li permetrà accedir a cicles de grau superior o Universitat al llarg dels dos anys de formació  artística  haurà tingut un element vehicular,  l&#8217;art urbà. Dintre del nostre batxillerat artístic l&#8217;art urbà és un [&hellip;]</p>
