{"id":21,"date":"2014-09-17T16:14:14","date_gmt":"2014-09-17T16:14:14","guid":{"rendered":"http:\/\/agora.xtec.cat\/iesconselldecent\/?page_id=21"},"modified":"2024-01-10T12:45:50","modified_gmt":"2024-01-10T11:45:50","slug":"on-som","status":"publish","type":"page","link":"https:\/\/agora.xtec.cat\/iesconselldecent\/linstitut\/on-som\/","title":{"rendered":"On som i qui som"},"content":{"rendered":"<p><b>QUINA EDUCACI\u00d3 COMPARTIM?<\/b><span style=\"font-weight: 400;\"><br \/>\n<\/span><\/p>\n<ul>\n<li style=\"font-weight: 400;\" aria-level=\"1\"><span style=\"font-weight: 400;\">Treballem amb <\/span><b>situacions d\u2019aprenentatge<\/b><span style=\"font-weight: 400;\">,<\/span> <span style=\"font-weight: 400;\">implementant una oferta educativa de <\/span><b>qualitat<\/b><span style=\"font-weight: 400;\"> a partir d\u2019escenaris\u00a0realistes, servint-nos de les <\/span><b>eines digitals<\/b><span style=\"font-weight: 400;\"> i de la personalitzaci\u00f3 dels aprenentatges.\u00a0<\/span><\/li>\n<li style=\"font-weight: 400;\" aria-level=\"1\"><span style=\"font-weight: 400;\">Som un centre<\/span><b> acollidor<\/b><span style=\"font-weight: 400;\"> que treballa per al <\/span><b>benestar emocional <\/b><span style=\"font-weight: 400;\">de la nostra comunitat educativa.<\/span><\/li>\n<li style=\"font-weight: 400;\" aria-level=\"1\"><span style=\"font-weight: 400;\">Som un centre <\/span><b>inclusiu<\/b><span style=\"font-weight: 400;\"> obert a la <\/span><b>interculturalitat<\/b><span style=\"font-weight: 400;\"> que t\u00e9<\/span><span style=\"font-weight: 400;\"> com a finalitat \u00faltima la igualtat en drets, deures i oportunitats de totes les persones i el dret a la difer\u00e8ncia.\u00a0<\/span><\/li>\n<li style=\"font-weight: 400;\" aria-level=\"1\"><span style=\"font-weight: 400;\">Fomentem <\/span><b>l\u2019enfocament restauratiu<\/b><span style=\"font-weight: 400;\"> proporcionant metodologies proactives per a la creaci\u00f3 d\u2019entorns amables on tothom pugui desenvolupar al m\u00e0xim les seves potencialitats.<\/span><\/li>\n<li style=\"font-weight: 400;\" aria-level=\"1\"><span style=\"font-weight: 400;\">Acompanyem l\u2019alumnat i les fam\u00edlies, tenint en compte les seves<\/span><b> capacitats i interessos<\/b><span style=\"font-weight: 400;\"> singulars, en la <\/span><b>tasca orientadora<\/b><span style=\"font-weight: 400;\"> de la presa de decisions per al projecte de vida acad\u00e8mic i professional.\u00a0<\/span><\/li>\n<\/ul>\n<p><b>COM ENS VEU LA COMUNITAT &#8211; la veu dels alumnes<\/b><span style=\"font-weight: 400;\">\u00a0<\/span><span style=\"font-weight: 400;\"><br \/>\n<\/span><\/p>\n<ul>\n<li style=\"font-weight: 400;\" aria-level=\"1\"><i><span style=\"font-weight: 400;\">\u201cLa meva segona casa\u201d<\/span><\/i><\/li>\n<li style=\"font-weight: 400;\" aria-level=\"1\"><i><span style=\"font-weight: 400;\">\u201cEns ajuden a madurar, a com ser una bona persona, aprenem a enfrontar-nos als problemes de la vida quotidiana\u2026 \u201d<\/span><\/i><\/li>\n<li style=\"font-weight: 400;\" aria-level=\"1\"><i><span style=\"font-weight: 400;\">\u201cValor d\u2019estimar-te, de superaci\u00f3, de lluita\u2026\u201d<\/span><\/i><\/li>\n<li style=\"font-weight: 400;\" aria-level=\"1\"><i><span style=\"font-weight: 400;\">\u201cAprenem a treballar en equip i a conviure amb les altres persones\u201d<\/span><\/i><\/li>\n<li style=\"font-weight: 400;\" aria-level=\"1\"><i><span style=\"font-weight: 400;\">\u201c\u00c9s un centre que aposta per a les activitats noves\u201d<\/span><\/i><\/li>\n<li style=\"font-weight: 400;\" aria-level=\"1\"><i><span style=\"font-weight: 400;\">\u201cEns ha posat els peus sobre la terra per a comen\u00e7ar a caminar\u201d<\/span><\/i><\/li>\n<li style=\"font-weight: 400;\" aria-level=\"1\"><i><span style=\"font-weight: 400;\">\u201cEls professors ens cuiden molt i estan sempre per a nosaltres\u201d<\/span><\/i><\/li>\n<\/ul>\n<p><b>COM EDUQUEM I APRENEM?<\/b><\/p>\n<p><span style=\"font-weight: 400;\">Atenci\u00f3 educativa<\/span><\/p>\n<ul>\n<li style=\"font-weight: 400;\" aria-level=\"1\"><span style=\"font-weight: 400;\">Personalitzaci\u00f3 dels aprenentatges, grups redu\u00efts i codoc\u00e8ncia.\u00a0<\/span><\/li>\n<li style=\"font-weight: 400;\" aria-level=\"1\"><span style=\"font-weight: 400;\">Treball globalitzat.<\/span><\/li>\n<li style=\"font-weight: 400;\" aria-level=\"1\"><span style=\"font-weight: 400;\">Diversificaci\u00f3 d\u2019estrat\u00e8gies metodol\u00f2giques i de les activitats d\u2019avaluaci\u00f3.<\/span><\/li>\n<li style=\"font-weight: 400;\" aria-level=\"1\"><span style=\"font-weight: 400;\">Orientaci\u00f3 i seguiment tutorial de l\u2019alumnat.<\/span><\/li>\n<li style=\"font-weight: 400;\" aria-level=\"1\"><span style=\"font-weight: 400;\">Benestar emocional i creaci\u00f3 d\u2019entorns agradables.\u00a0\u00a0\u00a0\u00a0\u00a0\u00a0\u00a0\u00a0\u00a0<\/span><\/li>\n<li style=\"font-weight: 400;\" aria-level=\"1\"><span style=\"font-weight: 400;\">Potenciem l&#8217;aprenentatge a l&#8217;aire lliure.\u00a0\u00a0<\/span><\/li>\n<li style=\"font-weight: 400;\" aria-level=\"1\"><span style=\"font-weight: 400;\">Segona llengua estrangera: franc\u00e8s.<\/span><\/li>\n<\/ul>\n<p><span style=\"font-weight: 400;\">Projectes i activitats de Consell<\/span><span style=\"font-weight: 400;\"><br \/>\n<\/span><\/p>\n<ul>\n<li style=\"font-weight: 400;\" aria-level=\"1\"><span style=\"font-weight: 400;\">Projecte de m\u00fasica &#8220;rock cd100&#8221;<\/span><\/li>\n<li style=\"font-weight: 400;\" aria-level=\"1\"><span style=\"font-weight: 400;\">Col\u00f2nies i viatge de final de curs<\/span><\/li>\n<li style=\"font-weight: 400;\" aria-level=\"1\"><span style=\"font-weight: 400;\">Aqu\u00ed STEAM\u00a0<\/span><\/li>\n<li style=\"font-weight: 400;\" aria-level=\"1\"><span style=\"font-weight: 400;\">Disseny i impressi\u00f3 en 3D<\/span><\/li>\n<li style=\"font-weight: 400;\" aria-level=\"1\"><span style=\"font-weight: 400;\">Rob\u00f2tica<\/span><\/li>\n<li style=\"font-weight: 400;\" aria-level=\"1\"><span style=\"font-weight: 400;\">Teatre<\/span><\/li>\n<li style=\"font-weight: 400;\" aria-level=\"1\"><span style=\"font-weight: 400;\">Matefesta<\/span><\/li>\n<li style=\"font-weight: 400;\" aria-level=\"1\"><span style=\"font-weight: 400;\">Taller de bicicletes<\/span><\/li>\n<\/ul>\n<p><b>Educaci\u00f3 secund\u00e0ria obligat\u00f2ria<\/b><\/p>\n<p><span style=\"font-weight: 400;\">Grups de 18 alumnes a l\u2019ESO.<\/span><\/p>\n<p><b>Batxillerat<\/b><\/p>\n<ul>\n<li style=\"font-weight: 400;\" aria-level=\"1\"><span style=\"font-weight: 400;\">Ci\u00e8ncies i Tecnologia<\/span><\/li>\n<li style=\"font-weight: 400;\" aria-level=\"1\"><span style=\"font-weight: 400;\">Humanitats i Ci\u00e8ncies Socials<\/span><\/li>\n<li style=\"font-weight: 400;\" aria-level=\"1\"><span style=\"font-weight: 400;\">Arts Pl\u00e0stiques: especialitzaci\u00f3 en Art Urb\u00e0<\/span><\/li>\n<\/ul>\n<p><b>Horari<\/b><\/p>\n<p><span style=\"font-weight: 400;\">8 a 14.30 h<\/span><\/p>\n<p><span style=\"font-weight: 400;\">Serveis:<\/span><\/p>\n<p><span style=\"font-weight: 400;\">Menjador (Som valors) de dilluns a dijous.<\/span><\/p>\n<p><span style=\"font-weight: 400;\">Escola de fam\u00edlies.<\/span><\/p>\n<p><span style=\"font-weight: 400;\">Activitats de tarda: m\u00fasica, manga, esports (futbol, b\u00e0squet, voleibol, criquet),\u00a0 refor\u00e7 educatiu i angl\u00e8s.\u00a0\u00a0<\/span><\/p>\n<p><b>Horari secretaria\u00a0<\/b><\/p>\n<p><span style=\"font-weight: 400;\">De 9 a 14h<\/span><\/p>\n<p><span style=\"font-weight: 400;\">Dilluns tarda de 15 a 17\u201930<\/span><\/p>\n<p><b>FEM XARXA EDUCATIVA\u00a0<\/b><\/p>\n<ul>\n<li style=\"font-weight: 400;\" aria-level=\"1\"><span style=\"font-weight: 400;\">Col\u00b7laboracions: Pla de barris, MACBA, Nexes, Transductores, Centre Cultural Albareda, ACPP, Cecot, Orquestra do d\u2019acords, casa \u00c0sia, Fundaci\u00f3 Tot Raval, Gresol Cultural, Aeiraval, Dau al Sec, Visual Sonora, MNAC.<\/span><\/li>\n<\/ul>\n<p>&nbsp;<\/p>\n","protected":false},"excerpt":{"rendered":"<p>QUINA EDUCACI\u00d3 COMPARTIM? Treballem amb situacions d\u2019aprenentatge, implementant una oferta educativa de qualitat a partir d\u2019escenaris\u00a0realistes, servint-nos de les eines digitals i de la personalitzaci\u00f3 dels aprenentatges.\u00a0 Som un centre acollidor que treballa per al benestar emocional de la nostra comunitat educativa. Som un centre inclusiu obert a la interculturalitat que t\u00e9 com a finalitat [&hellip;]<\/p>\n","protected":false},"author":1,"featured_media":0,"parent":19,"menu_order":10,"comment_status":"closed","ping_status":"closed","template":"page-templates\/side-menu.php","meta":{"_bbp_topic_count":0,"_bbp_reply_count":0,"_bbp_total_topic_count":0,"_bbp_total_reply_count":0,"_bbp_voice_count":0,"_bbp_anonymous_reply_count":0,"_bbp_topic_count_hidden":0,"_bbp_reply_count_hidden":0,"_bbp_forum_subforum_count":0,"site-sidebar-layout":"default","site-content-layout":"","ast-site-content-layout":"","site-content-style":"default","site-sidebar-style":"default","ast-global-header-display":"","ast-banner-title-visibility":"","ast-main-header-display":"","ast-hfb-above-header-display":"","ast-hfb-below-header-display":"","ast-hfb-mobile-header-display":"","site-post-title":"","ast-breadcrumbs-content":"","ast-featured-img":"","footer-sml-layout":"","theme-transparent-header-meta":"","adv-header-id-meta":"","stick-header-meta":"","header-above-stick-meta":"","header-main-stick-meta":"","header-below-stick-meta":"","astra-migrate-meta-layouts":"default","ast-page-background-enabled":"default","ast-page-background-meta":{"desktop":{"background-color":"var(--ast-global-color-4)","background-image":"","background-repeat":"repeat","background-position":"center center","background-size":"auto","background-attachment":"scroll","background-type":"","background-media":"","overlay-type":"","overlay-color":"","overlay-opacity":"","overlay-gradient":""},"tablet":{"background-color":"","background-image":"","background-repeat":"repeat","background-position":"center center","background-size":"auto","background-attachment":"scroll","background-type":"","background-media":"","overlay-type":"","overlay-color":"","overlay-opacity":"","overlay-gradient":""},"mobile":{"background-color":"","background-image":"","background-repeat":"repeat","background-position":"center center","background-size":"auto","background-attachment":"scroll","background-type":"","background-media":"","overlay-type":"","overlay-color":"","overlay-opacity":"","overlay-gradient":""}},"ast-content-background-meta":{"desktop":{"background-color":"var(--ast-global-color-5)","background-image":"","background-repeat":"repeat","background-position":"center center","background-size":"auto","background-attachment":"scroll","background-type":"","background-media":"","overlay-type":"","overlay-color":"","overlay-opacity":"","overlay-gradient":""},"tablet":{"background-color":"var(--ast-global-color-5)","background-image":"","background-repeat":"repeat","background-position":"center center","background-size":"auto","background-attachment":"scroll","background-type":"","background-media":"","overlay-type":"","overlay-color":"","overlay-opacity":"","overlay-gradient":""},"mobile":{"background-color":"var(--ast-global-color-5)","background-image":"","background-repeat":"repeat","background-position":"center center","background-size":"auto","background-attachment":"scroll","background-type":"","background-media":"","overlay-type":"","overlay-color":"","overlay-opacity":"","overlay-gradient":""}},"footnotes":""},"class_list":["post-21","page","type-page","status-publish","hentry"],"post_mailing_queue_ids":[],"_links":{"self":[{"href":"https:\/\/agora.xtec.cat\/iesconselldecent\/wp-json\/wp\/v2\/pages\/21","targetHints":{"allow":["GET"]}}],"collection":[{"href":"https:\/\/agora.xtec.cat\/iesconselldecent\/wp-json\/wp\/v2\/pages"}],"about":[{"href":"https:\/\/agora.xtec.cat\/iesconselldecent\/wp-json\/wp\/v2\/types\/page"}],"author":[{"embeddable":true,"href":"https:\/\/agora.xtec.cat\/iesconselldecent\/wp-json\/wp\/v2\/users\/1"}],"replies":[{"embeddable":true,"href":"https:\/\/agora.xtec.cat\/iesconselldecent\/wp-json\/wp\/v2\/comments?post=21"}],"version-history":[{"count":5,"href":"https:\/\/agora.xtec.cat\/iesconselldecent\/wp-json\/wp\/v2\/pages\/21\/revisions"}],"predecessor-version":[{"id":7466,"href":"https:\/\/agora.xtec.cat\/iesconselldecent\/wp-json\/wp\/v2\/pages\/21\/revisions\/7466"}],"up":[{"embeddable":true,"href":"https:\/\/agora.xtec.cat\/iesconselldecent\/wp-json\/wp\/v2\/pages\/19"}],"wp:attachment":[{"href":"https:\/\/agora.xtec.cat\/iesconselldecent\/wp-json\/wp\/v2\/media?parent=21"}],"curies":[{"name":"wp","href":"https:\/\/api.w.org\/{rel}","templated":true}]}}

<p><b>QUINA EDUCACIÓ COMPARTIM?</b><span style="font-weight: 400;"><br />
</span></p>
<ul>
<li style="font-weight: 400;" aria-level="1"><span style="font-weight: 400;">Treballem amb </span><b>situacions d’aprenentatge</b><span style="font-weight: 400;">,</span> <span style="font-weight: 400;">implementant una oferta educativa de </span><b>qualitat</b><span style="font-weight: 400;"> a partir d’escenaris realistes, servint-nos de les </span><b>eines digitals</b><span style="font-weight: 400;"> i de la personalització dels aprenentatges. </span></li>
<li style="font-weight: 400;" aria-level="1"><span style="font-weight: 400;">Som un centre</span><b> acollidor</b><span style="font-weight: 400;"> que treballa per al </span><b>benestar emocional </b><span style="font-weight: 400;">de la nostra comunitat educativa.</span></li>
<li style="font-weight: 400;" aria-level="1"><span style="font-weight: 400;">Som un centre </span><b>inclusiu</b><span style="font-weight: 400;"> obert a la </span><b>interculturalitat</b><span style="font-weight: 400;"> que té</span><span style="font-weight: 400;"> com a finalitat última la igualtat en drets, deures i oportunitats de totes les persones i el dret a la diferència. </span></li>
<li style="font-weight: 400;" aria-level="1"><span style="font-weight: 400;">Fomentem </span><b>l’enfocament restauratiu</b><span style="font-weight: 400;"> proporcionant metodologies proactives per a la creació d’entorns amables on tothom pugui desenvolupar al màxim les seves potencialitats.</span></li>
<li style="font-weight: 400;" aria-level="1"><span style="font-weight: 400;">Acompanyem l’alumnat i les famílies, tenint en compte les seves</span><b> capacitats i interessos</b><span style="font-weight: 400;"> singulars, en la </span><b>tasca orientadora</b><span style="font-weight: 400;"> de la presa de decisions per al projecte de vida acadèmic i professional. </span></li>
</ul>
<p><b>COM ENS VEU LA COMUNITAT &#8211; la veu dels alumnes</b><span style="font-weight: 400;"> </span><span style="font-weight: 400;"><br />
</span></p>
<ul>
<li style="font-weight: 400;" aria-level="1"><i><span style="font-weight: 400;">“La meva segona casa”</span></i></li>
<li style="font-weight: 400;" aria-level="1"><i><span style="font-weight: 400;">“Ens ajuden a madurar, a com ser una bona persona, aprenem a enfrontar-nos als problemes de la vida quotidiana… ”</span></i></li>
<li style="font-weight: 400;" aria-level="1"><i><span style="font-weight: 400;">“Valor d’estimar-te, de superació, de lluita…”</span></i></li>
<li style="font-weight: 400;" aria-level="1"><i><span style="font-weight: 400;">“Aprenem a treballar en equip i a conviure amb les altres persones”</span></i></li>
<li style="font-weight: 400;" aria-level="1"><i><span style="font-weight: 400;">“És un centre que aposta per a les activitats noves”</span></i></li>
<li style="font-weight: 400;" aria-level="1"><i><span style="font-weight: 400;">“Ens ha posat els peus sobre la terra per a començar a caminar”</span></i></li>
<li style="font-weight: 400;" aria-level="1"><i><span style="font-weight: 400;">“Els professors ens cuiden molt i estan sempre per a nosaltres”</span></i></li>
</ul>
<p><b>COM EDUQUEM I APRENEM?</b></p>
<p><span style="font-weight: 400;">Atenció educativa</span></p>
<ul>
<li style="font-weight: 400;" aria-level="1"><span style="font-weight: 400;">Personalització dels aprenentatges, grups reduïts i codocència. </span></li>
<li style="font-weight: 400;" aria-level="1"><span style="font-weight: 400;">Treball globalitzat.</span></li>
<li style="font-weight: 400;" aria-level="1"><span style="font-weight: 400;">Diversificació d’estratègies metodològiques i de les activitats d’avaluació.</span></li>
<li style="font-weight: 400;" aria-level="1"><span style="font-weight: 400;">Orientació i seguiment tutorial de l’alumnat.</span></li>
<li style="font-weight: 400;" aria-level="1"><span style="font-weight: 400;">Benestar emocional i creació d’entorns agradables.         </span></li>
<li style="font-weight: 400;" aria-level="1"><span style="font-weight: 400;">Potenciem l&#8217;aprenentatge a l&#8217;aire lliure.  </span></li>
<li style="font-weight: 400;" aria-level="1"><span style="font-weight: 400;">Segona llengua estrangera: francès.</span></li>
</ul>
<p><span style="font-weight: 400;">Projectes i activitats de Consell</span><span style="font-weight: 400;"><br />
</span></p>
<ul>
<li style="font-weight: 400;" aria-level="1"><span style="font-weight: 400;">Projecte de música &#8220;rock cd100&#8221;</span></li>
<li style="font-weight: 400;" aria-level="1"><span style="font-weight: 400;">Colònies i viatge de final de curs</span></li>
<li style="font-weight: 400;" aria-level="1"><span style="font-weight: 400;">Aquí STEAM </span></li>
<li style="font-weight: 400;" aria-level="1"><span style="font-weight: 400;">Disseny i impressió en 3D</span></li>
<li style="font-weight: 400;" aria-level="1"><span style="font-weight: 400;">Robòtica</span></li>
<li style="font-weight: 400;" aria-level="1"><span style="font-weight: 400;">Teatre</span></li>
<li style="font-weight: 400;" aria-level="1"><span style="font-weight: 400;">Matefesta</span></li>
<li style="font-weight: 400;" aria-level="1"><span style="font-weight: 400;">Taller de bicicletes</span></li>
</ul>
<p><b>Educació secundària obligatòria</b></p>
<p><span style="font-weight: 400;">Grups de 18 alumnes a l’ESO.</span></p>
<p><b>Batxillerat</b></p>
<ul>
<li style="font-weight: 400;" aria-level="1"><span style="font-weight: 400;">Ciències i Tecnologia</span></li>
<li style="font-weight: 400;" aria-level="1"><span style="font-weight: 400;">Humanitats i Ciències Socials</span></li>
<li style="font-weight: 400;" aria-level="1"><span style="font-weight: 400;">Arts Plàstiques: especialització en Art Urbà</span></li>
</ul>
<p><b>Horari</b></p>
<p><span style="font-weight: 400;">8 a 14.30 h</span></p>
<p><span style="font-weight: 400;">Serveis:</span></p>
<p><span style="font-weight: 400;">Menjador (Som valors) de dilluns a dijous.</span></p>
<p><span style="font-weight: 400;">Escola de famílies.</span></p>
<p><span style="font-weight: 400;">Activitats de tarda: música, manga, esports (futbol, bàsquet, voleibol, criquet),  reforç educatiu i anglès.  </span></p>
<p><b>Horari secretaria </b></p>
<p><span style="font-weight: 400;">De 9 a 14h</span></p>
<p><span style="font-weight: 400;">Dilluns tarda de 15 a 17’30</span></p>
<p><b>FEM XARXA EDUCATIVA </b></p>
<ul>
<li style="font-weight: 400;" aria-level="1"><span style="font-weight: 400;">Col·laboracions: Pla de barris, MACBA, Nexes, Transductores, Centre Cultural Albareda, ACPP, Cecot, Orquestra do d’acords, casa Àsia, Fundació Tot Raval, Gresol Cultural, Aeiraval, Dau al Sec, Visual Sonora, MNAC.</span></li>
</ul>
<p>&nbsp;</p>

<p>QUINA EDUCACIÓ COMPARTIM? Treballem amb situacions d’aprenentatge, implementant una oferta educativa de qualitat a partir d’escenaris realistes, servint-nos de les eines digitals i de la personalització dels aprenentatges.  Som un centre acollidor que treballa per al benestar emocional de la nostra comunitat educativa. Som un centre inclusiu obert a la interculturalitat que té com a finalitat [&hellip;]</p>
