{"id":69,"date":"2014-09-18T10:15:07","date_gmt":"2014-09-18T09:15:07","guid":{"rendered":"http:\/\/agora.xtec.cat\/iescollblanc\/?page_id=69"},"modified":"2017-11-14T22:18:56","modified_gmt":"2017-11-14T21:18:56","slug":"menjador-escolar","status":"publish","type":"page","link":"https:\/\/agora.xtec.cat\/iescollblanc\/serveis\/menjador-escolar\/","title":{"rendered":"Infermeria"},"content":{"rendered":"<table border=\"3\" width=\"615\" cellspacing=\"1\" cellpadding=\"2\">\n<tbody>\n<tr>\n<th scope=\"col\" width=\"292\"><img loading=\"lazy\" decoding=\"async\" src=\"http:\/\/www.xtec.cat\/iescollblanc\/images\/salut_escola.png\" alt=\"\" width=\"237\" height=\"135\" \/><\/th>\n<th scope=\"col\" width=\"302\">\n<p align=\"center\"><span class=\"Estilo3\"><u>HORARI D&#8217;ATENCI\u00d3 A L&#8217;ALUMNAT:<\/u><\/span><\/p>\n<p><strong><span class=\"Estilo1\"><span class=\"Estilo2\">MATINS<\/span>:<\/span> DIMARTS<br \/>\nDe 09:30 h a 11:00<br \/>\n(obert a tots els grups de l&#8217;ESO)<\/strong><\/p>\n<p>&nbsp;<\/p>\n<p><strong>\u00a0<\/strong><\/th>\n<\/tr>\n<\/tbody>\n<\/table>\n<table border=\"1\" width=\"662\" cellspacing=\"2\" cellpadding=\"5\">\n<tbody>\n<tr bgcolor=\"#0033CC\">\n<td align=\"center\" valign=\"middle\" bgcolor=\"#669999\" width=\"644\"><span class=\"Estilo7\">PROTOCOL DE SOL\u00b7LICITUT PER SER AT\u00c8S PEL SERVEI D&#8217;INFERMERIA\u00a0<\/span><\/td>\n<\/tr>\n<\/tbody>\n<\/table>\n<p align=\"justify\">1.- A Consergeria hi haur\u00e0 l&#8217;impr\u00e8s de sol\u00b7licitud que l&#8217;alumne emplanar\u00e0 uns dies abans del dia de la cita<\/p>\n<p align=\"justify\">2.- Aquest impr\u00e8s ser\u00e0 signat per la Coordinaci\u00f3 Pedagogica i l&#8217;alumne el passar\u00e0 a recollir el dia de la seva consulta.<\/p>\n<p align=\"justify\">3.- L&#8217;alumne mostrar\u00e0 l&#8217;impr\u00e8s signat al professor\/a de la materia que en aquell moment estigui donat classe.<\/p>\n<p align=\"justify\">4.- L&#8217;alumne anir\u00e0 a la consulta d&#8217;infermeria amb el full, el qual ser\u00e0 signat per la infermeria.<\/p>\n<p align=\"justify\">5.- La infermera entregar\u00e0 el full a Coordinaci\u00f3 Pedag\u00f2gica.<\/p>\n<table border=\"1\" width=\"662\" cellspacing=\"2\" cellpadding=\"5\">\n<tbody>\n<tr bgcolor=\"#0033CC\">\n<td colspan=\"2\" align=\"center\" valign=\"middle\" bgcolor=\"#669999\"><span class=\"Estilo7\">SOL\u2022LICITUD SERVEI INFERMERIA\u00a0<\/span><\/td>\n<\/tr>\n<tr>\n<td align=\"center\" valign=\"middle\" width=\"644\"><strong>Impr\u00e9s de sol\u00b7licitud servei de infermeria<\/strong><\/td>\n<td width=\"644\">\n<div align=\"right\"><a href=\"http:\/\/www.xtec.cat\/iescollblanc\/Documents\/sol%C2%B7licitud%20servei%20infermeria.doc\" target=\"_blank\" rel=\"noopener noreferrer\"><img loading=\"lazy\" decoding=\"async\" src=\"http:\/\/www.xtec.cat\/iescollblanc\/images\/word_descarga.png\" alt=\"\" width=\"42\" height=\"40\" \/><\/a><\/div>\n<\/td>\n<\/tr>\n<\/tbody>\n<\/table>\n<p align=\"justify\"><span class=\"Estilo5\">Qu\u00e8 \u00e9s el Programa Salut i escola?<\/span><br \/>\nEl Programa Salut i escola \u00e9s una actuaci\u00f3 promoguda pels departaments d&#8217;Educaci\u00f3 i Universitats, i de Salut, per tal d&#8217;impulsar la promoci\u00f3 i prevenci\u00f3 de la salut a l&#8217;escola i coordinar millor les accions en el territori. S&#8217;adre\u00e7a a la poblaci\u00f3 adolescent de segon cicle d&#8217;ESO (tercer i quart) dels centres p\u00fablics i concertats.<\/p>\n<table border=\"3\" width=\"765\" cellspacing=\"5\" cellpadding=\"5\">\n<tbody>\n<tr>\n<th scope=\"col\" width=\"314\">\n<p align=\"left\">Volem apropar-nos a les necessitats dels adolescents i joves per a:<\/p>\n<p align=\"left\"><strong>&#8211; FACILITAR-LOS\u00a0<\/strong>informaci\u00f3 amb professionals sanitaris.<\/p>\n<p align=\"left\"><strong>&#8211; APROPAR\u00a0<\/strong>els serveis de salut als centres docents i als adolescents.<\/p>\n<p align=\"left\"><strong>&#8211; AFAVORIR\u00a0<\/strong>la confidencialitat i uns serveis realment a l&#8217;abast.<\/p>\n<p align=\"left\"><strong>&#8211; EDUCAR-LOS\u00a0<\/strong>en com millorar la seva salut.<\/p>\n<p align=\"left\"><strong>&#8211; INFORMAR-LOS\u00a0<\/strong>de les conductes de risc per a la salut.<\/p>\n<p align=\"left\"><strong>&#8211; FER M\u00c9S EFECTIVA\u00a0<\/strong>la detecci\u00f3 preco\u00e7 i la intervenci\u00f3.<\/p>\n<p align=\"left\"><strong>&#8211; REDUIR<\/strong>\u00a0els factors de risc que afecten negativament la salut dels nois i noies.<\/p>\n<\/th>\n<th scope=\"col\" width=\"406\">\n<div align=\"left\"><a href=\"http:\/\/www20.gencat.cat\/docs\/salut\/Home\/Ambits%20tematics\/Per%20perfils\/Ens%20locals\/Centres_Educatius\/Programa_Salut_i_Escola\/Documents\/Arxius\/salutescola.pdf\"><img loading=\"lazy\" decoding=\"async\" src=\"http:\/\/www.xtec.cat\/iescollblanc\/images\/salut_escola2.jpg\" alt=\"\" width=\"337\" height=\"421\" \/><\/a><\/div>\n<\/th>\n<\/tr>\n<\/tbody>\n<\/table>\n<h4><a href=\"http:\/\/www20.gencat.cat\/docs\/salut\/Home\/Ambits%20tematics\/Per%20perfils\/Ens%20locals\/Centres_Educatius\/Programa_Salut_i_Escola\/Documents\/Arxius\/salutescola.pdf\">Contingut i guia d&#8217;implantaci\u00f3<\/a><\/h4>\n<p><a href=\"http:\/\/www20.gencat.cat\/docs\/salut\/Home\/Ambits%20tematics\/Per%20perfils\/Ens%20locals\/Centres_Educatius\/Programa_Salut_i_Escola\/Documents\/Arxius\/salutescola.pdf\"><img loading=\"lazy\" decoding=\"async\" class=\"\" src=\"http:\/\/www.xtec.cat\/iescollblanc\/images\/salutiescola3.png\" alt=\"\" width=\"329\" height=\"233\" \/><\/a><\/p>\n<h4><a href=\"http:\/\/www20.gencat.cat\/docs\/salut\/Home\/Ambits%20tematics\/Per%20perfils\/Ens%20locals\/Centres_Educatius\/Programa_Salut_i_Escola\/Documents\/Arxius\/salutescola.pdf\">+info<\/a><\/h4>\n","protected":false},"excerpt":{"rendered":"<p>HORARI D&#8217;ATENCI\u00d3 A L&#8217;ALUMNAT: MATINS: DIMARTS De 09:30 h a 11:00 (obert a tots els grups de l&#8217;ESO) &nbsp; \u00a0 [&hellip;]<\/p>\n","protected":false},"author":1,"featured_media":0,"parent":63,"menu_order":20,"comment_status":"closed","ping_status":"closed","template":"page-templates\/side-menu.php","meta":{"_bbp_topic_count":0,"_bbp_reply_count":0,"_bbp_total_topic_count":0,"_bbp_total_reply_count":0,"_bbp_voice_count":0,"_bbp_anonymous_reply_count":0,"_bbp_topic_count_hidden":0,"_bbp_reply_count_hidden":0,"_bbp_forum_subforum_count":0,"site-sidebar-layout":"default","site-content-layout":"","ast-site-content-layout":"","site-content-style":"default","site-sidebar-style":"default","ast-global-header-display":"","ast-banner-title-visibility":"","ast-main-header-display":"","ast-hfb-above-header-display":"","ast-hfb-below-header-display":"","ast-hfb-mobile-header-display":"","site-post-title":"","ast-breadcrumbs-content":"","ast-featured-img":"","footer-sml-layout":"","theme-transparent-header-meta":"","adv-header-id-meta":"","stick-header-meta":"","header-above-stick-meta":"","header-main-stick-meta":"","header-below-stick-meta":"","astra-migrate-meta-layouts":"default","ast-page-background-enabled":"default","ast-page-background-meta":{"desktop":{"background-color":"var(--ast-global-color-4)","background-image":"","background-repeat":"repeat","background-position":"center center","background-size":"auto","background-attachment":"scroll","background-type":"","background-media":"","overlay-type":"","overlay-color":"","overlay-opacity":"","overlay-gradient":""},"tablet":{"background-color":"","background-image":"","background-repeat":"repeat","background-position":"center center","background-size":"auto","background-attachment":"scroll","background-type":"","background-media":"","overlay-type":"","overlay-color":"","overlay-opacity":"","overlay-gradient":""},"mobile":{"background-color":"","background-image":"","background-repeat":"repeat","background-position":"center center","background-size":"auto","background-attachment":"scroll","background-type":"","background-media":"","overlay-type":"","overlay-color":"","overlay-opacity":"","overlay-gradient":""}},"ast-content-background-meta":{"desktop":{"background-color":"var(--ast-global-color-5)","background-image":"","background-repeat":"repeat","background-position":"center center","background-size":"auto","background-attachment":"scroll","background-type":"","background-media":"","overlay-type":"","overlay-color":"","overlay-opacity":"","overlay-gradient":""},"tablet":{"background-color":"var(--ast-global-color-5)","background-image":"","background-repeat":"repeat","background-position":"center center","background-size":"auto","background-attachment":"scroll","background-type":"","background-media":"","overlay-type":"","overlay-color":"","overlay-opacity":"","overlay-gradient":""},"mobile":{"background-color":"var(--ast-global-color-5)","background-image":"","background-repeat":"repeat","background-position":"center center","background-size":"auto","background-attachment":"scroll","background-type":"","background-media":"","overlay-type":"","overlay-color":"","overlay-opacity":"","overlay-gradient":""}},"footnotes":""},"class_list":["post-69","page","type-page","status-publish","hentry"],"post_mailing_queue_ids":[],"_links":{"self":[{"href":"https:\/\/agora.xtec.cat\/iescollblanc\/wp-json\/wp\/v2\/pages\/69","targetHints":{"allow":["GET"]}}],"collection":[{"href":"https:\/\/agora.xtec.cat\/iescollblanc\/wp-json\/wp\/v2\/pages"}],"about":[{"href":"https:\/\/agora.xtec.cat\/iescollblanc\/wp-json\/wp\/v2\/types\/page"}],"author":[{"embeddable":true,"href":"https:\/\/agora.xtec.cat\/iescollblanc\/wp-json\/wp\/v2\/users\/1"}],"replies":[{"embeddable":true,"href":"https:\/\/agora.xtec.cat\/iescollblanc\/wp-json\/wp\/v2\/comments?post=69"}],"version-history":[{"count":3,"href":"https:\/\/agora.xtec.cat\/iescollblanc\/wp-json\/wp\/v2\/pages\/69\/revisions"}],"predecessor-version":[{"id":1468,"href":"https:\/\/agora.xtec.cat\/iescollblanc\/wp-json\/wp\/v2\/pages\/69\/revisions\/1468"}],"up":[{"embeddable":true,"href":"https:\/\/agora.xtec.cat\/iescollblanc\/wp-json\/wp\/v2\/pages\/63"}],"wp:attachment":[{"href":"https:\/\/agora.xtec.cat\/iescollblanc\/wp-json\/wp\/v2\/media?parent=69"}],"curies":[{"name":"wp","href":"https:\/\/api.w.org\/{rel}","templated":true}]}}