{"id":39,"date":"2014-09-17T16:36:44","date_gmt":"2014-09-17T16:36:44","guid":{"rendered":"http:\/\/agora.xtec.cat\/iescollblanc\/?page_id=39"},"modified":"2016-05-23T07:13:55","modified_gmt":"2016-05-23T06:13:55","slug":"instal%c2%b7lacions","status":"publish","type":"page","link":"https:\/\/agora.xtec.cat\/iescollblanc\/linstitut\/instal%c2%b7lacions\/","title":{"rendered":"Instal\u00b7lacions"},"content":{"rendered":"<p>L&#8217;institut Collblanc de la Canonja est\u00e0 situat al nord de la poblaci\u00f3, fitant amb el barri de Bonavista (Tarragona). Dos edificis, conformen les seves instal\u2022lacions.<\/p>\n<div class=\"img-box\">\n<p align=\"justify\">L&#8217;edifici principal t\u00e9 forma de U, aquest edifici t\u00e9 tres plantes, en un dels seus costats i de dos plantes en l\u2019altre costat. Aquest edifici \u00e9s el m\u00e9s gran i hi ha les aules generals, els serveis administratius i la consergeria, la direcci\u00f3, la biblioteca i la sala de professors, aix\u00ed com les aules espec\u00edfiques de dibuix, d&#8217;atenci\u00f3 individualitzada, aules d\u2019idiomes, aules d\u2019inform\u00e0tica, laboratori de f\u00edsica i qu\u00edmica, laboratori de Ci\u00e8ncies Naturals, tallers de Tecnologia, aula de m\u00fasica, aula d\u2019atenci\u00f3 a les fam\u00edlies i tamb\u00e9 els departaments.<\/p>\n<p align=\"justify\">L\u2019altre edifici que hi ha annex al principal, \u00e9s d\u2019una sola planta. En aquest hi podem trobar el gimn\u00e0s, els vestidors i la sala d\u2019actes.<\/p>\n<div align=\"center\"><iframe loading=\"lazy\" src=\"http:\/\/photopeach.com\/embed\/mq0auo\" width=\"445\" height=\"296\" frameborder=\"0\" allowfullscreen=\"allowfullscreen\"><\/iframe><\/div>\n<p><strong>AULES GENERALS<\/strong><\/p>\n<p align=\"justify\">L&#8217;institut disposa de 22 aules generals distribu\u00efdes en entre els dos laterals de l&#8217;edifici principal. Cada aula s&#8217;assigna a cada un dels grups de l&#8217;ESO i del batxillerat.<\/p>\n<table style=\"height: 250px;\" border=\"0\" width=\"450\" cellspacing=\"2\" cellpadding=\"5\">\n<tbody>\n<tr>\n<td><a href=\"https:\/\/picasaweb.google.com\/lh\/photo\/ovPOhIF-C4VfS8BEZuHEFOSs9Twk8Oxeg1bgKfbZNq8?feat=embedwebsite\"><img loading=\"lazy\" decoding=\"async\" src=\"https:\/\/lh3.googleusercontent.com\/-mP5paxLk4vI\/UeWe6Ohh78I\/AAAAAAAAAGA\/PxtrQjqT4PI\/s288\/IMG_20130716_083308.jpg\" alt=\"\" width=\"288\" height=\"216\" \/><\/a><\/td>\n<td><a href=\"https:\/\/picasaweb.google.com\/lh\/photo\/ak_eMwW0ljmhsNiJuYN3m-Ss9Twk8Oxeg1bgKfbZNq8?feat=embedwebsite\"><img loading=\"lazy\" decoding=\"async\" src=\"https:\/\/lh6.googleusercontent.com\/-lRfSpkDMX70\/UeWeL3HRM2I\/AAAAAAAAAFE\/Pi1ozSVYcX0\/s288\/IMG_20130716_082030.jpg\" alt=\"\" width=\"216\" height=\"288\" \/><\/a><\/td>\n<\/tr>\n<\/tbody>\n<\/table>\n<p align=\"justify\"><strong>LABORATORI DE F\u00cdSICA I QUIMICA<\/strong><\/p>\n<p align=\"justify\">El laboratori de f\u00edsica i qu\u00edmica est\u00e0 situat a l&#8217;edifici principal. A part de disposar de l&#8217;instrumental i la infraestructura necess\u00e0ria per a desenvolupar les pr\u00e0ctiques tamb\u00e9 hi ha l&#8217;equip inform\u00e0tic per a treballar espec\u00edficament aquestes mat\u00e8ria. El laboratori est\u00e0 equipat amb l&#8217;instrumental i les subst\u00e0ncies i materials adequats per a desenvolupar les pr\u00e0ctiques.<\/p>\n<table style=\"height: 160px;\" border=\"0\" width=\"261\" cellspacing=\"2\" cellpadding=\"10\">\n<tbody>\n<tr>\n<td><a href=\"https:\/\/picasaweb.google.com\/lh\/photo\/FaSP1XCxSfcOoHL_daDT0uSs9Twk8Oxeg1bgKfbZNq8?feat=embedwebsite\"><img loading=\"lazy\" decoding=\"async\" src=\"https:\/\/lh4.googleusercontent.com\/-VnYAd04ZUxQ\/UdUJ7z5rVHI\/AAAAAAAAAB4\/ZFEfqPMfjFw\/s288\/IMG_20130703_123819.jpg\" alt=\"\" width=\"288\" height=\"216\" \/><\/a><\/td>\n<\/tr>\n<\/tbody>\n<\/table>\n<p><strong>LABORATORI DE CI\u00c8NCIES NATURALS<\/strong><\/p>\n<p align=\"justify\">L&#8217;altre \u00e9s el laboratori de ci\u00e8ncies naturals, tamb\u00e9 equipat amb els materials i la infraestructura necess\u00e0ria per a desenvolupar les classes.<\/p>\n<table style=\"height: 250px;\" border=\"0\" width=\"450\" cellspacing=\"2\" cellpadding=\"10\">\n<tbody>\n<tr>\n<td><a href=\"https:\/\/picasaweb.google.com\/lh\/photo\/R7wjutp2TFDwvJhna8J2r-Ss9Twk8Oxeg1bgKfbZNq8?feat=embedwebsite\"><img loading=\"lazy\" decoding=\"async\" src=\"https:\/\/lh4.googleusercontent.com\/-RnmKU1SmtS0\/UdUJymyY2DI\/AAAAAAAAABw\/Pi1fP50xQ5g\/s288\/IMG_20130703_123638.jpg\" alt=\"\" width=\"288\" height=\"216\" \/><\/a><\/td>\n<td><a href=\"https:\/\/picasaweb.google.com\/lh\/photo\/p3drUxGY6sPFXjtvsZkyc-Ss9Twk8Oxeg1bgKfbZNq8?feat=embedwebsite\"><img loading=\"lazy\" decoding=\"async\" src=\"https:\/\/lh6.googleusercontent.com\/-AnLO4WW5-U0\/UdUJsWtzHJI\/AAAAAAAAABo\/PIPp57pgnVE\/s288\/IMG_20130703_123558.jpg\" alt=\"\" width=\"288\" height=\"216\" \/><\/a><\/td>\n<\/tr>\n<\/tbody>\n<\/table>\n<p><strong>AULA DE TECNOLOGIA<\/strong><\/p>\n<p align=\"justify\">L&#8217;aula de tecnologia es troba a la prmera planta ala dreta de l&#8217;edifici principal. T\u00e9 el mobiliari, les eines i els material adequat per a desenvolupar les activitats de taller, tan amb els alumnes d&#8217;ESO com amb els alumnes del Batxillerat tecnol\u00f2gic.<\/p>\n<table style=\"height: 250px;\" border=\"0\" width=\"450\" cellspacing=\"2\" cellpadding=\"10\">\n<tbody>\n<tr>\n<td><a href=\"https:\/\/picasaweb.google.com\/lh\/photo\/aVROoCiq_BZqeVGGrj4WeuSs9Twk8Oxeg1bgKfbZNq8?feat=embedwebsite\"><img loading=\"lazy\" decoding=\"async\" src=\"https:\/\/lh6.googleusercontent.com\/-mZEq6v9otsw\/UdUJUV4j7vI\/AAAAAAAAABQ\/-ydiTphkPP0\/s288\/IMG_20130703_123004.jpg\" alt=\"\" width=\"288\" height=\"216\" \/><\/a><\/td>\n<td><a href=\"https:\/\/picasaweb.google.com\/lh\/photo\/yxvXCCXDjh3YiSFJTICkeeSs9Twk8Oxeg1bgKfbZNq8?feat=embedwebsite\"><img loading=\"lazy\" decoding=\"async\" src=\"https:\/\/lh4.googleusercontent.com\/-mBmIHqpY9JY\/UdUJEagVZQI\/AAAAAAAAAA8\/cXY-v41hxuY\/s288\/IMG_20130703_122929.jpg\" alt=\"\" width=\"216\" height=\"288\" \/><\/a><\/td>\n<\/tr>\n<\/tbody>\n<\/table>\n<p><strong>AULA D&#8217;IDIOMES<\/strong><\/p>\n<p align=\"justify\">A l&#8217;edifici principal tamb\u00e9 hi ha una aula d&#8217;idiomes, una destinada a les classes d&#8217;angl\u00e8s i a les de franc\u00e8s. Est\u00e0 equipada amb material audiovisual per a treballar aquests idiomes emprant aquests mitjans.<\/p>\n<table style=\"height: 250px;\" border=\"0\" width=\"450\" cellspacing=\"2\" cellpadding=\"10\">\n<tbody>\n<tr>\n<td><a href=\"https:\/\/picasaweb.google.com\/lh\/photo\/ZXxbjwExtfwyg9Gs1N4j4-Ss9Twk8Oxeg1bgKfbZNq8?feat=embedwebsite\"><img loading=\"lazy\" decoding=\"async\" src=\"https:\/\/lh3.googleusercontent.com\/-4Cd9t7mrilQ\/UdUJoG6luBI\/AAAAAAAAABg\/2EogO_k15s8\/s288\/IMG_20130703_123342.jpg\" alt=\"\" width=\"288\" height=\"216\" \/><\/a><\/td>\n<td><a href=\"https:\/\/picasaweb.google.com\/lh\/photo\/XY3OU9iuwmjbX7vkJBOlzeSs9Twk8Oxeg1bgKfbZNq8?feat=embedwebsite\"><img loading=\"lazy\" decoding=\"async\" src=\"https:\/\/lh5.googleusercontent.com\/-w2SpSSDOtW4\/UeWekrhJpCI\/AAAAAAAAAFs\/pwT2I21JyOw\/s288\/IMG_20130716_083055.jpg\" alt=\"\" width=\"216\" height=\"288\" \/><\/a><\/td>\n<\/tr>\n<\/tbody>\n<\/table>\n<p><strong>AULA DE M\u00daSICA<\/strong><\/p>\n<p align=\"justify\">L&#8217;aula de m\u00fasica, disposa de material audiovisual, d&#8217;un piano, d&#8217;alguns instruments d&#8217;altra mena.<\/p>\n<table style=\"height: 250px;\" border=\"0\" width=\"450\" cellspacing=\"2\" cellpadding=\"10\">\n<tbody>\n<tr>\n<td><a href=\"https:\/\/picasaweb.google.com\/lh\/photo\/EnnPG_FOq2RFiG_37XGJi-Ss9Twk8Oxeg1bgKfbZNq8?feat=embedwebsite\"><img loading=\"lazy\" decoding=\"async\" src=\"https:\/\/lh3.googleusercontent.com\/-3RU-rzQyuKA\/UdUJbFO1tVI\/AAAAAAAAABY\/9Uxe5cJtgP8\/s288\/IMG_20130703_123102.jpg\" alt=\"\" width=\"288\" height=\"216\" \/><\/a><\/td>\n<td><a href=\"https:\/\/picasaweb.google.com\/lh\/photo\/rDRHZIF7KfDz9r_KxgHyaOSs9Twk8Oxeg1bgKfbZNq8?feat=embedwebsite\"><img loading=\"lazy\" decoding=\"async\" src=\"https:\/\/lh5.googleusercontent.com\/-gm073KC5T3I\/UeWek10UneI\/AAAAAAAAAFo\/UyWiloSeggQ\/s288\/IMG_20130716_082908.jpg\" alt=\"\" width=\"216\" height=\"288\" \/><\/a><\/td>\n<\/tr>\n<\/tbody>\n<\/table>\n<p><strong>AULES D&#8217;INFORM\u00c0TICA<\/strong><\/p>\n<p align=\"justify\">Al centre hi ha dues aules inform\u00e0tica que disposen d\u2019un conjunt d&#8217;ordinadors. Els ordinadors estan connectats en xarxa i disposen de connexi\u00f3 a internet. \u00c9s una aula que s&#8217;utilitza per a l&#8217;aprenentatge de continguts espec\u00edfics d&#8217;inform\u00e0tica, per\u00f2 tamb\u00e9 \u00e9s aprofitada per a treballar continguts espec\u00edfics de totes les \u00e0rees.<\/p>\n<table style=\"height: 250px;\" border=\"0\" width=\"450\" cellspacing=\"2\" cellpadding=\"10\">\n<tbody>\n<tr>\n<td><a href=\"https:\/\/picasaweb.google.com\/lh\/photo\/RS4OZ7tOf-ANF-88M1Fav-Ss9Twk8Oxeg1bgKfbZNq8?feat=embedwebsite\"><img loading=\"lazy\" decoding=\"async\" src=\"https:\/\/lh4.googleusercontent.com\/-ApdogrSVOGM\/UdUKIc7piuI\/AAAAAAAAACI\/fd4r89Knr_M\/s288\/IMG_20130703_123953.jpg\" alt=\"\" width=\"288\" height=\"216\" \/><\/a><\/td>\n<td><a href=\"https:\/\/picasaweb.google.com\/lh\/photo\/oxEJCsseHprn8JTezM-iheSs9Twk8Oxeg1bgKfbZNq8?feat=embedwebsite\"><img loading=\"lazy\" decoding=\"async\" src=\"https:\/\/lh6.googleusercontent.com\/-8dG6mXEyyBo\/UeWeunEu6fI\/AAAAAAAAAF0\/L_s7nBHxnuM\/s288\/IMG_20130716_083157.jpg\" alt=\"\" width=\"216\" height=\"288\" \/><\/a><\/td>\n<\/tr>\n<\/tbody>\n<\/table>\n<p><strong>AULES D&#8217;ART<\/strong><\/p>\n<p align=\"justify\">L&#8217;institut disposa de dos espais destinats a l&#8217;Educaci\u00f3 visual i pl\u00e0stica. Disposen de taules grans, projector d&#8217;imatges, aigua corrent i espais per a guardar el material i els treballs dels alumnes.<\/p>\n<table style=\"height: 250px;\" border=\"0\" width=\"450\" cellspacing=\"2\" cellpadding=\"10\">\n<tbody>\n<tr>\n<td><a href=\"https:\/\/picasaweb.google.com\/lh\/photo\/bIUflzlOdvwCd3r4cahGu-Ss9Twk8Oxeg1bgKfbZNq8?feat=embedwebsite\"><img loading=\"lazy\" decoding=\"async\" src=\"https:\/\/lh6.googleusercontent.com\/-_wvMzUeAi4U\/UdUJE16JhiI\/AAAAAAAAABA\/mf3FMGHASx0\/s288\/IMG_20130703_122850.jpg\" alt=\"\" width=\"288\" height=\"216\" \/><\/a><\/td>\n<td><a href=\"https:\/\/picasaweb.google.com\/lh\/photo\/XMbj7lIu5Tcj_aaHsLQhv-Ss9Twk8Oxeg1bgKfbZNq8?feat=embedwebsite\"><img loading=\"lazy\" decoding=\"async\" src=\"https:\/\/lh5.googleusercontent.com\/-2itW-l-BHa0\/UdUKDvYtOpI\/AAAAAAAAACA\/WPzpdwxbSl4\/s288\/IMG_20130703_123852.jpg\" alt=\"\" width=\"288\" height=\"216\" \/><\/a><\/td>\n<\/tr>\n<\/tbody>\n<\/table>\n<p><strong>GIMN\u00c0S<\/strong><\/p>\n<p align=\"justify\">L&#8217;institut utilitza el gimn\u00e0s per a desenvolupar les activitats de l&#8217;\u00e0rea d&#8217;educaci\u00f3 f\u00edsica i la pista esportiva que tenim al pati. Ambd\u00f3s espais estan equipats amb el material necessari per a desenvolupar les diferents activitats f\u00edsiques.<\/p>\n<table style=\"height: 250px;\" border=\"0\" width=\"450\" cellspacing=\"2\" cellpadding=\"10\">\n<tbody>\n<tr>\n<td><a href=\"https:\/\/picasaweb.google.com\/lh\/photo\/psTKMkqvxM9YzdPXTv8m6-Ss9Twk8Oxeg1bgKfbZNq8?feat=embedwebsite\"><img loading=\"lazy\" decoding=\"async\" src=\"https:\/\/lh5.googleusercontent.com\/-WCI2vMv8NOU\/UdVNlTAeLcI\/AAAAAAAAAC4\/_29JRVkXvs8\/s288\/IMG_20130704_104722.jpg\" alt=\"\" width=\"288\" height=\"216\" \/><\/a><\/td>\n<td><a href=\"https:\/\/picasaweb.google.com\/lh\/photo\/m_7PwfS7RjZomEXAcTFmh-Ss9Twk8Oxeg1bgKfbZNq8?feat=embedwebsite\"><img loading=\"lazy\" decoding=\"async\" src=\"https:\/\/lh5.googleusercontent.com\/-cQiFEK8wZJo\/UeWe6a52uAI\/AAAAAAAAAGE\/9y8O7crWI7A\/s288\/IMG_20130716_083853.jpg\" alt=\"\" width=\"288\" height=\"216\" \/><\/a><\/td>\n<\/tr>\n<\/tbody>\n<\/table>\n<p><strong>ESPAI D&#8217;ATENCI\u00d3 INDIVIDUALITZADA<\/strong><\/p>\n<p align=\"justify\">Al primer pis de l&#8217;edifici principal hi ha dues petites aules equipada amb ordinadors i d&#8217;altre material per a desenvolupar tasques d\u2019atenci\u00f3 individualitzada a l&#8217;alumnat, treballant amb grups redu\u00efts per atendre la diversitat de nivells.<\/p>\n<table style=\"height: 186px;\" border=\"1\" width=\"267\" cellspacing=\"2\" cellpadding=\"5\">\n<tbody>\n<tr>\n<td><a href=\"https:\/\/picasaweb.google.com\/lh\/photo\/gVxRu27H4u2uvohoGyP-zuSs9Twk8Oxeg1bgKfbZNq8?feat=embedwebsite\"><img loading=\"lazy\" decoding=\"async\" src=\"https:\/\/lh5.googleusercontent.com\/-c6h9_mbouz4\/UeWeNekWinI\/AAAAAAAAAFU\/MzsRQa5kjLQ\/s288\/IMG_20130716_082125.jpg\" alt=\"\" width=\"288\" height=\"216\" \/><\/a><\/td>\n<\/tr>\n<\/tbody>\n<\/table>\n<p align=\"justify\"><strong>BIBLIOTECA<\/strong><\/p>\n<p align=\"justify\">La biblioteca est\u00e0 situada a la planta baixa de l&#8217;edifici inferior. Aquesta est\u00e0 equipada amb material audiovisual i tres ordinadors. S&#8217;utilitza com a biblioteca, com a aula d&#8217;estudi i tamb\u00e9 com a aula espec\u00edfica d&#8217;algunes mat\u00e8ries.<\/p>\n<table style=\"height: 250px;\" border=\"0\" width=\"450\" cellspacing=\"2\" cellpadding=\"10\">\n<tbody>\n<tr>\n<td><a href=\"https:\/\/picasaweb.google.com\/lh\/photo\/YXv-2iAnWkq8KkE63nlHf-Ss9Twk8Oxeg1bgKfbZNq8?feat=embedwebsite\"><img loading=\"lazy\" decoding=\"async\" src=\"https:\/\/lh6.googleusercontent.com\/-cttIGThrQno\/UeWfSm1-zLI\/AAAAAAAAAGc\/4s8_lWxIEnE\/s288\/IMG_20130716_085035.jpg\" alt=\"\" width=\"216\" height=\"288\" \/><\/a><\/td>\n<td><a href=\"https:\/\/picasaweb.google.com\/lh\/photo\/GxMODQvIIBT37cx0-Yw-teSs9Twk8Oxeg1bgKfbZNq8?feat=embedwebsite\"><img loading=\"lazy\" decoding=\"async\" src=\"https:\/\/lh3.googleusercontent.com\/-JZANJpUeHp0\/UdVN-PHpWBI\/AAAAAAAAADg\/Ukou8Xj1ywc\/s288\/IMG_20130704_105411.jpg\" alt=\"\" width=\"288\" height=\"216\" \/><\/a><\/td>\n<\/tr>\n<\/tbody>\n<\/table>\n<p><strong>SALA D&#8217;ACTES<\/strong><\/p>\n<p align=\"justify\">Aquesta sala s\u2019utilitza per a fer els claustres del professorat i per a fer xarrades als alumnes dins de les diferents activitats escolars que tots els anys es programen.<\/p>\n<p><strong>EL PATI<\/strong><\/p>\n<p align=\"justify\">L&#8217;institut disposa d&#8217;un pati bastant ampli. Consta de tres pistes, dos d\u2019elles equipades en porteries, i cistelles de basquet.<\/p>\n<table style=\"height: 250px;\" border=\"0\" width=\"450\" cellspacing=\"2\" cellpadding=\"10\">\n<tbody>\n<tr>\n<td><a href=\"https:\/\/picasaweb.google.com\/lh\/photo\/DEmkcmVnGtlECG9lvJgH9OSs9Twk8Oxeg1bgKfbZNq8?feat=embedwebsite\"><img loading=\"lazy\" decoding=\"async\" src=\"https:\/\/lh3.googleusercontent.com\/-sD6J-TcwOak\/UdVOMJ11OPI\/AAAAAAAAADo\/VG11Fb7OjNE\/s288\/IMG_20130704_105710.jpg\" alt=\"\" width=\"288\" height=\"216\" \/><\/a><\/td>\n<td><a href=\"https:\/\/picasaweb.google.com\/lh\/photo\/teTtNbSJtuF3VtBAMOPDJeSs9Twk8Oxeg1bgKfbZNq8?feat=embedwebsite\"><img loading=\"lazy\" decoding=\"async\" src=\"https:\/\/lh3.googleusercontent.com\/-9rTW9RC7-iY\/UdVNnOwhO-I\/AAAAAAAAADI\/fE5AfB8DRhk\/s288\/IMG_20130704_104804.jpg\" alt=\"\" width=\"288\" height=\"216\" \/><\/a><\/td>\n<\/tr>\n<\/tbody>\n<\/table>\n<\/div>\n<p>&nbsp;<\/p>\n","protected":false},"excerpt":{"rendered":"<p>L&#8217;institut Collblanc de la Canonja est\u00e0 situat al nord de la poblaci\u00f3, fitant amb el barri de Bonavista (Tarragona). Dos [&hellip;]<\/p>\n","protected":false},"author":1,"featured_media":0,"parent":19,"menu_order":30,"comment_status":"closed","ping_status":"closed","template":"page-templates\/side-menu.php","meta":{"_bbp_topic_count":0,"_bbp_reply_count":0,"_bbp_total_topic_count":0,"_bbp_total_reply_count":0,"_bbp_voice_count":0,"_bbp_anonymous_reply_count":0,"_bbp_topic_count_hidden":0,"_bbp_reply_count_hidden":0,"_bbp_forum_subforum_count":0,"site-sidebar-layout":"default","site-content-layout":"","ast-site-content-layout":"","site-content-style":"default","site-sidebar-style":"default","ast-global-header-display":"","ast-banner-title-visibility":"","ast-main-header-display":"","ast-hfb-above-header-display":"","ast-hfb-below-header-display":"","ast-hfb-mobile-header-display":"","site-post-title":"","ast-breadcrumbs-content":"","ast-featured-img":"","footer-sml-layout":"","theme-transparent-header-meta":"","adv-header-id-meta":"","stick-header-meta":"","header-above-stick-meta":"","header-main-stick-meta":"","header-below-stick-meta":"","astra-migrate-meta-layouts":"default","ast-page-background-enabled":"default","ast-page-background-meta":{"desktop":{"background-color":"var(--ast-global-color-4)","background-image":"","background-repeat":"repeat","background-position":"center center","background-size":"auto","background-attachment":"scroll","background-type":"","background-media":"","overlay-type":"","overlay-color":"","overlay-opacity":"","overlay-gradient":""},"tablet":{"background-color":"","background-image":"","background-repeat":"repeat","background-position":"center center","background-size":"auto","background-attachment":"scroll","background-type":"","background-media":"","overlay-type":"","overlay-color":"","overlay-opacity":"","overlay-gradient":""},"mobile":{"background-color":"","background-image":"","background-repeat":"repeat","background-position":"center center","background-size":"auto","background-attachment":"scroll","background-type":"","background-media":"","overlay-type":"","overlay-color":"","overlay-opacity":"","overlay-gradient":""}},"ast-content-background-meta":{"desktop":{"background-color":"var(--ast-global-color-5)","background-image":"","background-repeat":"repeat","background-position":"center center","background-size":"auto","background-attachment":"scroll","background-type":"","background-media":"","overlay-type":"","overlay-color":"","overlay-opacity":"","overlay-gradient":""},"tablet":{"background-color":"var(--ast-global-color-5)","background-image":"","background-repeat":"repeat","background-position":"center center","background-size":"auto","background-attachment":"scroll","background-type":"","background-media":"","overlay-type":"","overlay-color":"","overlay-opacity":"","overlay-gradient":""},"mobile":{"background-color":"var(--ast-global-color-5)","background-image":"","background-repeat":"repeat","background-position":"center center","background-size":"auto","background-attachment":"scroll","background-type":"","background-media":"","overlay-type":"","overlay-color":"","overlay-opacity":"","overlay-gradient":""}},"footnotes":""},"class_list":["post-39","page","type-page","status-publish","hentry"],"post_mailing_queue_ids":[],"_links":{"self":[{"href":"https:\/\/agora.xtec.cat\/iescollblanc\/wp-json\/wp\/v2\/pages\/39","targetHints":{"allow":["GET"]}}],"collection":[{"href":"https:\/\/agora.xtec.cat\/iescollblanc\/wp-json\/wp\/v2\/pages"}],"about":[{"href":"https:\/\/agora.xtec.cat\/iescollblanc\/wp-json\/wp\/v2\/types\/page"}],"author":[{"embeddable":true,"href":"https:\/\/agora.xtec.cat\/iescollblanc\/wp-json\/wp\/v2\/users\/1"}],"replies":[{"embeddable":true,"href":"https:\/\/agora.xtec.cat\/iescollblanc\/wp-json\/wp\/v2\/comments?post=39"}],"version-history":[{"count":2,"href":"https:\/\/agora.xtec.cat\/iescollblanc\/wp-json\/wp\/v2\/pages\/39\/revisions"}],"predecessor-version":[{"id":445,"href":"https:\/\/agora.xtec.cat\/iescollblanc\/wp-json\/wp\/v2\/pages\/39\/revisions\/445"}],"up":[{"embeddable":true,"href":"https:\/\/agora.xtec.cat\/iescollblanc\/wp-json\/wp\/v2\/pages\/19"}],"wp:attachment":[{"href":"https:\/\/agora.xtec.cat\/iescollblanc\/wp-json\/wp\/v2\/media?parent=39"}],"curies":[{"name":"wp","href":"https:\/\/api.w.org\/{rel}","templated":true}]}}