{"id":21,"date":"2014-09-17T16:14:14","date_gmt":"2014-09-17T16:14:14","guid":{"rendered":"http:\/\/agora.xtec.cat\/iescollblanc\/?page_id=21"},"modified":"2025-01-24T07:31:44","modified_gmt":"2025-01-24T06:31:44","slug":"on-som","status":"publish","type":"page","link":"https:\/\/agora.xtec.cat\/iescollblanc\/linstitut\/on-som\/","title":{"rendered":"On som"},"content":{"rendered":"\n<h1 class=\"wp-block-heading\"><strong>Institut Collblanc<\/strong><\/h1>\n\n\n\n<p>Av. Carrasco i Formiguera, 12<br><strong>Tel\u00e8fon:<\/strong> 977 551 716<br><strong>Email:<\/strong> e3008481@xtec.cat<\/p>\n\n\n\n<center><iframe src=\"https:\/\/www.google.com\/maps\/embed?pb=!1m14!1m12!1m3!1d1614.3097825506184!2d1.1870055046933876!3d41.120280747983074!2m3!1f0!2f0!3f0!3m2!1i1024!2i768!4f13.1!5e1!3m2!1sca!2ses!4v1737009286399!5m2!1sca!2ses\" width=\"600\" height=\"450\" style=\"border:0;\" allowfullscreen=\"\" loading=\"lazy\" referrerpolicy=\"no-referrer-when-downgrade\"><\/iframe><\/center>\n\n\n\n<h1 class=\"wp-block-heading\">La Canonja<\/h1>\n\n\n\n<p>La Canonja \u00e9s un municipi de la comarca del Tarragon\u00e8s. Est\u00e0 situat a la vora del nucli tarragon\u00ed de Bonavista. El 2010 recuper\u00e0 la independ\u00e8ncia administrativa que havia perdut des de la seva annexi\u00f3 a Tarragona el 1964.<\/p>\n\n\n\n<p>El nou municipi compta amb una superf\u00edcie de 7,32 quil\u00f2metres quadrats i uns 5.900 habitants. No inclou el barri de Bonavista, per\u00f2 dins del seu territori hi ha la gran majoria de les empreses petroqu\u00edmiques de la zona.<\/p>\n\n\n\n<figure class=\"wp-block-image aligncenter\"><a href=\"http:\/\/agora.xtec.cat\/iescollblanc\/wp-content\/uploads\/usu1217\/2016\/05\/la_canonja1.jpg\"><img loading=\"lazy\" decoding=\"async\" width=\"650\" height=\"350\" src=\"http:\/\/agora.xtec.cat\/iescollblanc\/wp-content\/uploads\/usu1217\/2016\/05\/la_canonja1.jpg\" alt=\"la_canonja1\" class=\"wp-image-434\" srcset=\"https:\/\/agora.xtec.cat\/iescollblanc\/wp-content\/uploads\/usu1217\/2016\/05\/la_canonja1.jpg 650w, https:\/\/agora.xtec.cat\/iescollblanc\/wp-content\/uploads\/usu1217\/2016\/05\/la_canonja1-300x162.jpg 300w\" sizes=\"auto, (max-width: 650px) 100vw, 650px\" \/><\/a><\/figure>\n\n\n\n<p><\/p>\n\n\n\n<p><strong>Com arribar-hi des de Tarragona:<\/strong><\/p>\n\n\n\n<ul class=\"wp-block-list\">\n<li>Per bus: L\u00ednies L3 i L30<\/li>\n\n\n\n<li>Per autovia: A7 &#8211; Sortida&nbsp;La Canonja<\/li>\n<\/ul>\n","protected":false},"excerpt":{"rendered":"<p>Institut Collblanc Av. Carrasco i Formiguera, 12Tel\u00e8fon: 977 551 716Email: e3008481@xtec.cat La Canonja La Canonja \u00e9s un municipi de la [&hellip;]<\/p>\n","protected":false},"author":1,"featured_media":0,"parent":19,"menu_order":10,"comment_status":"closed","ping_status":"closed","template":"","meta":{"_bbp_topic_count":0,"_bbp_reply_count":0,"_bbp_total_topic_count":0,"_bbp_total_reply_count":0,"_bbp_voice_count":0,"_bbp_anonymous_reply_count":0,"_bbp_topic_count_hidden":0,"_bbp_reply_count_hidden":0,"_bbp_forum_subforum_count":0,"site-sidebar-layout":"default","site-content-layout":"","ast-site-content-layout":"default","site-content-style":"default","site-sidebar-style":"default","ast-global-header-display":"","ast-banner-title-visibility":"","ast-main-header-display":"","ast-hfb-above-header-display":"","ast-hfb-below-header-display":"","ast-hfb-mobile-header-display":"","site-post-title":"","ast-breadcrumbs-content":"","ast-featured-img":"","footer-sml-layout":"","theme-transparent-header-meta":"","adv-header-id-meta":"","stick-header-meta":"","header-above-stick-meta":"","header-main-stick-meta":"","header-below-stick-meta":"","astra-migrate-meta-layouts":"set","ast-page-background-enabled":"default","ast-page-background-meta":{"desktop":{"background-color":"var(--ast-global-color-4)","background-image":"","background-repeat":"repeat","background-position":"center center","background-size":"auto","background-attachment":"scroll","background-type":"","background-media":"","overlay-type":"","overlay-color":"","overlay-opacity":"","overlay-gradient":""},"tablet":{"background-color":"","background-image":"","background-repeat":"repeat","background-position":"center center","background-size":"auto","background-attachment":"scroll","background-type":"","background-media":"","overlay-type":"","overlay-color":"","overlay-opacity":"","overlay-gradient":""},"mobile":{"background-color":"","background-image":"","background-repeat":"repeat","background-position":"center center","background-size":"auto","background-attachment":"scroll","background-type":"","background-media":"","overlay-type":"","overlay-color":"","overlay-opacity":"","overlay-gradient":""}},"ast-content-background-meta":{"desktop":{"background-color":"var(--ast-global-color-5)","background-image":"","background-repeat":"repeat","background-position":"center center","background-size":"auto","background-attachment":"scroll","background-type":"","background-media":"","overlay-type":"","overlay-color":"","overlay-opacity":"","overlay-gradient":""},"tablet":{"background-color":"var(--ast-global-color-5)","background-image":"","background-repeat":"repeat","background-position":"center center","background-size":"auto","background-attachment":"scroll","background-type":"","background-media":"","overlay-type":"","overlay-color":"","overlay-opacity":"","overlay-gradient":""},"mobile":{"background-color":"var(--ast-global-color-5)","background-image":"","background-repeat":"repeat","background-position":"center center","background-size":"auto","background-attachment":"scroll","background-type":"","background-media":"","overlay-type":"","overlay-color":"","overlay-opacity":"","overlay-gradient":""}},"footnotes":""},"class_list":["post-21","page","type-page","status-publish","hentry"],"post_mailing_queue_ids":[],"_links":{"self":[{"href":"https:\/\/agora.xtec.cat\/iescollblanc\/wp-json\/wp\/v2\/pages\/21","targetHints":{"allow":["GET"]}}],"collection":[{"href":"https:\/\/agora.xtec.cat\/iescollblanc\/wp-json\/wp\/v2\/pages"}],"about":[{"href":"https:\/\/agora.xtec.cat\/iescollblanc\/wp-json\/wp\/v2\/types\/page"}],"author":[{"embeddable":true,"href":"https:\/\/agora.xtec.cat\/iescollblanc\/wp-json\/wp\/v2\/users\/1"}],"replies":[{"embeddable":true,"href":"https:\/\/agora.xtec.cat\/iescollblanc\/wp-json\/wp\/v2\/comments?post=21"}],"version-history":[{"count":6,"href":"https:\/\/agora.xtec.cat\/iescollblanc\/wp-json\/wp\/v2\/pages\/21\/revisions"}],"predecessor-version":[{"id":19453,"href":"https:\/\/agora.xtec.cat\/iescollblanc\/wp-json\/wp\/v2\/pages\/21\/revisions\/19453"}],"up":[{"embeddable":true,"href":"https:\/\/agora.xtec.cat\/iescollblanc\/wp-json\/wp\/v2\/pages\/19"}],"wp:attachment":[{"href":"https:\/\/agora.xtec.cat\/iescollblanc\/wp-json\/wp\/v2\/media?parent=21"}],"curies":[{"name":"wp","href":"https:\/\/api.w.org\/{rel}","templated":true}]}}