{"id":1221,"date":"2017-06-01T08:56:11","date_gmt":"2017-06-01T06:56:11","guid":{"rendered":"http:\/\/agora.xtec.cat\/iescollblanc\/?page_id=1221"},"modified":"2025-04-04T11:22:39","modified_gmt":"2025-04-04T09:22:39","slug":"projecte-de-reutilitzacio-de-llibres-iddink","status":"publish","type":"page","link":"https:\/\/agora.xtec.cat\/iescollblanc\/info-families\/projecte-de-reutilitzacio-de-llibres-iddink\/","title":{"rendered":"Iddink &#8211; Reutilitzaci\u00f3 de Llibres"},"content":{"rendered":"\n<figure class=\"wp-block-image aligncenter\"><img decoding=\"async\" src=\"https:\/\/agora.xtec.cat\/iesfredericmarti\/wp-content\/uploads\/usu920\/2019\/06\/logoiddink.png\" alt=\"\"\/><\/figure>\n\n\n\n<p>Benvolguda fam\u00edlia,<\/p>\n\n\n\n<p>El curs vinent l\u2019AMPA, conjuntament amb la direcci\u00f3 de l\u2019Institut, i amb l\u2019aprovac\u00adi\u00f3 del Consell Escolar, continuar\u00e0 oferint un <strong>Projecte de Reutilitzaci\u00f3 de Llibres de text i lectures,<\/strong> que gestionar\u00e0 l&#8217;empresa Iddink.<\/p>\n\n\n\n<p>Per aix\u00f2 s&#8217;ha creat un lloc web espec\u00edfic, on les fam\u00edlies podran trobar totes les dades necess\u00e0ries dels diferents serveis que proporciona Iddink. <span style=\"color: #ff0000;\"><strong>Per veure tota la informaci\u00f3 visiteu <a href=\"https:\/\/microsites.iddink.es\/ca\/153_institut_collblanc\/\">la seg\u00fcent web<\/a><\/strong><\/span>:<\/p>\n\n\n\n<figure class=\"wp-block-image aligncenter\"><a href=\"https:\/\/microsites.iddink.es\/ca\/153_institut_collblanc\/\"><img loading=\"lazy\" decoding=\"async\" width=\"1024\" height=\"613\" src=\"https:\/\/agora.xtec.cat\/iescollblanc\/wp-content\/uploads\/usu1217\/2020\/06\/Captura-de-Pantalla-2020-06-29-a-les-8.29.18-1024x613.png\" alt=\"\" class=\"wp-image-17012\" srcset=\"https:\/\/agora.xtec.cat\/iescollblanc\/wp-content\/uploads\/usu1217\/2020\/06\/Captura-de-Pantalla-2020-06-29-a-les-8.29.18-1024x613.png 1024w, https:\/\/agora.xtec.cat\/iescollblanc\/wp-content\/uploads\/usu1217\/2020\/06\/Captura-de-Pantalla-2020-06-29-a-les-8.29.18-300x179.png 300w, https:\/\/agora.xtec.cat\/iescollblanc\/wp-content\/uploads\/usu1217\/2020\/06\/Captura-de-Pantalla-2020-06-29-a-les-8.29.18-768x459.png 768w\" sizes=\"auto, (max-width: 1024px) 100vw, 1024px\" \/><\/a><\/figure>\n\n\n\r\n\t<div class=\"slideshow_container slideshow_container_style-light\" style=\" \" data-slideshow-id=\"18447\" data-style-name=\"style-light\" data-style-version=\"2.3.1\" >\r\n\r\n\t\t\t\t\t<div class=\"slideshow_loading_icon\"><\/div>\r\n\t\t\r\n\t\t<div class=\"slideshow_content\" style=\"display: none;\">\r\n\r\n\t\t\t<div class=\"slideshow_view\">\r\n\t\t\t\t<div class=\"slideshow_slide slideshow_slide_image\">\r\n\t\t\t\t\t\t\t\t\t\t\t<img src=\"https:\/\/agora.xtec.cat\/iescollblanc\/wp-content\/uploads\/usu1217\/2023\/02\/flyer_1.png\" alt=\"flyer_1\" width=\"585\" height=\"827\" \/>\r\n\t\t\t\t\t\t\t\t\t\t<div class=\"slideshow_description_box slideshow_transparent\">\r\n\t\t\t\t\t\t<div class=\"slideshow_title\">flyer_1<\/div>\t\t\t\t\t\t\t\t\t\t\t<\/div>\r\n\t\t\t\t<\/div>\r\n\r\n\t\t\t\t\t\t<div style=\"clear: both;\"><\/div><\/div><div class=\"slideshow_view\">\r\n\t\t\t\t<div class=\"slideshow_slide slideshow_slide_image\">\r\n\t\t\t\t\t\t\t\t\t\t\t<img src=\"https:\/\/agora.xtec.cat\/iescollblanc\/wp-content\/uploads\/usu1217\/2023\/02\/flyer_2.png\" alt=\"flyer_2\" width=\"586\" height=\"825\" \/>\r\n\t\t\t\t\t\t\t\t\t\t<div class=\"slideshow_description_box slideshow_transparent\">\r\n\t\t\t\t\t\t<div class=\"slideshow_title\">flyer_2<\/div>\t\t\t\t\t\t\t\t\t\t\t<\/div>\r\n\t\t\t\t<\/div>\r\n\r\n\t\t\t\t\t\t<div style=\"clear: both;\"><\/div><\/div>\r\n\t\t<\/div>\r\n\r\n\t\t<div class=\"slideshow_controlPanel slideshow_transparent\" style=\"display: none;\"><ul><li class=\"slideshow_togglePlay\" data-play-text=\"Visualitza\" data-pause-text=\"Pausa\"><\/li><\/ul><\/div>\r\n\r\n\t\t<div class=\"slideshow_button slideshow_previous slideshow_transparent\" role=\"button\" data-previous-text=\"Anterior\" style=\"display: none;\"><\/div>\r\n\t\t<div class=\"slideshow_button slideshow_next slideshow_transparent\" role=\"button\" data-next-text=\"Seg\u00fcent\" style=\"display: none;\"><\/div>\r\n\r\n\t\t<div class=\"slideshow_pagination\" style=\"display: none;\" data-go-to-text=\"V\u00e9s a la diapositiva\"><div class=\"slideshow_pagination_center\"><\/div><\/div>\r\n\r\n\t\t<!-- WordPress Slideshow Version 2.3.1 -->\r\n\r\n\t\t\t<\/div>\r\n\r\n\n\n\n\n<h2 class=\"wp-block-heading alignwide has-text-align-center\">Petit v\u00eddeo informatiu sobre el projecte de reutilitzaci\u00f3:<\/h2>\n\n\n\n<p class=\"has-text-align-center\"><br><iframe loading=\"lazy\" src=\"https:\/\/player.vimeo.com\/video\/729650912\" width=\"640\" height=\"360\" frameborder=\"0\">&amp;lt;span style=&#8221;display: inline-block; width: 0px; overflow: hidden; line-height: 0;&#8221; data-mce-type=&#8221;bookmark&#8221; class=&#8221;mce_SELRES_start&#8221;>&amp;lt;\/span><\/iframe><\/p>\n\n\n\n<h2 class=\"wp-block-heading has-text-align-center\">V\u00eddeo presentaci\u00f3 Iddink:<\/h2>\n\n\n\n<p class=\"has-text-align-center\"><br><iframe loading=\"lazy\" src=\"https:\/\/player.vimeo.com\/video\/420992016\" width=\"640\" height=\"360\" frameborder=\"0\"><\/iframe><\/p>\n\n\n\n<h2 class=\"wp-block-heading has-text-align-center\">V\u00eddeo Com tractar els ecoBooks:<\/h2>\n\n\n\n<p class=\"has-text-align-center\"><iframe loading=\"lazy\" src=\"https:\/\/player.vimeo.com\/video\/45076699\" width=\"640\" height=\"360\" frameborder=\"0\"><\/iframe><\/p>\n\n\n\n<p>&nbsp;<\/p>\n\n\n\n<h2 class=\"wp-block-heading has-text-align-center\">V\u00eddeo com fer una comanda?:<\/h2>\n\n\n\n<p class=\"has-text-align-center\"><iframe loading=\"lazy\" src=\"https:\/\/player.vimeo.com\/video\/427671538\" width=\"640\" height=\"349\" frameborder=\"0\"><\/iframe><\/p>\n\n\n\n<h2 class=\"wp-block-heading has-text-align-center\">V\u00eddeo Com accedir a la llic\u00e8ncia digital:<\/h2>\n\n\n\n<p class=\"has-text-align-center\"><iframe loading=\"lazy\" src=\"https:\/\/player.vimeo.com\/video\/427321666\" width=\"640\" height=\"360\" frameborder=\"0\"><\/iframe><\/p>\n\n\n\n<h2 class=\"wp-block-heading has-text-align-center\">V\u00eddeo Qu\u00e8 \u00e9s Iddink digital?:<\/h2>\n\n\n\n<p class=\"has-text-align-center\"><iframe loading=\"lazy\" src=\"https:\/\/player.vimeo.com\/video\/427321499\" width=\"640\" height=\"360\" frameborder=\"0\"><\/iframe><\/p>\n","protected":false},"excerpt":{"rendered":"<p>Benvolguda fam\u00edlia, El curs vinent l\u2019AMPA, conjuntament amb la direcci\u00f3 de l\u2019Institut, i amb l\u2019aprovac\u00adi\u00f3 del Consell Escolar, continuar\u00e0 oferint [&hellip;]<\/p>\n","protected":false},"author":1,"featured_media":0,"parent":1210,"menu_order":40,"comment_status":"closed","ping_status":"closed","template":"","meta":{"_bbp_topic_count":0,"_bbp_reply_count":0,"_bbp_total_topic_count":0,"_bbp_total_reply_count":0,"_bbp_voice_count":0,"_bbp_anonymous_reply_count":0,"_bbp_topic_count_hidden":0,"_bbp_reply_count_hidden":0,"_bbp_forum_subforum_count":0,"site-sidebar-layout":"default","site-content-layout":"","ast-site-content-layout":"default","site-content-style":"default","site-sidebar-style":"default","ast-global-header-display":"","ast-banner-title-visibility":"","ast-main-header-display":"","ast-hfb-above-header-display":"","ast-hfb-below-header-display":"","ast-hfb-mobile-header-display":"","site-post-title":"","ast-breadcrumbs-content":"","ast-featured-img":"","footer-sml-layout":"","theme-transparent-header-meta":"","adv-header-id-meta":"","stick-header-meta":"","header-above-stick-meta":"","header-main-stick-meta":"","header-below-stick-meta":"","astra-migrate-meta-layouts":"set","ast-page-background-enabled":"default","ast-page-background-meta":{"desktop":{"background-color":"var(--ast-global-color-4)","background-image":"","background-repeat":"repeat","background-position":"center center","background-size":"auto","background-attachment":"scroll","background-type":"","background-media":"","overlay-type":"","overlay-color":"","overlay-opacity":"","overlay-gradient":""},"tablet":{"background-color":"","background-image":"","background-repeat":"repeat","background-position":"center center","background-size":"auto","background-attachment":"scroll","background-type":"","background-media":"","overlay-type":"","overlay-color":"","overlay-opacity":"","overlay-gradient":""},"mobile":{"background-color":"","background-image":"","background-repeat":"repeat","background-position":"center center","background-size":"auto","background-attachment":"scroll","background-type":"","background-media":"","overlay-type":"","overlay-color":"","overlay-opacity":"","overlay-gradient":""}},"ast-content-background-meta":{"desktop":{"background-color":"var(--ast-global-color-5)","background-image":"","background-repeat":"repeat","background-position":"center center","background-size":"auto","background-attachment":"scroll","background-type":"","background-media":"","overlay-type":"","overlay-color":"","overlay-opacity":"","overlay-gradient":""},"tablet":{"background-color":"var(--ast-global-color-5)","background-image":"","background-repeat":"repeat","background-position":"center center","background-size":"auto","background-attachment":"scroll","background-type":"","background-media":"","overlay-type":"","overlay-color":"","overlay-opacity":"","overlay-gradient":""},"mobile":{"background-color":"var(--ast-global-color-5)","background-image":"","background-repeat":"repeat","background-position":"center center","background-size":"auto","background-attachment":"scroll","background-type":"","background-media":"","overlay-type":"","overlay-color":"","overlay-opacity":"","overlay-gradient":""}},"footnotes":""},"class_list":["post-1221","page","type-page","status-publish","hentry"],"post_mailing_queue_ids":[],"_links":{"self":[{"href":"https:\/\/agora.xtec.cat\/iescollblanc\/wp-json\/wp\/v2\/pages\/1221","targetHints":{"allow":["GET"]}}],"collection":[{"href":"https:\/\/agora.xtec.cat\/iescollblanc\/wp-json\/wp\/v2\/pages"}],"about":[{"href":"https:\/\/agora.xtec.cat\/iescollblanc\/wp-json\/wp\/v2\/types\/page"}],"author":[{"embeddable":true,"href":"https:\/\/agora.xtec.cat\/iescollblanc\/wp-json\/wp\/v2\/users\/1"}],"replies":[{"embeddable":true,"href":"https:\/\/agora.xtec.cat\/iescollblanc\/wp-json\/wp\/v2\/comments?post=1221"}],"version-history":[{"count":4,"href":"https:\/\/agora.xtec.cat\/iescollblanc\/wp-json\/wp\/v2\/pages\/1221\/revisions"}],"predecessor-version":[{"id":19610,"href":"https:\/\/agora.xtec.cat\/iescollblanc\/wp-json\/wp\/v2\/pages\/1221\/revisions\/19610"}],"up":[{"embeddable":true,"href":"https:\/\/agora.xtec.cat\/iescollblanc\/wp-json\/wp\/v2\/pages\/1210"}],"wp:attachment":[{"href":"https:\/\/agora.xtec.cat\/iescollblanc\/wp-json\/wp\/v2\/media?parent=1221"}],"curies":[{"name":"wp","href":"https:\/\/api.w.org\/{rel}","templated":true}]}}