{"id":4228,"date":"2020-12-11T18:50:00","date_gmt":"2020-12-11T17:50:00","guid":{"rendered":"https:\/\/agora.xtec.cat\/iescirvianum\/?page_id=4228"},"modified":"2021-01-12T18:25:36","modified_gmt":"2021-01-12T17:25:36","slug":"lempresa-i-la-fp-dual","status":"publish","type":"page","link":"https:\/\/agora.xtec.cat\/iescirvianum\/estudis\/fp-dual\/lempresa-i-la-fp-dual\/","title":{"rendered":"L&#8217;empresa i la FP DUAL"},"content":{"rendered":"<p><img loading=\"lazy\" decoding=\"async\" class=\"aligncenter size-full wp-image-4229\" src=\"https:\/\/agora.xtec.cat\/iescirvianum\/wp-content\/uploads\/usu134\/2020\/12\/BannerFPDUAL-empresa.jpg\" alt=\"\" width=\"1000\" height=\"200\" srcset=\"https:\/\/agora.xtec.cat\/iescirvianum\/wp-content\/uploads\/usu134\/2020\/12\/BannerFPDUAL-empresa.jpg 1000w, https:\/\/agora.xtec.cat\/iescirvianum\/wp-content\/uploads\/usu134\/2020\/12\/BannerFPDUAL-empresa-300x60.jpg 300w, https:\/\/agora.xtec.cat\/iescirvianum\/wp-content\/uploads\/usu134\/2020\/12\/BannerFPDUAL-empresa-768x154.jpg 768w\" sizes=\"auto, (max-width: 1000px) 100vw, 1000px\" \/><\/p>\n<div id='gallery-1' class='gallery galleryid-4228 gallery-columns-3 gallery-size-medium'><figure class='gallery-item'>\n\t\t\t<div class='gallery-icon landscape'>\n\t\t\t\t<img loading=\"lazy\" decoding=\"async\" width=\"300\" height=\"51\" src=\"https:\/\/agora.xtec.cat\/iescirvianum\/wp-content\/uploads\/usu134\/2021\/01\/gene-300x51.jpg\" class=\"attachment-medium size-medium\" alt=\"\" srcset=\"https:\/\/agora.xtec.cat\/iescirvianum\/wp-content\/uploads\/usu134\/2021\/01\/gene-300x51.jpg 300w, https:\/\/agora.xtec.cat\/iescirvianum\/wp-content\/uploads\/usu134\/2021\/01\/gene.jpg 754w\" sizes=\"auto, (max-width: 300px) 100vw, 300px\" \/>\n\t\t\t<\/div><\/figure><figure class='gallery-item'>\n\t\t\t<div class='gallery-icon landscape'>\n\t\t\t\t<img loading=\"lazy\" decoding=\"async\" width=\"300\" height=\"82\" src=\"https:\/\/agora.xtec.cat\/iescirvianum\/wp-content\/uploads\/usu134\/2021\/01\/spanya-300x82.png\" class=\"attachment-medium size-medium\" alt=\"\" srcset=\"https:\/\/agora.xtec.cat\/iescirvianum\/wp-content\/uploads\/usu134\/2021\/01\/spanya-300x82.png 300w, https:\/\/agora.xtec.cat\/iescirvianum\/wp-content\/uploads\/usu134\/2021\/01\/spanya.png 678w\" sizes=\"auto, (max-width: 300px) 100vw, 300px\" \/>\n\t\t\t<\/div><\/figure><figure class='gallery-item'>\n\t\t\t<div class='gallery-icon landscape'>\n\t\t\t\t<img loading=\"lazy\" decoding=\"async\" width=\"300\" height=\"59\" src=\"https:\/\/agora.xtec.cat\/iescirvianum\/wp-content\/uploads\/usu134\/2021\/01\/FSE-300x59.png\" class=\"attachment-medium size-medium\" alt=\"\" srcset=\"https:\/\/agora.xtec.cat\/iescirvianum\/wp-content\/uploads\/usu134\/2021\/01\/FSE-300x59.png 300w, https:\/\/agora.xtec.cat\/iescirvianum\/wp-content\/uploads\/usu134\/2021\/01\/FSE.png 476w\" sizes=\"auto, (max-width: 300px) 100vw, 300px\" \/>\n\t\t\t<\/div><\/figure>\n\t\t<\/div>\n\n<p style=\"text-align: justify;\">Des de fa temps moltes empreses han reivindicat la necessitat de recuperar el model laboral de l&#8217;aprenent. El nou model col\u00b7laboratiu entre empresa i escola que representa la formaci\u00f3 professional en alternan\u00e7a i dual, permet recuperar aquesta figura amb molts avantatges i valors afegits doncs l&#8217;alumne s&#8217;incorpora al treball amb un bagatge de coneixements adquirits, directament relacionats amb el perfil professional de l&#8217;empresa.<\/p>\n<p style=\"text-align: justify;\">La nova proposta de formaci\u00f3 dual a Catalunya, regulada per la Resoluci\u00f3 ENS\/1204\/2012 de 25 de maig, ofereix un model consensuat de formaci\u00f3 que permet la participaci\u00f3 activa de les empreses en el proc\u00e9s formatiu dels alumnes.<\/p>\n<p style=\"text-align: justify;\">Aquest proc\u00e9s d&#8217;aprenentatge pr\u00e8viament consensuat amb el centre, i que sempre \u00e9s com a m\u00ednim un ter\u00e7 del total de continguts de cada cicle objecte d ela formaci\u00f3 dual, garanteix un m\u00ednim de 970 hores d&#8217;estada de l&#8217;alumne a l&#8217;empresa , en qualitat de treballador, amb tots els drets i deures que aix\u00f2 comporta per les parts. El centre i l&#8217;empresa pacten els continguts que l&#8217;alumne aprendr\u00e0 en el centre de treball ajustant-los a les necessitats i perfils del lloc de treball pel que es forma i que ocupar\u00e0 en el futur.<\/p>\n<p style=\"text-align: justify;\">La signatura d&#8217;un conveni entre les parts garantir\u00e0 el compliment dels pactes i acords fixats.<\/p>\n<p style=\"text-align: justify;\">Els seguiment de tot el proc\u00e9s corre a c\u00e0rrec dels tutors d&#8217;empresa i centre pr\u00e8viament designats i que garantiran el compliment del conveni.<\/p>\n","protected":false},"excerpt":{"rendered":"<p>Des de fa temps moltes empreses han reivindicat la necessitat de recuperar el model laboral de l&#8217;aprenent. El nou model col\u00b7laboratiu entre empresa i escola que representa la formaci\u00f3 professional en alternan\u00e7a i dual, permet recuperar aquesta figura amb molts avantatges i valors afegits doncs l&#8217;alumne s&#8217;incorpora al treball amb un bagatge de coneixements adquirits, [&hellip;]<\/p>\n","protected":false},"author":1,"featured_media":0,"parent":4220,"menu_order":0,"comment_status":"closed","ping_status":"closed","template":"page-templates\/side-menu.php","meta":{"site-sidebar-layout":"default","site-content-layout":"","ast-site-content-layout":"","site-content-style":"default","site-sidebar-style":"default","ast-global-header-display":"","ast-banner-title-visibility":"","ast-main-header-display":"","ast-hfb-above-header-display":"","ast-hfb-below-header-display":"","ast-hfb-mobile-header-display":"","site-post-title":"","ast-breadcrumbs-content":"","ast-featured-img":"","footer-sml-layout":"","theme-transparent-header-meta":"","adv-header-id-meta":"","stick-header-meta":"","header-above-stick-meta":"","header-main-stick-meta":"","header-below-stick-meta":"","astra-migrate-meta-layouts":"default","ast-page-background-enabled":"default","ast-page-background-meta":{"desktop":{"background-color":"var(--ast-global-color-4)","background-image":"","background-repeat":"repeat","background-position":"center center","background-size":"auto","background-attachment":"scroll","background-type":"","background-media":"","overlay-type":"","overlay-color":"","overlay-opacity":"","overlay-gradient":""},"tablet":{"background-color":"","background-image":"","background-repeat":"repeat","background-position":"center center","background-size":"auto","background-attachment":"scroll","background-type":"","background-media":"","overlay-type":"","overlay-color":"","overlay-opacity":"","overlay-gradient":""},"mobile":{"background-color":"","background-image":"","background-repeat":"repeat","background-position":"center center","background-size":"auto","background-attachment":"scroll","background-type":"","background-media":"","overlay-type":"","overlay-color":"","overlay-opacity":"","overlay-gradient":""}},"ast-content-background-meta":{"desktop":{"background-color":"var(--ast-global-color-5)","background-image":"","background-repeat":"repeat","background-position":"center center","background-size":"auto","background-attachment":"scroll","background-type":"","background-media":"","overlay-type":"","overlay-color":"","overlay-opacity":"","overlay-gradient":""},"tablet":{"background-color":"var(--ast-global-color-5)","background-image":"","background-repeat":"repeat","background-position":"center center","background-size":"auto","background-attachment":"scroll","background-type":"","background-media":"","overlay-type":"","overlay-color":"","overlay-opacity":"","overlay-gradient":""},"mobile":{"background-color":"var(--ast-global-color-5)","background-image":"","background-repeat":"repeat","background-position":"center center","background-size":"auto","background-attachment":"scroll","background-type":"","background-media":"","overlay-type":"","overlay-color":"","overlay-opacity":"","overlay-gradient":""}},"footnotes":""},"class_list":["post-4228","page","type-page","status-publish","hentry"],"post_mailing_queue_ids":[],"_links":{"self":[{"href":"https:\/\/agora.xtec.cat\/iescirvianum\/wp-json\/wp\/v2\/pages\/4228","targetHints":{"allow":["GET"]}}],"collection":[{"href":"https:\/\/agora.xtec.cat\/iescirvianum\/wp-json\/wp\/v2\/pages"}],"about":[{"href":"https:\/\/agora.xtec.cat\/iescirvianum\/wp-json\/wp\/v2\/types\/page"}],"author":[{"embeddable":true,"href":"https:\/\/agora.xtec.cat\/iescirvianum\/wp-json\/wp\/v2\/users\/1"}],"replies":[{"embeddable":true,"href":"https:\/\/agora.xtec.cat\/iescirvianum\/wp-json\/wp\/v2\/comments?post=4228"}],"version-history":[{"count":3,"href":"https:\/\/agora.xtec.cat\/iescirvianum\/wp-json\/wp\/v2\/pages\/4228\/revisions"}],"predecessor-version":[{"id":4642,"href":"https:\/\/agora.xtec.cat\/iescirvianum\/wp-json\/wp\/v2\/pages\/4228\/revisions\/4642"}],"up":[{"embeddable":true,"href":"https:\/\/agora.xtec.cat\/iescirvianum\/wp-json\/wp\/v2\/pages\/4220"}],"wp:attachment":[{"href":"https:\/\/agora.xtec.cat\/iescirvianum\/wp-json\/wp\/v2\/media?parent=4228"}],"curies":[{"name":"wp","href":"https:\/\/api.w.org\/{rel}","templated":true}]}}

<p><img loading="lazy" decoding="async" class="aligncenter size-full wp-image-4229" src="https://agora.xtec.cat/iescirvianum/wp-content/uploads/usu134/2020/12/BannerFPDUAL-empresa.jpg" alt="" width="1000" height="200" srcset="https://agora.xtec.cat/iescirvianum/wp-content/uploads/usu134/2020/12/BannerFPDUAL-empresa.jpg 1000w, https://agora.xtec.cat/iescirvianum/wp-content/uploads/usu134/2020/12/BannerFPDUAL-empresa-300x60.jpg 300w, https://agora.xtec.cat/iescirvianum/wp-content/uploads/usu134/2020/12/BannerFPDUAL-empresa-768x154.jpg 768w" sizes="auto, (max-width: 1000px) 100vw, 1000px" /></p>
<div id='gallery-1' class='gallery galleryid-4228 gallery-columns-3 gallery-size-medium'><figure class='gallery-item'>
			<div class='gallery-icon landscape'>
				<img loading="lazy" decoding="async" width="300" height="51" src="https://agora.xtec.cat/iescirvianum/wp-content/uploads/usu134/2021/01/gene-300x51.jpg" class="attachment-medium size-medium" alt="" srcset="https://agora.xtec.cat/iescirvianum/wp-content/uploads/usu134/2021/01/gene-300x51.jpg 300w, https://agora.xtec.cat/iescirvianum/wp-content/uploads/usu134/2021/01/gene.jpg 754w" sizes="auto, (max-width: 300px) 100vw, 300px" />
			</div></figure><figure class='gallery-item'>
			<div class='gallery-icon landscape'>
				<img loading="lazy" decoding="async" width="300" height="82" src="https://agora.xtec.cat/iescirvianum/wp-content/uploads/usu134/2021/01/spanya-300x82.png" class="attachment-medium size-medium" alt="" srcset="https://agora.xtec.cat/iescirvianum/wp-content/uploads/usu134/2021/01/spanya-300x82.png 300w, https://agora.xtec.cat/iescirvianum/wp-content/uploads/usu134/2021/01/spanya.png 678w" sizes="auto, (max-width: 300px) 100vw, 300px" />
			</div></figure><figure class='gallery-item'>
			<div class='gallery-icon landscape'>
				<img loading="lazy" decoding="async" width="300" height="59" src="https://agora.xtec.cat/iescirvianum/wp-content/uploads/usu134/2021/01/FSE-300x59.png" class="attachment-medium size-medium" alt="" srcset="https://agora.xtec.cat/iescirvianum/wp-content/uploads/usu134/2021/01/FSE-300x59.png 300w, https://agora.xtec.cat/iescirvianum/wp-content/uploads/usu134/2021/01/FSE.png 476w" sizes="auto, (max-width: 300px) 100vw, 300px" />
			</div></figure>
		</div>

<p style="text-align: justify;">Des de fa temps moltes empreses han reivindicat la necessitat de recuperar el model laboral de l&#8217;aprenent. El nou model col·laboratiu entre empresa i escola que representa la formació professional en alternança i dual, permet recuperar aquesta figura amb molts avantatges i valors afegits doncs l&#8217;alumne s&#8217;incorpora al treball amb un bagatge de coneixements adquirits, directament relacionats amb el perfil professional de l&#8217;empresa.</p>
<p style="text-align: justify;">La nova proposta de formació dual a Catalunya, regulada per la Resolució ENS/1204/2012 de 25 de maig, ofereix un model consensuat de formació que permet la participació activa de les empreses en el procés formatiu dels alumnes.</p>
<p style="text-align: justify;">Aquest procés d&#8217;aprenentatge prèviament consensuat amb el centre, i que sempre és com a mínim un terç del total de continguts de cada cicle objecte d ela formació dual, garanteix un mínim de 970 hores d&#8217;estada de l&#8217;alumne a l&#8217;empresa , en qualitat de treballador, amb tots els drets i deures que això comporta per les parts. El centre i l&#8217;empresa pacten els continguts que l&#8217;alumne aprendrà en el centre de treball ajustant-los a les necessitats i perfils del lloc de treball pel que es forma i que ocuparà en el futur.</p>
<p style="text-align: justify;">La signatura d&#8217;un conveni entre les parts garantirà el compliment dels pactes i acords fixats.</p>
<p style="text-align: justify;">Els seguiment de tot el procés corre a càrrec dels tutors d&#8217;empresa i centre prèviament designats i que garantiran el compliment del conveni.</p>

<p>Des de fa temps moltes empreses han reivindicat la necessitat de recuperar el model laboral de l&#8217;aprenent. El nou model col·laboratiu entre empresa i escola que representa la formació professional en alternança i dual, permet recuperar aquesta figura amb molts avantatges i valors afegits doncs l&#8217;alumne s&#8217;incorpora al treball amb un bagatge de coneixements adquirits, [&hellip;]</p>
