{"id":46,"date":"2014-09-17T16:53:45","date_gmt":"2014-09-17T16:53:45","guid":{"rendered":"http:\/\/agora.xtec.cat\/iescastellbisbal\/?page_id=46"},"modified":"2024-04-19T10:56:02","modified_gmt":"2024-04-19T08:56:02","slug":"organigrama","status":"publish","type":"page","link":"https:\/\/agora.xtec.cat\/iescastellbisbal\/linstitut\/organigrama\/","title":{"rendered":"Organitzaci\u00f3 del centre"},"content":{"rendered":"<p>&nbsp;<\/p>\n<table style=\"border: 2px solid #777777; width: 64.679%;\" border=\"0\" cellspacing=\"1\" cellpadding=\"10\">\n<tbody>\n<tr bgcolor=\"#eeeeee\">\n<td style=\"width: 107.798%;\" colspan=\"2\" align=\"center\"><strong><span style=\"font-family: verdana; font-size: x-large;\">Equip directiu<\/span><\/strong><\/td>\n<\/tr>\n<tr>\n<td style=\"width: 50%;\"><span style=\"font-family: verdana; font-size: medium;\">Director:<\/span><\/td>\n<td style=\"width: 57.7982%;\"><span style=\"font-family: verdana; font-size: medium;\">Jordi Castellv\u00ed Segura<\/span><\/td>\n<\/tr>\n<tr>\n<td style=\"width: 50%;\"><span style=\"font-family: verdana; font-size: medium;\">Cap d&#8217;estudis:<\/span><\/td>\n<td style=\"width: 57.7982%;\"><span style=\"font-family: verdana; font-size: medium;\">Anna L\u00f3pez<\/span> Casado<\/td>\n<\/tr>\n<tr>\n<td style=\"width: 50%;\"><span style=\"font-family: verdana; font-size: medium;\">Coordinador pedag\u00f2gic:<\/span><\/td>\n<td style=\"width: 57.7982%;\"><span style=\"font-family: verdana; font-size: medium;\">Josep Manel Castillo Ru\u00edz<\/span><\/td>\n<\/tr>\n<tr>\n<td style=\"width: 50%;\"><span style=\"font-family: verdana; font-size: medium;\">Secretari:<\/span><\/td>\n<td style=\"width: 57.7982%;\"><span style=\"font-family: verdana; font-size: medium;\">Ra\u00fal Baldom\u00e0 Paredes<\/span><\/td>\n<\/tr>\n<\/tbody>\n<\/table>\n<p>&nbsp;<\/p>\n<table style=\"border: 2px solid #777777; width: 66.8815%; height: 324px;\" border=\"0\" cellspacing=\"1\" cellpadding=\"10\">\n<tbody>\n<tr style=\"height: 36px;\" bgcolor=\"#eeeeee\">\n<td style=\"width: 111.202%; height: 36px;\" colspan=\"2\" align=\"center\"><strong><span style=\"font-family: verdana; font-size: x-large;\">Coordinacions i tutories t\u00e8cniques<\/span><\/strong><\/td>\n<\/tr>\n<tr style=\"height: 32px;\">\n<td style=\"width: 50%; height: 32px;\">Audiovisuals aules<\/td>\n<td style=\"width: 61.2025%; height: 32px;\">Valent\u00ed V\u00e1zquez<\/td>\n<\/tr>\n<tr style=\"height: 32px;\">\n<td style=\"width: 50%; height: 32px;\">Biblioteca<\/td>\n<td style=\"width: 61.2025%; height: 32px;\">David Mas<\/td>\n<\/tr>\n<tr style=\"height: 32px;\">\n<td style=\"width: 50%; height: 32px;\">Coordinaci\u00f3 CLIC<\/td>\n<td style=\"width: 61.2025%; height: 32px;\">Jordi Peig<\/td>\n<\/tr>\n<tr style=\"height: 32px;\">\n<td style=\"width: 50%; height: 32px;\">Coordinaci\u00f3 coeducaci\u00f3<\/td>\n<td style=\"width: 61.2025%; height: 32px;\">Jennifer Beneito<\/td>\n<\/tr>\n<tr style=\"height: 32px;\">\n<td style=\"width: 50%; height: 32px;\">Coordinaci\u00f3 inform\u00e0tica<\/td>\n<td style=\"width: 61.2025%; height: 32px;\">Xavier Campos<\/td>\n<\/tr>\n<tr style=\"height: 32px;\">\n<td style=\"width: 50%; height: 32px;\">Espectacles audiovisuals<\/td>\n<td style=\"width: 61.2025%; height: 32px;\">Jaume Esteve<\/td>\n<\/tr>\n<tr style=\"height: 32px;\">\n<td style=\"width: 50%; height: 32px;\">Gesti\u00f3 emocional<\/td>\n<td style=\"width: 61.2025%; height: 32px;\">Antonio J\u00e1\u00f1ez<\/td>\n<\/tr>\n<tr style=\"height: 32px;\">\n<td style=\"width: 50%; height: 32px;\">Gesti\u00f3 incid\u00e8ncies<\/td>\n<td style=\"width: 61.2025%; height: 32px;\">Mari Carmen L\u00f3pez<\/td>\n<\/tr>\n<tr style=\"height: 32px;\">\n<td style=\"width: 50%; height: 32px;\">G-Suite<\/td>\n<td style=\"width: 61.2025%; height: 32px;\">Oriol Rius<\/td>\n<\/tr>\n<tr>\n<td style=\"width: 50%;\">Llengua i cohesi\u00f3 social<\/td>\n<td style=\"width: 61.2025%;\">Gemma Ru\u00edz<\/td>\n<\/tr>\n<tr>\n<td style=\"width: 50%;\">P\u00e0gina web<\/td>\n<td style=\"width: 61.2025%;\">Irene Fustagueras<\/td>\n<\/tr>\n<tr>\n<td style=\"width: 50%;\">Pla d&#8217;Esports<\/td>\n<td style=\"width: 61.2025%;\">Juanjo Ramon<\/td>\n<\/tr>\n<tr>\n<td style=\"width: 50%;\">Riscos laborals<\/td>\n<td style=\"width: 61.2025%;\">Valent\u00ed V\u00e1zquez<\/td>\n<\/tr>\n<\/tbody>\n<\/table>\n<p>&nbsp;<\/p>\n<table style=\"width: 100%;\">\n<tbody>\n<tr bgcolor=\"#eeeeee\">\n<td style=\"width: 100%;\" colspan=\"4\" align=\"center\"><span style=\"font-family: verdana; font-size: x-large;\"><strong>Departaments i \u00e0rees<\/strong><\/span><\/td>\n<\/tr>\n<tr>\n<td style=\"border-bottom: medium none; width: 25%;\">Departament de ci\u00e8ncies<\/td>\n<td style=\"width: 25%;\">\u00c0rea de ci\u00e8ncies<\/td>\n<td style=\"border-bottom: medium none; width: 25%;\">Departament de lleng\u00fces estrangeres<\/td>\n<td style=\"width: 25%;\">\u00c0rea d&#8217;angl\u00e8s<\/td>\n<\/tr>\n<tr>\n<td style=\"border-top: medium none; width: 25%;\"><\/td>\n<td style=\"width: 25%;\">\u00c0rea de f\u00edsica i qu\u00edmica<\/td>\n<td style=\"border-top: medium none; border-bottom: medium none; width: 25%;\"><\/td>\n<td style=\"width: 25%;\">\u00c0rea de franc\u00e8s<\/td>\n<\/tr>\n<tr>\n<td style=\"border-bottom: medium none; width: 25%;\">Departament de diversitat<\/td>\n<td style=\"width: 25%;\">Aula oberta<\/td>\n<td style=\"border-top: medium none; width: 25%;\"><\/td>\n<td style=\"width: 25%;\">\u00c0rea de lleng\u00fces cl\u00e0ssiques<\/td>\n<\/tr>\n<tr>\n<td style=\"border-top: medium none; border-bottom: medium none; width: 25%;\"><\/td>\n<td style=\"width: 25%;\">Equip de psicopedagogia<\/td>\n<td style=\"border-bottom: medium none; width: 25%;\">Departament de matem\u00e0tiques<\/td>\n<td style=\"width: 25%;\">\u00c0rea d&#8217;economia<\/td>\n<\/tr>\n<tr>\n<td style=\"border-top: medium none; width: 25%;\"><\/td>\n<td style=\"width: 25%;\">USEE<\/td>\n<td style=\"border-top: medium none; width: 25%;\"><\/td>\n<td style=\"width: 25%;\">\u00c0rea de matem\u00e0tiques<\/td>\n<\/tr>\n<tr>\n<td style=\"border-bottom: medium none; width: 25%;\">Departament d&#8217;expressi\u00f3<\/td>\n<td style=\"width: 25%;\">\u00c0rea d&#8217;educaci\u00f3 f\u00edsica<\/td>\n<td style=\"border-bottom: medium none; width: 25%;\">Departament de socials<\/td>\n<td style=\"width: 25%;\">\u00c0rea de socials<\/td>\n<\/tr>\n<tr>\n<td style=\"border-top: medium none; border-bottom: medium none; width: 25%;\"><\/td>\n<td style=\"width: 25%;\">\u00c0rea d&#8217;educaci\u00f3 visual i pl\u00e0stica<\/td>\n<td style=\"border-top: medium none; border-bottom: medium none; width: 25%;\"><\/td>\n<td style=\"width: 25%;\">\u00c0rea de filosofia<\/td>\n<\/tr>\n<tr>\n<td style=\"border-top: medium none; width: 25%;\"><\/td>\n<td style=\"width: 25%;\">\u00c0rea de m\u00fasica<\/td>\n<td style=\"border-top: medium none; width: 25%;\"><\/td>\n<td style=\"width: 25%;\">\u00c0rea de religi\u00f3<\/td>\n<\/tr>\n<tr>\n<td style=\"width: 25%;\">Departament d&#8217;inform\u00e0tica<\/td>\n<td style=\"width: 25%;\">\u00c0rea d&#8217;explotaci\u00f3 de sistemes inform\u00e0tics<\/td>\n<td style=\"width: 25%;\">Departament de tecnologia<\/td>\n<td style=\"width: 25%;\"><\/td>\n<\/tr>\n<\/tbody>\n<tbody>\n<tr>\n<td style=\"border-bottom: medium none; width: 25%;\">Departament de lleng\u00fces<\/td>\n<td style=\"width: 25%;\">\u00c0rea de catal\u00e0<\/td>\n<td style=\"border-bottom: medium none; width: 25%;\"><\/td>\n<td style=\"border-bottom: medium none; width: 25%;\"><\/td>\n<\/tr>\n<\/tbody>\n<tbody>\n<tr>\n<td style=\"border-top: medium none; width: 25%;\"><\/td>\n<td style=\"width: 25%;\">\u00c0rea de castell\u00e0<\/td>\n<td style=\"border-top: medium none; width: 25%;\"><\/td>\n<td style=\"border-top: medium none; width: 25%;\"><\/td>\n<\/tr>\n<\/tbody>\n<\/table>\n","protected":false},"excerpt":{"rendered":"<p>&nbsp;<\/p>\n<p>Equip directiu<\/p>\n<p>Director:<br \/>\nJordi Castellv\u00ed Segura<\/p>\n<p>Cap d&#8217;estudis:<br \/>\nAnna L\u00f3pez Casado<\/p>\n<p>Coordinador pedag\u00f2gic:<br \/>\nJosep Manel Castillo Ru\u00edz<\/p>\n<p>Secretari:<br \/>\nRa\u00fal Baldom\u00e0 Paredes<\/p>\n<p>&nbsp;<\/p>\n<p>Coordinacions i tutories t\u00e8cniques<\/p>\n<p>Audiovisuals aules<br \/>\nValent\u00ed V\u00e1zquez<\/p>\n<p>Biblioteca<br \/>\nDavid Mas<\/p>\n<p>Coordinaci\u00f3 CLIC<br \/>\nJordi Peig<\/p>\n<p>Coordinaci\u00f3 coeducaci\u00f3<br \/>\nJennifer Beneito<\/p>\n<p>Coordinaci\u00f3 inform\u00e0tica<br \/>\nXavier Campos<\/p>\n<p>Espectacles audiovisuals<br \/>\nJaume Esteve<\/p>\n<p>Gesti\u00f3 emocional<br \/>\nAntonio J\u00e1\u00f1ez<\/p>\n<p>Gesti\u00f3 incid\u00e8ncies<br \/>\nMari Carmen L\u00f3pez<\/p>\n<p>G-Suite<br \/>\nOriol Rius<\/p>\n<p>Llengua i cohesi\u00f3 social<br \/>\nGemma Ru\u00edz<\/p>\n<p>P\u00e0gina web<br \/>\nIrene Fustagueras<\/p>\n<p>Pla d&#8217;Esports<br \/>\nJuanjo Ramon<\/p>\n<p>Riscos laborals<br \/>\nValent\u00ed V\u00e1zquez<\/p>\n<p>&nbsp;<\/p>\n<p>Departaments i \u00e0rees<\/p>\n<p>Departament&hellip;  <a href=\"https:\/\/agora.xtec.cat\/iescastellbisbal\/linstitut\/organigrama\/\" title=\"Read Organitzaci\u00f3 del centre\">Llegeix m\u00e9s\u00bb<\/a><\/p>\n","protected":false},"author":1,"featured_media":0,"parent":19,"menu_order":50,"comment_status":"closed","ping_status":"closed","template":"page-templates\/side-menu.php","meta":{"_bbp_topic_count":0,"_bbp_reply_count":0,"_bbp_total_topic_count":0,"_bbp_total_reply_count":0,"_bbp_voice_count":0,"_bbp_anonymous_reply_count":0,"_bbp_topic_count_hidden":0,"_bbp_reply_count_hidden":0,"_bbp_forum_subforum_count":0,"footnotes":""},"class_list":["post-46","page","type-page","status-publish","hentry"],"post_mailing_queue_ids":[],"_links":{"self":[{"href":"https:\/\/agora.xtec.cat\/iescastellbisbal\/wp-json\/wp\/v2\/pages\/46","targetHints":{"allow":["GET"]}}],"collection":[{"href":"https:\/\/agora.xtec.cat\/iescastellbisbal\/wp-json\/wp\/v2\/pages"}],"about":[{"href":"https:\/\/agora.xtec.cat\/iescastellbisbal\/wp-json\/wp\/v2\/types\/page"}],"author":[{"embeddable":true,"href":"https:\/\/agora.xtec.cat\/iescastellbisbal\/wp-json\/wp\/v2\/users\/1"}],"replies":[{"embeddable":true,"href":"https:\/\/agora.xtec.cat\/iescastellbisbal\/wp-json\/wp\/v2\/comments?post=46"}],"version-history":[{"count":7,"href":"https:\/\/agora.xtec.cat\/iescastellbisbal\/wp-json\/wp\/v2\/pages\/46\/revisions"}],"predecessor-version":[{"id":6737,"href":"https:\/\/agora.xtec.cat\/iescastellbisbal\/wp-json\/wp\/v2\/pages\/46\/revisions\/6737"}],"up":[{"embeddable":true,"href":"https:\/\/agora.xtec.cat\/iescastellbisbal\/wp-json\/wp\/v2\/pages\/19"}],"wp:attachment":[{"href":"https:\/\/agora.xtec.cat\/iescastellbisbal\/wp-json\/wp\/v2\/media?parent=46"}],"curies":[{"name":"wp","href":"https:\/\/api.w.org\/{rel}","templated":true}]}}