{"id":43,"date":"2014-09-17T16:45:07","date_gmt":"2014-09-17T16:45:07","guid":{"rendered":"http:\/\/agora.xtec.cat\/iescastellbisbal\/?page_id=43"},"modified":"2016-10-12T20:10:06","modified_gmt":"2016-10-12T19:10:06","slug":"consell-escolar","status":"publish","type":"page","link":"https:\/\/agora.xtec.cat\/iescastellbisbal\/linstitut\/consell-escolar\/","title":{"rendered":"Consell Escolar"},"content":{"rendered":"<p>El Consell Escolar (CEC) \u00e9s el m\u00e0xim \u00f2rgan de participaci\u00f3 en el govern del centre, on s\u00f3n representats tots els sectors de la comunitat educativa. Entre les seves funcions, trobem les seg\u00fcents:<\/p>\n<ul>\n<li>Aprovar el projecte educatiu del centre.<\/li>\n<li>Aprovar la programaci\u00f3 general anual (Pla Anual) i avaluar-ne el seu desenvolupament.<\/li>\n<li>Aprovar les Normes d\u2019Organitzaci\u00f3 i Funcionament del centre (NOFC) i les seves modificacions i\/o actualitzacions.<\/li>\n<li>Aprovar el pressupost anual del centre i el rendiment de comptes.<\/li>\n<li>Participar en el procediment de selecci\u00f3 i proposa de cessament del director o directora del centre.<\/li>\n<li>Aprovar els criteris generals de la programaci\u00f3 d\u2019activitats escolars complement\u00e0ries i extraescolars.<\/li>\n<li>Participar en l\u2019an\u00e0lisi i l\u2019avaluaci\u00f3 del funcionament general del centre.<\/li>\n<li>Altres&#8230;<\/li>\n<\/ul>\n<p>La seva composici\u00f3 al nostre Institut \u00e9s la seg\u00fcent:<\/p>\n<table>\n<tbody>\n<tr>\n<td>El Director o Directora<\/td>\n<td>Actua com a president del Consell<\/td>\n<\/tr>\n<tr>\n<td>El\/La Cap d\u2019Estudis<\/td>\n<td><\/td>\n<\/tr>\n<tr>\n<td>El Secret\u00e0ria o Secret\u00e0ria<\/td>\n<td>Amb veu i sense vot, que actua com a secretari o secret\u00e0ria del Consell<\/td>\n<\/tr>\n<tr>\n<td>6 representants del Professorat<\/td>\n<td>Escollits en votaci\u00f3 pel Claustre de professorat<\/td>\n<\/tr>\n<tr>\n<td>3 representants de les fam\u00edlies<\/td>\n<td>Escollit en votaci\u00f3 pel conjunt de pares i mares de l\u2019alumnat del centre<\/td>\n<\/tr>\n<tr>\n<td>1 representant de l\u2019AMPA<\/td>\n<td><\/td>\n<\/tr>\n<tr>\n<td>3 representants de l\u2019alumnat<\/td>\n<td>Escollits en votaci\u00f3 pel conjunt de l\u2019alumnat<\/td>\n<\/tr>\n<tr>\n<td>1 representant del PAS<\/td>\n<td>Escollit en votaci\u00f3 pel conjunt dels membres del PAS de l\u2019Institut<\/td>\n<\/tr>\n<tr>\n<td>1 representant de l\u2019Ajuntament de Castellbisbal<\/td>\n<td><\/td>\n<\/tr>\n<tr>\n<td>Total: 18 membres<\/td>\n<td><\/td>\n<\/tr>\n<\/tbody>\n<\/table>\n<p>Habitualment, hi ha cinc reunions anuals del CEC: una a l\u2019inici del curs escolar (mes de setembre), i una altra al final (mes de juny), i una m\u00e9s a cada trimestre del curs.<\/p>\n","protected":false},"excerpt":{"rendered":"<p>El Consell Escolar (CEC) \u00e9s el m\u00e0xim \u00f2rgan de participaci\u00f3 en el govern del centre, on s\u00f3n representats tots els sectors de la comunitat educativa. Entre les seves funcions, trobem les seg\u00fcents:<\/p>\n<ul>\n<li>Aprovar el projecte educatiu del centre.<\/li>\n<li>Aprovar la programaci\u00f3 general anual (Pla Anual) i avaluar-ne&hellip;  <a href=\"https:\/\/agora.xtec.cat\/iescastellbisbal\/linstitut\/consell-escolar\/\" title=\"Read Consell Escolar\">Llegeix m\u00e9s\u00bb<\/a><br \/>\n","protected":false},"author":1,"featured_media":0,"parent":19,"menu_order":55,"comment_status":"closed","ping_status":"closed","template":"page-templates\/side-menu.php","meta":{"_bbp_topic_count":0,"_bbp_reply_count":0,"_bbp_total_topic_count":0,"_bbp_total_reply_count":0,"_bbp_voice_count":0,"_bbp_anonymous_reply_count":0,"_bbp_topic_count_hidden":0,"_bbp_reply_count_hidden":0,"_bbp_forum_subforum_count":0,"footnotes":""},"class_list":["post-43","page","type-page","status-publish","hentry"],"post_mailing_queue_ids":[],"_links":{"self":[{"href":"https:\/\/agora.xtec.cat\/iescastellbisbal\/wp-json\/wp\/v2\/pages\/43","targetHints":{"allow":["GET"]}}],"collection":[{"href":"https:\/\/agora.xtec.cat\/iescastellbisbal\/wp-json\/wp\/v2\/pages"}],"about":[{"href":"https:\/\/agora.xtec.cat\/iescastellbisbal\/wp-json\/wp\/v2\/types\/page"}],"author":[{"embeddable":true,"href":"https:\/\/agora.xtec.cat\/iescastellbisbal\/wp-json\/wp\/v2\/users\/1"}],"replies":[{"embeddable":true,"href":"https:\/\/agora.xtec.cat\/iescastellbisbal\/wp-json\/wp\/v2\/comments?post=43"}],"version-history":[{"count":3,"href":"https:\/\/agora.xtec.cat\/iescastellbisbal\/wp-json\/wp\/v2\/pages\/43\/revisions"}],"predecessor-version":[{"id":1842,"href":"https:\/\/agora.xtec.cat\/iescastellbisbal\/wp-json\/wp\/v2\/pages\/43\/revisions\/1842"}],"up":[{"embeddable":true,"href":"https:\/\/agora.xtec.cat\/iescastellbisbal\/wp-json\/wp\/v2\/pages\/19"}],"wp:attachment":[{"href":"https:\/\/agora.xtec.cat\/iescastellbisbal\/wp-json\/wp\/v2\/media?parent=43"}],"curies":[{"name":"wp","href":"https:\/\/api.w.org\/{rel}","templated":true}]}}