{"id":3562,"date":"2020-03-27T18:10:56","date_gmt":"2020-03-27T17:10:56","guid":{"rendered":"https:\/\/agora.xtec.cat\/iescastellbisbal\/?page_id=3562"},"modified":"2020-03-27T18:19:29","modified_gmt":"2020-03-27T17:19:29","slug":"lila-el-projecte-filmat","status":"publish","type":"page","link":"https:\/\/agora.xtec.cat\/iescastellbisbal\/lila-el-projecte-filmat\/","title":{"rendered":"LILA, el projecte FILMAT"},"content":{"rendered":"<p style=\"text-align: justify;\">El Filmat \u00e9s un projecte que realitzen els alumnes, en aquest cas, de tercer d\u2019ESO per a elaborar un curtmetratge amb l\u2019objectiu d\u2019expressar el seu pensament sobre un tema a reflexionar.<\/p>\n<p style=\"text-align: justify;\">A l\u2019hora d\u2019escollir el tema pel nostre curtmetratge, vam tenir en compte circumst\u00e0ncies recents, com la situaci\u00f3 que va haver al nostre poble degut a la viol\u00e8ncia de g\u00e8nere. Vam triar aquest tema per a conscienciar a la gent i demostrar que de vegades hi ha situacions que no hem d\u2019acceptar encara que la societat les hagi normalitzat. I per aix\u00f2 vam voler dedicar el nostre curtmetratge, a la Samira, una dona del nostre poble que va ser v\u00edctima de la viol\u00e8ncia de g\u00e8nere.<\/p>\n<p style=\"text-align: justify;\">Al comen\u00e7ar el curtmetratge, el primer que vam fer va ser escollir el tema: la viol\u00e8ncia de g\u00e8nere. A partir d\u2019aqu\u00ed vam anar elaborant el nostre projecte.<br \/>\nUna vegada escollit el tema, vam decidir que hav\u00edem de fer diverses hist\u00f2ries per poder fer veure que no nom\u00e9s la viol\u00e8ncia de g\u00e8nere es fa de les maneres que ja coneixem. Vol\u00edem conscienciar de que les dones poden patir viol\u00e8ncia amb situacions que han estat normalitzades per la societat, o que no es veuen com a viol\u00e8ncia, i per aix\u00f2 vam triar \u201cLILA\u201d com a t\u00edtol pel nostre curtmetratge.<\/p>\n<p style=\"text-align: justify;\">Un cop vam saber quina era la trama de les nostres hist\u00f2ries, vam comen\u00e7ar a elaborar el gui\u00f3, que amb l\u2019ajuda d\u2019en Iaco (qui ens va ajudar a realitzar el nostre curtmetratge) el vam perfeccionar.<\/p>\n<p style=\"text-align: justify;\">Llavors, vam fer uns c\u00e0stings, on els alumnes es presentaven al paper del personatge a qui volien donar vida, i els companys triaven qui faria cadascun dels papers. Durant setmanes, els alumnes de tercer d\u2019ESO hem estat quedant en hores fora de l\u2019horari escolar per poder gravar les escenes del curtmetratge, tenint en compte si era de dia, de nit, la localitzaci\u00f3 de l\u2019escena, el soroll, la vestimenta, els nostres personatges i tot el relacionat amb la gravaci\u00f3.<\/p>\n<p style=\"text-align: justify;\">Quan vam acabar d\u2019enregistrar totes les escenes, el Iaco les va editar.<\/p>\n<p style=\"text-align: justify;\">Volem donar les gr\u00e0cies a tothom que ha col\u00b7laborat per fer realitat aquest curtmetratge, tant als estudiants que ho han recreat fins als establiments que ens han deixat gravar, i les persones que han fet possible que el projecte funcioni tant b\u00e9.<\/p>\n<p style=\"text-align: justify;\">Finalment, us animem a tots i totes a veure el nostre curtmetratge, i a reflexionar sobre el que volem mostrar.<\/p>\n<p style=\"text-align: justify;\">Esperem que us agradi, i gr\u00e0cies a tothom qui ens ha fet arribar comentaris positius del nostre curtmetratge.<\/p>\n<p style=\"text-align: right;\"><strong><em>Paula Maestro<\/em><\/strong><br \/>\n<strong><em>Luc\u00eda Li<\/em><\/strong><\/p>\n","protected":false},"excerpt":{"rendered":"<p>El Filmat \u00e9s un projecte que realitzen els alumnes, en aquest cas, de tercer d\u2019ESO per a elaborar un curtmetratge amb l\u2019objectiu d\u2019expressar el seu pensament sobre un tema a reflexionar.<br \/>\nA l\u2019hora d\u2019escollir el tema pel nostre curtmetratge, vam tenir en compte circumst\u00e0ncies recents, com&hellip;  <a href=\"https:\/\/agora.xtec.cat\/iescastellbisbal\/lila-el-projecte-filmat\/\" title=\"Read LILA, el projecte FILMAT\">Llegeix m\u00e9s\u00bb<\/a><\/p>\n","protected":false},"author":1,"featured_media":0,"parent":0,"menu_order":0,"comment_status":"closed","ping_status":"closed","template":"","meta":{"_bbp_topic_count":0,"_bbp_reply_count":0,"_bbp_total_topic_count":0,"_bbp_total_reply_count":0,"_bbp_voice_count":0,"_bbp_anonymous_reply_count":0,"_bbp_topic_count_hidden":0,"_bbp_reply_count_hidden":0,"_bbp_forum_subforum_count":0,"footnotes":""},"class_list":["post-3562","page","type-page","status-publish","hentry"],"post_mailing_queue_ids":[],"_links":{"self":[{"href":"https:\/\/agora.xtec.cat\/iescastellbisbal\/wp-json\/wp\/v2\/pages\/3562","targetHints":{"allow":["GET"]}}],"collection":[{"href":"https:\/\/agora.xtec.cat\/iescastellbisbal\/wp-json\/wp\/v2\/pages"}],"about":[{"href":"https:\/\/agora.xtec.cat\/iescastellbisbal\/wp-json\/wp\/v2\/types\/page"}],"author":[{"embeddable":true,"href":"https:\/\/agora.xtec.cat\/iescastellbisbal\/wp-json\/wp\/v2\/users\/1"}],"replies":[{"embeddable":true,"href":"https:\/\/agora.xtec.cat\/iescastellbisbal\/wp-json\/wp\/v2\/comments?post=3562"}],"version-history":[{"count":3,"href":"https:\/\/agora.xtec.cat\/iescastellbisbal\/wp-json\/wp\/v2\/pages\/3562\/revisions"}],"predecessor-version":[{"id":3569,"href":"https:\/\/agora.xtec.cat\/iescastellbisbal\/wp-json\/wp\/v2\/pages\/3562\/revisions\/3569"}],"wp:attachment":[{"href":"https:\/\/agora.xtec.cat\/iescastellbisbal\/wp-json\/wp\/v2\/media?parent=3562"}],"curies":[{"name":"wp","href":"https:\/\/api.w.org\/{rel}","templated":true}]}}