{"id":1147,"date":"2011-09-09T08:30:42","date_gmt":"2011-09-09T07:30:42","guid":{"rendered":"http:\/\/agora.xtec.cat\/iescastellbisbal\/intraweb\/criteris\/"},"modified":"2025-09-05T09:35:31","modified_gmt":"2025-09-05T07:35:31","slug":"criteris","status":"publish","type":"page","link":"https:\/\/agora.xtec.cat\/iescastellbisbal\/intraweb\/criteris\/","title":{"rendered":"Criteris avaluaci\u00f3"},"content":{"rendered":"<p align=\"center\"><span style=\"font-size: medium;\"><strong>Criteris d&#8217;avaluaci\u00f3 i recuperaci\u00f3 de mat\u00e8ries<\/strong><\/span><\/p>\n<p align=\"center\"><strong>(En construcci\u00f3)<\/strong><\/p>\n<table style=\"width: 50%; border: 1px dotted #000000; border-collapse: collapse;\" cellpadding=\"5\" align=\"center\">\n<tbody>\n<tr>\n<td style=\"border: 1px dotted #000000;\" align=\"left\">Criteris d&#8217;avaluaci\u00f3 de 1r d&#8217;ESO<\/td>\n<td style=\"border: 1px dotted #000000;\" align=\"center\"><\/td>\n<\/tr>\n<tr>\n<td style=\"border: 1px dotted #000000;\">Criteris d&#8217;avaluaci\u00f3 de 2n d&#8217;ESO<\/td>\n<td style=\"border: 1px dotted #000000;\" align=\"center\"><\/td>\n<\/tr>\n<tr>\n<td style=\"border: 1px dotted #000000;\">Criteris d&#8217;avaluaci\u00f3 de 3r d&#8217;ESO<\/td>\n<td style=\"border: 1px dotted #000000;\" align=\"center\"><\/td>\n<\/tr>\n<tr>\n<td style=\"border: 1px dotted #000000;\">Criteris d&#8217;avaluaci\u00f3 de 4t d&#8217;ESO<\/td>\n<td style=\"border: 1px dotted #000000;\">\n<div align=\"center\"><\/div>\n<\/td>\n<\/tr>\n<tr>\n<td style=\"border: 1px dotted #000000;\">Criteris d&#8217;avaluaci\u00f3 de 1r Batx.<\/td>\n<td style=\"border: 1px dotted #000000;\">\n<div align=\"center\"><\/div>\n<\/td>\n<\/tr>\n<tr>\n<td style=\"border: 1px dotted #000000;\">Criteris d&#8217;avaluaci\u00f3 de 2n Batx.<\/td>\n<td style=\"border: 1px dotted #000000;\">\n<div align=\"center\"><\/div>\n<\/td>\n<\/tr>\n<tr>\n<td style=\"border: 1px dotted #000000;\">Criteris d&#8217;avaluaci\u00f3 de Cicle Formatiu<\/td>\n<td style=\"border: 1px dotted #000000;\">\n<div align=\"center\"><\/div>\n<\/td>\n<\/tr>\n<\/tbody>\n<\/table>\n<p>&nbsp;<\/p>\n","protected":false},"excerpt":{"rendered":"<p>Criteris d&#8217;avaluaci\u00f3 i recuperaci\u00f3 de mat\u00e8ries<br \/>\n(En construcci\u00f3)<\/p>\n<p>Criteris d&#8217;avaluaci\u00f3 de 1r d&#8217;ESO<\/p>\n<p>Criteris d&#8217;avaluaci\u00f3 de 2n d&#8217;ESO<\/p>\n<p>Criteris d&#8217;avaluaci\u00f3 de 3r d&#8217;ESO<\/p>\n<p>Criteris d&#8217;avaluaci\u00f3 de 4t d&#8217;ESO<\/p>\n<p>Criteris d&#8217;avaluaci\u00f3 de 1r Batx.<\/p>\n<p>Criteris d&#8217;avaluaci\u00f3 de 2n Batx.<\/p>\n<p>Criteris d&#8217;avaluaci\u00f3 de Cicle Formatiu<\/p>\n<p>&nbsp;<\/p>\n","protected":false},"author":1,"featured_media":0,"parent":1078,"menu_order":0,"comment_status":"closed","ping_status":"closed","template":"page-templates\/side-menu.php","meta":{"_bbp_topic_count":0,"_bbp_reply_count":0,"_bbp_total_topic_count":0,"_bbp_total_reply_count":0,"_bbp_voice_count":0,"_bbp_anonymous_reply_count":0,"_bbp_topic_count_hidden":0,"_bbp_reply_count_hidden":0,"_bbp_forum_subforum_count":0,"footnotes":""},"class_list":["post-1147","page","type-page","status-publish","hentry"],"post_mailing_queue_ids":[],"_links":{"self":[{"href":"https:\/\/agora.xtec.cat\/iescastellbisbal\/wp-json\/wp\/v2\/pages\/1147","targetHints":{"allow":["GET"]}}],"collection":[{"href":"https:\/\/agora.xtec.cat\/iescastellbisbal\/wp-json\/wp\/v2\/pages"}],"about":[{"href":"https:\/\/agora.xtec.cat\/iescastellbisbal\/wp-json\/wp\/v2\/types\/page"}],"author":[{"embeddable":true,"href":"https:\/\/agora.xtec.cat\/iescastellbisbal\/wp-json\/wp\/v2\/users\/1"}],"replies":[{"embeddable":true,"href":"https:\/\/agora.xtec.cat\/iescastellbisbal\/wp-json\/wp\/v2\/comments?post=1147"}],"version-history":[{"count":7,"href":"https:\/\/agora.xtec.cat\/iescastellbisbal\/wp-json\/wp\/v2\/pages\/1147\/revisions"}],"predecessor-version":[{"id":8080,"href":"https:\/\/agora.xtec.cat\/iescastellbisbal\/wp-json\/wp\/v2\/pages\/1147\/revisions\/8080"}],"up":[{"embeddable":true,"href":"https:\/\/agora.xtec.cat\/iescastellbisbal\/wp-json\/wp\/v2\/pages\/1078"}],"wp:attachment":[{"href":"https:\/\/agora.xtec.cat\/iescastellbisbal\/wp-json\/wp\/v2\/media?parent=1147"}],"curies":[{"name":"wp","href":"https:\/\/api.w.org\/{rel}","templated":true}]}}