{"id":5405,"date":"2025-07-13T18:17:24","date_gmt":"2025-07-13T16:17:24","guid":{"rendered":"https:\/\/agora.xtec.cat\/iescassa\/?page_id=5405"},"modified":"2025-07-13T18:26:21","modified_gmt":"2025-07-13T16:26:21","slug":"pla-internalitzacio","status":"publish","type":"page","link":"https:\/\/agora.xtec.cat\/iescassa\/pla-internalitzacio\/","title":{"rendered":"Projectes de Lleng\u00fces Estrangeres: Pla d\u2019Internacionalitzaci\u00f3"},"content":{"rendered":"<p>L\u2019INS Cass\u00e0 de la Selva t\u00e9 com un dels eixos importants del seu projecte educatiu la promoci\u00f3 de les lleng\u00fces estrangeres.<br \/>\nAquest eix es concreta en 5 punts:<br \/>\n1. Ensenyament de les lleng\u00fces estrangeres com a mat\u00e8ria<br \/>\n2. Projecte Cambridge \u2013 DELF<br \/>\n3. Pla de Pluriling\u00fcisme (Projecte AICLE)<br \/>\n4. Intercanvi de 4t d\u2019ESO<br \/>\n5. Altres projectes<\/p>\n<p style=\"text-align: justify;\"><strong>1. Ensenyament de les lleng\u00fces estrangeres com a mat\u00e8ria<\/strong><br \/>\nA l\u2019Institut s\u2019ofereix la llengua anglesa com a primera llengua en tots els cursos i el franc\u00e8s com a segona tamb\u00e9 a totes les etapes. En el cas de batxillerat, nom\u00e9s es fa franc\u00e8s si hi ha un nombre su\ufb01cient d\u2019alumnes.<\/p>\n<p style=\"text-align: justify;\"><strong>2. Projecte Cambridge \u2013 DELF<\/strong><br \/>\nEl centre t\u00e9 conveni amb al Fundaci\u00f3 Universitat de Girona per a la realitzaci\u00f3 d\u2019ex\u00e0mens de Cambridge, en concret el FCE (First Certificate in English). Tamb\u00e9 tenim conveni amb Alliance Fran\u00e7aise per a la realitzaci\u00f3 d\u2019ex\u00e0mens de DELF. Compta amb la col\u00b7laboraci\u00f3 econ\u00f2mica de l\u2019AMPA, que sufraga una part de la matr\u00edcula.<\/p>\n<p style=\"text-align: justify;\"><strong>3. Pla de Pluriling\u00fcisme (Projecte AICLE)<\/strong><br \/>\nAquest projecte es porta a terme des de 2016. S\u2019imparteixen algunes mat\u00e8ries d\u2019ESO i BAT parcialment en angl\u00e8s o franc\u00e8s tot seguint la metodologia AICLE (CLIL-EMILE). Actualment formen part del projecte les mat\u00e8ries de ci\u00e8ncies socials de 1r i 2n d\u2019ESO, la mat\u00e8ria d\u2019educaci\u00f3 f\u00edsica de 1r d\u2019ESO, la mat\u00e8ria de biologia de 3r d\u2019ESO,l\u2019optativa Aprenem a investigar de 3r d\u2019ESO, la mat\u00e8ria de ci\u00e8ncies socials de 3r d\u2019ESO (en franc\u00e8s) i les matem\u00e0tiques de 4t d\u2019ESO. I pel que fa a batxillerat les mat\u00e8ries de Tecnologia i Enginyeria i la Geologia de 1r de BAT.<\/p>\n<p style=\"text-align: justify;\"><strong>4. Intercanvis<\/strong><br \/>\nEs fan amb un institut d\u2019un pa\u00eds europeu i la llengua de comunicaci\u00f3 entre alumnes sol ser l\u2019angl\u00e8s. Enguany es far\u00e0 amb un centre de prop de Nuremberg (Baviera, Alemanya).<\/p>\n<p style=\"text-align: justify;\"><strong>5. Altres projectes<\/strong><br \/>\nEl centre participa alguns anys en programes e-twinning europeus en diferents mat\u00e8ries.<\/p>\n<p><img loading=\"lazy\" decoding=\"async\" class=\"size-full wp-image-5408 alignleft\" src=\"https:\/\/agora.xtec.cat\/iescassa\/wp-content\/uploads\/usu1877\/2025\/07\/internalitzacio.jpg\" alt=\"\" width=\"750\" height=\"442\" srcset=\"https:\/\/agora.xtec.cat\/iescassa\/wp-content\/uploads\/usu1877\/2025\/07\/internalitzacio.jpg 750w, https:\/\/agora.xtec.cat\/iescassa\/wp-content\/uploads\/usu1877\/2025\/07\/internalitzacio-300x177.jpg 300w\" sizes=\"auto, (max-width: 750px) 100vw, 750px\" \/><\/p>\n<p>&nbsp;<\/p>\n<p>&nbsp;<\/p>\n<p>&nbsp;<\/p>\n<p>&nbsp;<\/p>\n<p>&nbsp;<\/p>\n<p>&nbsp;<\/p>\n<p>&nbsp;<\/p>\n<p>&nbsp;<\/p>\n<p>&nbsp;<\/p>\n","protected":false},"excerpt":{"rendered":"<p>L\u2019INS Cass\u00e0 de la Selva t\u00e9 com un dels eixos importants del seu projecte educatiu la promoci\u00f3 de les lleng\u00fces estrangeres. Aquest eix es concreta en 5 punts: 1. Ensenyament de les lleng\u00fces estrangeres com a mat\u00e8ria 2. Projecte Cambridge \u2013 DELF 3. Pla de Pluriling\u00fcisme (Projecte AICLE) 4. Intercanvi de 4t d\u2019ESO 5. Altres [&hellip;]<\/p>\n","protected":false},"author":5,"featured_media":0,"parent":0,"menu_order":0,"comment_status":"closed","ping_status":"closed","template":"","meta":{"_bbp_topic_count":0,"_bbp_reply_count":0,"_bbp_total_topic_count":0,"_bbp_total_reply_count":0,"_bbp_voice_count":0,"_bbp_anonymous_reply_count":0,"_bbp_topic_count_hidden":0,"_bbp_reply_count_hidden":0,"_bbp_forum_subforum_count":0,"site-sidebar-layout":"default","site-content-layout":"","ast-site-content-layout":"default","site-content-style":"default","site-sidebar-style":"default","ast-global-header-display":"","ast-banner-title-visibility":"","ast-main-header-display":"","ast-hfb-above-header-display":"","ast-hfb-below-header-display":"","ast-hfb-mobile-header-display":"","site-post-title":"","ast-breadcrumbs-content":"","ast-featured-img":"","footer-sml-layout":"","theme-transparent-header-meta":"default","adv-header-id-meta":"","stick-header-meta":"","header-above-stick-meta":"","header-main-stick-meta":"","header-below-stick-meta":"","astra-migrate-meta-layouts":"set","ast-page-background-enabled":"default","ast-page-background-meta":{"desktop":{"background-color":"var(--ast-global-color-4)","background-image":"","background-repeat":"repeat","background-position":"center center","background-size":"auto","background-attachment":"scroll","background-type":"","background-media":"","overlay-type":"","overlay-color":"","overlay-opacity":"","overlay-gradient":""},"tablet":{"background-color":"","background-image":"","background-repeat":"repeat","background-position":"center center","background-size":"auto","background-attachment":"scroll","background-type":"","background-media":"","overlay-type":"","overlay-color":"","overlay-opacity":"","overlay-gradient":""},"mobile":{"background-color":"","background-image":"","background-repeat":"repeat","background-position":"center center","background-size":"auto","background-attachment":"scroll","background-type":"","background-media":"","overlay-type":"","overlay-color":"","overlay-opacity":"","overlay-gradient":""}},"ast-content-background-meta":{"desktop":{"background-color":"var(--ast-global-color-5)","background-image":"","background-repeat":"repeat","background-position":"center center","background-size":"auto","background-attachment":"scroll","background-type":"","background-media":"","overlay-type":"","overlay-color":"","overlay-opacity":"","overlay-gradient":""},"tablet":{"background-color":"var(--ast-global-color-5)","background-image":"","background-repeat":"repeat","background-position":"center center","background-size":"auto","background-attachment":"scroll","background-type":"","background-media":"","overlay-type":"","overlay-color":"","overlay-opacity":"","overlay-gradient":""},"mobile":{"background-color":"var(--ast-global-color-5)","background-image":"","background-repeat":"repeat","background-position":"center center","background-size":"auto","background-attachment":"scroll","background-type":"","background-media":"","overlay-type":"","overlay-color":"","overlay-opacity":"","overlay-gradient":""}},"footnotes":""},"class_list":["post-5405","page","type-page","status-publish","hentry"],"post_mailing_queue_ids":[],"_links":{"self":[{"href":"https:\/\/agora.xtec.cat\/iescassa\/wp-json\/wp\/v2\/pages\/5405","targetHints":{"allow":["GET"]}}],"collection":[{"href":"https:\/\/agora.xtec.cat\/iescassa\/wp-json\/wp\/v2\/pages"}],"about":[{"href":"https:\/\/agora.xtec.cat\/iescassa\/wp-json\/wp\/v2\/types\/page"}],"author":[{"embeddable":true,"href":"https:\/\/agora.xtec.cat\/iescassa\/wp-json\/wp\/v2\/users\/5"}],"replies":[{"embeddable":true,"href":"https:\/\/agora.xtec.cat\/iescassa\/wp-json\/wp\/v2\/comments?post=5405"}],"version-history":[{"count":6,"href":"https:\/\/agora.xtec.cat\/iescassa\/wp-json\/wp\/v2\/pages\/5405\/revisions"}],"predecessor-version":[{"id":5416,"href":"https:\/\/agora.xtec.cat\/iescassa\/wp-json\/wp\/v2\/pages\/5405\/revisions\/5416"}],"wp:attachment":[{"href":"https:\/\/agora.xtec.cat\/iescassa\/wp-json\/wp\/v2\/media?parent=5405"}],"curies":[{"name":"wp","href":"https:\/\/api.w.org\/{rel}","templated":true}]}}