{"id":5344,"date":"2025-07-12T11:25:51","date_gmt":"2025-07-12T09:25:51","guid":{"rendered":"https:\/\/agora.xtec.cat\/iescassa\/?page_id=5344"},"modified":"2025-07-12T11:26:26","modified_gmt":"2025-07-12T09:26:26","slug":"projecte-musa","status":"publish","type":"page","link":"https:\/\/agora.xtec.cat\/iescassa\/projecte-musa\/","title":{"rendered":"Projecte Musa"},"content":{"rendered":"<p style=\"font-weight: 400;\">El projecte Musa neix amb la voluntat de revitalitzar l&#8217;inter\u00e8s pels estudis d&#8217;humanitats entre els alumnes d&#8217;ESO, fomentant una connexi\u00f3 m\u00e9s profunda amb les arts, la literatura, la filosofia i la hist\u00f2ria. En un m\u00f3n cada vegada m\u00e9s tecnificat, \u00e9s fonamental recordar la import\u00e0ncia que les humanitats han tingut en la construcci\u00f3 del pensament cr\u00edtic i la creativitat, aix\u00ed com en la formaci\u00f3 integral dels estudiants. L&#8217;objectiu principal de Musa \u00e9s apropar les humanitats als alumnes, per tal d&#8217;oferir-los eines que s\u00f3n fonamentals per comprendre el m\u00f3n que els envolta. Igual com les nou Muses cl\u00e0ssiques inspiraven els antics artistes, m\u00fasics i poetes en les seves composicions, provarem d&#8217;inspirar els nostres joves a trav\u00e9s d&#8217;activitats i projectes interdisciplinaris que integraran la literatura, l&#8217;art, la m\u00fasica, la hist\u00f2ria i la filosofia. Amb aix\u00f2, pretenem mostrar la riquesa i la diversitat del patrimoni cultural i intel\u00b7lectual de la humanitat i incitar la reflexi\u00f3 sobre com aquestes manifestacions creatives han influ\u00eft en la societat i en la seva pr\u00f2pia vida.<\/p>\n<p style=\"font-weight: 400;\">Esperem que Musa sigui una invitaci\u00f3 a redescobrir el valor de les humanitats i una oportunitat per animar- los a convertir-se en pensadors cr\u00edtics, creatius i compromesos amb el seu entorn. Amb aquest projecte, Esperem encendre la flama de la curiositat i la passi\u00f3 pels coneixements humans, obrint aix\u00ed les portes a un m\u00f3n ple de possibilitats.<\/p>\n","protected":false},"excerpt":{"rendered":"<p>El projecte Musa neix amb la voluntat de revitalitzar l&#8217;inter\u00e8s pels estudis d&#8217;humanitats entre els alumnes d&#8217;ESO, fomentant una connexi\u00f3 m\u00e9s profunda amb les arts, la literatura, la filosofia i la hist\u00f2ria. En un m\u00f3n cada vegada m\u00e9s tecnificat, \u00e9s fonamental recordar la import\u00e0ncia que les humanitats han tingut en la construcci\u00f3 del pensament cr\u00edtic [&hellip;]<\/p>\n","protected":false},"author":5,"featured_media":0,"parent":0,"menu_order":0,"comment_status":"closed","ping_status":"closed","template":"","meta":{"_bbp_topic_count":0,"_bbp_reply_count":0,"_bbp_total_topic_count":0,"_bbp_total_reply_count":0,"_bbp_voice_count":0,"_bbp_anonymous_reply_count":0,"_bbp_topic_count_hidden":0,"_bbp_reply_count_hidden":0,"_bbp_forum_subforum_count":0,"site-sidebar-layout":"default","site-content-layout":"","ast-site-content-layout":"default","site-content-style":"default","site-sidebar-style":"default","ast-global-header-display":"","ast-banner-title-visibility":"","ast-main-header-display":"","ast-hfb-above-header-display":"","ast-hfb-below-header-display":"","ast-hfb-mobile-header-display":"","site-post-title":"","ast-breadcrumbs-content":"","ast-featured-img":"","footer-sml-layout":"","theme-transparent-header-meta":"default","adv-header-id-meta":"","stick-header-meta":"","header-above-stick-meta":"","header-main-stick-meta":"","header-below-stick-meta":"","astra-migrate-meta-layouts":"set","ast-page-background-enabled":"default","ast-page-background-meta":{"desktop":{"background-color":"var(--ast-global-color-4)","background-image":"","background-repeat":"repeat","background-position":"center center","background-size":"auto","background-attachment":"scroll","background-type":"","background-media":"","overlay-type":"","overlay-color":"","overlay-opacity":"","overlay-gradient":""},"tablet":{"background-color":"","background-image":"","background-repeat":"repeat","background-position":"center center","background-size":"auto","background-attachment":"scroll","background-type":"","background-media":"","overlay-type":"","overlay-color":"","overlay-opacity":"","overlay-gradient":""},"mobile":{"background-color":"","background-image":"","background-repeat":"repeat","background-position":"center center","background-size":"auto","background-attachment":"scroll","background-type":"","background-media":"","overlay-type":"","overlay-color":"","overlay-opacity":"","overlay-gradient":""}},"ast-content-background-meta":{"desktop":{"background-color":"var(--ast-global-color-5)","background-image":"","background-repeat":"repeat","background-position":"center center","background-size":"auto","background-attachment":"scroll","background-type":"","background-media":"","overlay-type":"","overlay-color":"","overlay-opacity":"","overlay-gradient":""},"tablet":{"background-color":"var(--ast-global-color-5)","background-image":"","background-repeat":"repeat","background-position":"center center","background-size":"auto","background-attachment":"scroll","background-type":"","background-media":"","overlay-type":"","overlay-color":"","overlay-opacity":"","overlay-gradient":""},"mobile":{"background-color":"var(--ast-global-color-5)","background-image":"","background-repeat":"repeat","background-position":"center center","background-size":"auto","background-attachment":"scroll","background-type":"","background-media":"","overlay-type":"","overlay-color":"","overlay-opacity":"","overlay-gradient":""}},"footnotes":""},"class_list":["post-5344","page","type-page","status-publish","hentry"],"post_mailing_queue_ids":[],"_links":{"self":[{"href":"https:\/\/agora.xtec.cat\/iescassa\/wp-json\/wp\/v2\/pages\/5344","targetHints":{"allow":["GET"]}}],"collection":[{"href":"https:\/\/agora.xtec.cat\/iescassa\/wp-json\/wp\/v2\/pages"}],"about":[{"href":"https:\/\/agora.xtec.cat\/iescassa\/wp-json\/wp\/v2\/types\/page"}],"author":[{"embeddable":true,"href":"https:\/\/agora.xtec.cat\/iescassa\/wp-json\/wp\/v2\/users\/5"}],"replies":[{"embeddable":true,"href":"https:\/\/agora.xtec.cat\/iescassa\/wp-json\/wp\/v2\/comments?post=5344"}],"version-history":[{"count":2,"href":"https:\/\/agora.xtec.cat\/iescassa\/wp-json\/wp\/v2\/pages\/5344\/revisions"}],"predecessor-version":[{"id":5347,"href":"https:\/\/agora.xtec.cat\/iescassa\/wp-json\/wp\/v2\/pages\/5344\/revisions\/5347"}],"wp:attachment":[{"href":"https:\/\/agora.xtec.cat\/iescassa\/wp-json\/wp\/v2\/media?parent=5344"}],"curies":[{"name":"wp","href":"https:\/\/api.w.org\/{rel}","templated":true}]}}