{"id":5336,"date":"2025-07-12T11:08:16","date_gmt":"2025-07-12T09:08:16","guid":{"rendered":"https:\/\/agora.xtec.cat\/iescassa\/?page_id=5336"},"modified":"2025-07-12T11:13:27","modified_gmt":"2025-07-12T09:13:27","slug":"europa-acull","status":"publish","type":"page","link":"https:\/\/agora.xtec.cat\/iescassa\/europa-acull\/","title":{"rendered":"Europa Acull?"},"content":{"rendered":"<p style=\"text-align: justify;\">\n<p style=\"text-align: justify;\">A l\u2019estiu de 2023, una embarcaci\u00f3 va naufragar al mar J\u00f2nic intentant arribar a Europa amb 750 persones a bord. Nom\u00e9s se n&#8217;han rescatat 104. I \u00e9s un fet que es repeteix una vegada i una altra al llarg de l&#8217;any. Podr\u00edem considerar, doncs, que la mar Mediterr\u00e0nia \u00e9s com un cementiri. Segons l&#8217;Organitzaci\u00f3 Internacional per les Migracions (OIM) el 2023 van morir 3997 persones a la frontera sud de la Uni\u00f3 Europea.<\/p>\n<p style=\"text-align: justify;\">Es tracta d&#8217;una situaci\u00f3 insostenible. L&#8217;Organitzaci\u00f3 de les Nacions Unides estima que en l&#8217;actualitat hi ha 690 milions de persones que pateixen fam al m\u00f3n. M\u00e9s de 738 milions viuen sota el llindar de la pobresa i la majoria d&#8217;elles s&#8217;ubiquen a l&#8217;\u00c0sia Meridional i l&#8217;\u00c0frica subsahariana. Els fluxos migratoris d&#8217;en\u00e7\u00e0 de la globalitzaci\u00f3 (finals del segle XX) s\u00f3n m\u00e9s intensos que mai i les \u00faltimes xifres no pronostiquen una disminuci\u00f3: el 2020 un 4% de la poblaci\u00f3 vivia a un pa\u00eds diferent del que va n\u00e9ixer. Davant aquesta problem\u00e0tica, cal prendre consci\u00e8ncia plena com a societat i plantejar a l\u2019alumnat la seg\u00fcent q\u00fcesti\u00f3:<\/p>\n<p style=\"text-align: justify;\"><strong>Europa acull realment les persones immigrants?<\/strong>, fent-se tot de preguntes com ara: d\u2019on venen?, com \u00e9s el seu viatge?, quines s\u00f3n les seves experi\u00e8ncies un cop han arribat a Europa?, es troben amb dificultats posteriors? Quines?<\/p>\n<p style=\"text-align: justify;\">Amb aquest projecte, es proposa als i les joves que analitzin els principals trets del fenomen migratori mundial, especialment aquell centrat en el continent europeu, per\u00f2 tamb\u00e9 que prengui partit, promovent l\u2019empatia i el desig d\u2019ajuda a les persones m\u00e9s desfavorides de la societat.<\/p>\n<p style=\"text-align: justify;\">Per a fomentar-ho, s\u2019identificaran les desigualtats i injust\u00edcies en el context local i global, especialment a trav\u00e9s dels Objectius de Desenvolupament Sostenible ( ODS1, ODS2 i ODS10) i l\u2019alumnat participar\u00e0 en activitats que promoguin actituds de respecte envers persones i col\u00b7lectius per mitj\u00e0 del di\u00e0leg i d\u2019una aproximaci\u00f3 intercultural.<\/p>\n<p style=\"text-align: justify;\">\n","protected":false},"excerpt":{"rendered":"<p>A l\u2019estiu de 2023, una embarcaci\u00f3 va naufragar al mar J\u00f2nic intentant arribar a Europa amb 750 persones a bord. Nom\u00e9s se n&#8217;han rescatat 104. I \u00e9s un fet que es repeteix una vegada i una altra al llarg de l&#8217;any. Podr\u00edem considerar, doncs, que la mar Mediterr\u00e0nia \u00e9s com un cementiri. Segons l&#8217;Organitzaci\u00f3 Internacional [&hellip;]<\/p>\n","protected":false},"author":5,"featured_media":0,"parent":0,"menu_order":0,"comment_status":"closed","ping_status":"closed","template":"","meta":{"_bbp_topic_count":0,"_bbp_reply_count":0,"_bbp_total_topic_count":0,"_bbp_total_reply_count":0,"_bbp_voice_count":0,"_bbp_anonymous_reply_count":0,"_bbp_topic_count_hidden":0,"_bbp_reply_count_hidden":0,"_bbp_forum_subforum_count":0,"site-sidebar-layout":"default","site-content-layout":"","ast-site-content-layout":"default","site-content-style":"default","site-sidebar-style":"default","ast-global-header-display":"","ast-banner-title-visibility":"","ast-main-header-display":"","ast-hfb-above-header-display":"","ast-hfb-below-header-display":"","ast-hfb-mobile-header-display":"","site-post-title":"","ast-breadcrumbs-content":"","ast-featured-img":"","footer-sml-layout":"","theme-transparent-header-meta":"default","adv-header-id-meta":"","stick-header-meta":"","header-above-stick-meta":"","header-main-stick-meta":"","header-below-stick-meta":"","astra-migrate-meta-layouts":"set","ast-page-background-enabled":"default","ast-page-background-meta":{"desktop":{"background-color":"var(--ast-global-color-4)","background-image":"","background-repeat":"repeat","background-position":"center center","background-size":"auto","background-attachment":"scroll","background-type":"","background-media":"","overlay-type":"","overlay-color":"","overlay-opacity":"","overlay-gradient":""},"tablet":{"background-color":"","background-image":"","background-repeat":"repeat","background-position":"center center","background-size":"auto","background-attachment":"scroll","background-type":"","background-media":"","overlay-type":"","overlay-color":"","overlay-opacity":"","overlay-gradient":""},"mobile":{"background-color":"","background-image":"","background-repeat":"repeat","background-position":"center center","background-size":"auto","background-attachment":"scroll","background-type":"","background-media":"","overlay-type":"","overlay-color":"","overlay-opacity":"","overlay-gradient":""}},"ast-content-background-meta":{"desktop":{"background-color":"var(--ast-global-color-5)","background-image":"","background-repeat":"repeat","background-position":"center center","background-size":"auto","background-attachment":"scroll","background-type":"","background-media":"","overlay-type":"","overlay-color":"","overlay-opacity":"","overlay-gradient":""},"tablet":{"background-color":"var(--ast-global-color-5)","background-image":"","background-repeat":"repeat","background-position":"center center","background-size":"auto","background-attachment":"scroll","background-type":"","background-media":"","overlay-type":"","overlay-color":"","overlay-opacity":"","overlay-gradient":""},"mobile":{"background-color":"var(--ast-global-color-5)","background-image":"","background-repeat":"repeat","background-position":"center center","background-size":"auto","background-attachment":"scroll","background-type":"","background-media":"","overlay-type":"","overlay-color":"","overlay-opacity":"","overlay-gradient":""}},"footnotes":""},"class_list":["post-5336","page","type-page","status-publish","hentry"],"post_mailing_queue_ids":[],"_links":{"self":[{"href":"https:\/\/agora.xtec.cat\/iescassa\/wp-json\/wp\/v2\/pages\/5336","targetHints":{"allow":["GET"]}}],"collection":[{"href":"https:\/\/agora.xtec.cat\/iescassa\/wp-json\/wp\/v2\/pages"}],"about":[{"href":"https:\/\/agora.xtec.cat\/iescassa\/wp-json\/wp\/v2\/types\/page"}],"author":[{"embeddable":true,"href":"https:\/\/agora.xtec.cat\/iescassa\/wp-json\/wp\/v2\/users\/5"}],"replies":[{"embeddable":true,"href":"https:\/\/agora.xtec.cat\/iescassa\/wp-json\/wp\/v2\/comments?post=5336"}],"version-history":[{"count":4,"href":"https:\/\/agora.xtec.cat\/iescassa\/wp-json\/wp\/v2\/pages\/5336\/revisions"}],"predecessor-version":[{"id":5341,"href":"https:\/\/agora.xtec.cat\/iescassa\/wp-json\/wp\/v2\/pages\/5336\/revisions\/5341"}],"wp:attachment":[{"href":"https:\/\/agora.xtec.cat\/iescassa\/wp-json\/wp\/v2\/media?parent=5336"}],"curies":[{"name":"wp","href":"https:\/\/api.w.org\/{rel}","templated":true}]}}