{"id":63,"date":"2014-09-18T10:06:31","date_gmt":"2014-09-18T10:06:31","guid":{"rendered":"http:\/\/agora.xtec.cat\/iescasablancas\/?page_id=63"},"modified":"2024-10-10T13:45:50","modified_gmt":"2024-10-10T11:45:50","slug":"serveis","status":"publish","type":"page","link":"https:\/\/agora.xtec.cat\/iescasablancas\/serveis\/","title":{"rendered":"Secretaria"},"content":{"rendered":"<h5><span style=\"color: #808000;\">Tens alguna pregunta o necessites fer qualsevol tr\u00e0mit?<\/span><\/h5>\n<p>Podeu contactar amb la secretaria del centre dintre de l&#8217;horari d&#8217;atenci\u00f3 b\u00e9 presencialment, per tel\u00e8fon o per correu electr\u00f2nic.<\/p>\n<h3 style=\"text-align: justify;\"><span style=\"color: #ff0000;\">CANALS DE COMUNICACI\u00d3 MITJAN\u00c7ANT EL CORREU ELECTR\u00d2NIC:<\/span><\/h3>\n<ul>\n<li style=\"text-align: justify;\"><strong>Tr\u00e0mits administratius: secretaria_oficines@iescasablancas.cat<\/strong><\/li>\n<li><strong>Incid\u00e8ncies pagaments:<\/strong>\u00a0<strong>pagament_incidencies@iescasablancas.cat<\/strong><\/li>\n<\/ul>\n<table class=\" alignleft\" style=\"width: 82.6239%;\">\n<tbody>\n<tr>\n<td style=\"text-align: center; width: 38.041%;\">\n<p style=\"text-align: center;\"><a href=\"https:\/\/agora.xtec.cat\/iescasablancas\/categoria\/secretaria\/hor\/\" target=\"_blank\" rel=\"noopener noreferrer\"><img loading=\"lazy\" decoding=\"async\" class=\"aligncenter wp-image-8052\" src=\"https:\/\/agora.xtec.cat\/iescasablancas\/wp-content\/uploads\/usu917\/2020\/11\/hor-150x150.png\" alt=\"\" width=\"109\" height=\"100\" \/><\/a><\/p>\n<p>Horaris<\/td>\n<td style=\"width: 30.0683%;\"><a href=\"https:\/\/agora.xtec.cat\/iescasablancas\/categoria\/secretaria\/doc\/\" target=\"_blank\" rel=\"noopener noreferrer\"><img loading=\"lazy\" decoding=\"async\" class=\"aligncenter wp-image-8055\" src=\"https:\/\/agora.xtec.cat\/iescasablancas\/wp-content\/uploads\/usu917\/2020\/11\/doc-1-150x150.png\" alt=\"\" width=\"113\" height=\"100\" \/><\/a><\/p>\n<p style=\"text-align: center;\">Documents<\/p>\n<\/td>\n<td style=\"width: 30.0683%;\"><a href=\"https:\/\/agora.xtec.cat\/iescasablancas\/categoria\/secretaria\/bqaj\/\" target=\"_blank\" rel=\"noopener noreferrer\"><img loading=\"lazy\" decoding=\"async\" class=\"aligncenter wp-image-8056\" src=\"https:\/\/agora.xtec.cat\/iescasablancas\/wp-content\/uploads\/usu917\/2020\/11\/beq-150x150.png\" alt=\"\" width=\"113\" height=\"100\" \/><\/a><\/p>\n<p style=\"text-align: center;\">Beques i ajuts<\/p>\n<\/td>\n<\/tr>\n<tr>\n<td style=\"width: 38.041%;\"><a href=\"https:\/\/agora.xtec.cat\/iescasablancas\/categoria\/secretaria\/premat\/\" target=\"_blank\" rel=\"noopener noreferrer\"><img loading=\"lazy\" decoding=\"async\" class=\"aligncenter wp-image-8060\" src=\"https:\/\/agora.xtec.cat\/iescasablancas\/wp-content\/uploads\/usu917\/2020\/11\/pre-150x150.png\" alt=\"\" width=\"96\" height=\"100\" \/><\/a><\/p>\n<p style=\"text-align: center;\">Preinscripci\u00f3 i matr\u00edcula<\/p>\n<\/td>\n<td style=\"width: 30.0683%;\"><a href=\"https:\/\/agora.xtec.cat\/iescasablancas\/categoria\/secretaria\/cert\/\" target=\"_blank\" rel=\"noopener noreferrer\"><img loading=\"lazy\" decoding=\"async\" class=\"aligncenter wp-image-8061\" src=\"https:\/\/agora.xtec.cat\/iescasablancas\/wp-content\/uploads\/usu917\/2020\/11\/cert-150x150.png\" alt=\"\" width=\"104\" height=\"100\" srcset=\"https:\/\/agora.xtec.cat\/iescasablancas\/wp-content\/uploads\/usu917\/2020\/11\/cert-300x287.png 300w, https:\/\/agora.xtec.cat\/iescasablancas\/wp-content\/uploads\/usu917\/2020\/11\/cert.png 309w\" sizes=\"auto, (max-width: 104px) 100vw, 104px\" \/><\/a><\/p>\n<p style=\"text-align: center;\">Certificats<\/p>\n<\/td>\n<td style=\"text-align: center; width: 30.0683%;\"><a href=\"https:\/\/agora.xtec.cat\/iescasablancas\/categoria\/secretaria\/tit\/\" target=\"_blank\" rel=\"noopener noreferrer\"><img loading=\"lazy\" decoding=\"async\" class=\"aligncenter wp-image-8059\" src=\"https:\/\/agora.xtec.cat\/iescasablancas\/wp-content\/uploads\/usu917\/2020\/11\/tit-150x150.png\" alt=\"\" width=\"111\" height=\"100\" \/><\/a><\/p>\n<p>T\u00edtols<\/td>\n<\/tr>\n<\/tbody>\n<\/table>\n<h5><\/h5>\n<h5 style=\"text-align: left;\"><\/h5>\n","protected":false},"excerpt":{"rendered":"<p>Tens alguna pregunta o necessites fer qualsevol tr\u00e0mit?<br \/>\nPodeu contactar amb la secretaria del centre dintre de l&#8217;horari d&#8217;atenci\u00f3 b\u00e9 presencialment, per tel\u00e8fon o per correu electr\u00f2nic.<br \/>\nCANALS DE COMUNICACI\u00d3 MITJAN\u00c7ANT EL CORREU ELECTR\u00d2NIC:<\/p>\n<ul>\n<li style=\"text-align: justify;\">Tr\u00e0mits administratius: secretaria_oficines@iescasablancas.cat<\/li>\n<li>Incid\u00e8ncies pagaments:\u00a0pagament_incidencies@iescasablancas.cat<\/li>\n<\/ul>\n<p><a href=\"https:\/\/agora.xtec.cat\/iescasablancas\/categoria\/secretaria\/hor\/\" target=\"_blank\" rel=\"noopener noreferrer\"><\/a><br \/>\nHoraris<br \/>\n<a href=\"https:\/\/agora.xtec.cat\/iescasablancas\/categoria\/secretaria\/doc\/\" target=\"_blank\" rel=\"noopener noreferrer\"><\/a><br \/>\nDocuments<\/p>\n<p><a&hellip;  <a href=\"https:\/\/agora.xtec.cat\/iescasablancas\/serveis\/\" title=\"Read Secretaria\">Llegeix m\u00e9s\u00bb<\/a><\/p>\n","protected":false},"author":1,"featured_media":0,"parent":0,"menu_order":0,"comment_status":"closed","ping_status":"closed","template":"","meta":{"_bbp_topic_count":0,"_bbp_reply_count":0,"_bbp_total_topic_count":0,"_bbp_total_reply_count":0,"_bbp_voice_count":0,"_bbp_anonymous_reply_count":0,"_bbp_topic_count_hidden":0,"_bbp_reply_count_hidden":0,"_bbp_forum_subforum_count":0,"footnotes":""},"class_list":["post-63","page","type-page","status-publish","hentry"],"post_mailing_queue_ids":[],"_links":{"self":[{"href":"https:\/\/agora.xtec.cat\/iescasablancas\/wp-json\/wp\/v2\/pages\/63","targetHints":{"allow":["GET"]}}],"collection":[{"href":"https:\/\/agora.xtec.cat\/iescasablancas\/wp-json\/wp\/v2\/pages"}],"about":[{"href":"https:\/\/agora.xtec.cat\/iescasablancas\/wp-json\/wp\/v2\/types\/page"}],"author":[{"embeddable":true,"href":"https:\/\/agora.xtec.cat\/iescasablancas\/wp-json\/wp\/v2\/users\/1"}],"replies":[{"embeddable":true,"href":"https:\/\/agora.xtec.cat\/iescasablancas\/wp-json\/wp\/v2\/comments?post=63"}],"version-history":[{"count":8,"href":"https:\/\/agora.xtec.cat\/iescasablancas\/wp-json\/wp\/v2\/pages\/63\/revisions"}],"predecessor-version":[{"id":10505,"href":"https:\/\/agora.xtec.cat\/iescasablancas\/wp-json\/wp\/v2\/pages\/63\/revisions\/10505"}],"wp:attachment":[{"href":"https:\/\/agora.xtec.cat\/iescasablancas\/wp-json\/wp\/v2\/media?parent=63"}],"curies":[{"name":"wp","href":"https:\/\/api.w.org\/{rel}","templated":true}]}}