{"id":46,"date":"2014-09-17T16:53:45","date_gmt":"2014-09-17T16:53:45","guid":{"rendered":"http:\/\/agora.xtec.cat\/iescasablancas\/?page_id=46"},"modified":"2018-08-18T10:55:51","modified_gmt":"2018-08-18T08:55:51","slug":"organigrama","status":"publish","type":"page","link":"https:\/\/agora.xtec.cat\/iescasablancas\/linstitut\/organigrama\/","title":{"rendered":"Organigrama"},"content":{"rendered":"<p style=\"text-align: justify;\">El nostre centre educatiu t\u00e9 la seg\u00fcent organitzaci\u00f3 interna:<\/p>\n<ul>\n<li><span style=\"text-decoration: underline;\"><a href=\"http:\/\/agora.xtec.cat\/iescasablancas\/linstitut\/organigrama\/consell-escolar\/\">Consell escolar<\/a><\/span><\/li>\n<li><span style=\"text-decoration: underline;\"><a href=\"http:\/\/agora.xtec.cat\/iescasablancas\/linstitut\/organigrama\/direccio\/\">Direcci\u00f3<\/a><\/span><\/li>\n<li><span style=\"text-decoration: underline;\"><a href=\"http:\/\/agora.xtec.cat\/iescasablancas\/linstitut\/organigrama\/departaments-didactics\/\">Departaments did\u00e0ctics<\/a><\/span><\/li>\n<li><span style=\"text-decoration: underline;\"><a href=\"http:\/\/agora.xtec.cat\/iescasablancas\/linstitut\/organigrama\/tutories\/\">Tutories<\/a><\/span><\/li>\n<li><span style=\"text-decoration: underline;\"><a href=\"http:\/\/agora.xtec.cat\/iescasablancas\/linstitut\/organigrama\/pas\/\">Personal d&#8217;administraci\u00f3 i serveis<\/a><\/span><\/li>\n<\/ul>\n","protected":false},"excerpt":{"rendered":"<p>El nostre centre educatiu t\u00e9 la seg\u00fcent organitzaci\u00f3 interna:<\/p>\n<ul>\n<li><a href=\"http:\/\/agora.xtec.cat\/iescasablancas\/linstitut\/organigrama\/consell-escolar\/\">Consell escolar<\/a><\/li>\n<li><a href=\"http:\/\/agora.xtec.cat\/iescasablancas\/linstitut\/organigrama\/direccio\/\">Direcci\u00f3<\/a><\/li>\n<li><a href=\"http:\/\/agora.xtec.cat\/iescasablancas\/linstitut\/organigrama\/departaments-didactics\/\">Departaments did\u00e0ctics<\/a><\/li>\n<li><a href=\"http:\/\/agora.xtec.cat\/iescasablancas\/linstitut\/organigrama\/tutories\/\">Tutories<\/a><\/li>\n<li><a href=\"http:\/\/agora.xtec.cat\/iescasablancas\/linstitut\/organigrama\/pas\/\">Personal d&#8217;administraci\u00f3 i serveis<\/a><\/li>\n<\/ul>\n","protected":false},"author":1,"featured_media":0,"parent":19,"menu_order":50,"comment_status":"closed","ping_status":"closed","template":"page-templates\/side-menu.php","meta":{"_bbp_topic_count":0,"_bbp_reply_count":0,"_bbp_total_topic_count":0,"_bbp_total_reply_count":0,"_bbp_voice_count":0,"_bbp_anonymous_reply_count":0,"_bbp_topic_count_hidden":0,"_bbp_reply_count_hidden":0,"_bbp_forum_subforum_count":0,"footnotes":""},"class_list":["post-46","page","type-page","status-publish","hentry"],"post_mailing_queue_ids":[],"_links":{"self":[{"href":"https:\/\/agora.xtec.cat\/iescasablancas\/wp-json\/wp\/v2\/pages\/46","targetHints":{"allow":["GET"]}}],"collection":[{"href":"https:\/\/agora.xtec.cat\/iescasablancas\/wp-json\/wp\/v2\/pages"}],"about":[{"href":"https:\/\/agora.xtec.cat\/iescasablancas\/wp-json\/wp\/v2\/types\/page"}],"author":[{"embeddable":true,"href":"https:\/\/agora.xtec.cat\/iescasablancas\/wp-json\/wp\/v2\/users\/1"}],"replies":[{"embeddable":true,"href":"https:\/\/agora.xtec.cat\/iescasablancas\/wp-json\/wp\/v2\/comments?post=46"}],"version-history":[{"count":6,"href":"https:\/\/agora.xtec.cat\/iescasablancas\/wp-json\/wp\/v2\/pages\/46\/revisions"}],"predecessor-version":[{"id":5125,"href":"https:\/\/agora.xtec.cat\/iescasablancas\/wp-json\/wp\/v2\/pages\/46\/revisions\/5125"}],"up":[{"embeddable":true,"href":"https:\/\/agora.xtec.cat\/iescasablancas\/wp-json\/wp\/v2\/pages\/19"}],"wp:attachment":[{"href":"https:\/\/agora.xtec.cat\/iescasablancas\/wp-json\/wp\/v2\/media?parent=46"}],"curies":[{"name":"wp","href":"https:\/\/api.w.org\/{rel}","templated":true}]}}