{"id":21,"date":"2014-09-17T16:14:14","date_gmt":"2014-09-17T16:14:14","guid":{"rendered":"http:\/\/agora.xtec.cat\/iescasablancas\/?page_id=21"},"modified":"2020-10-06T17:25:47","modified_gmt":"2020-10-06T15:25:47","slug":"on-som","status":"publish","type":"page","link":"https:\/\/agora.xtec.cat\/iescasablancas\/linstitut\/on-som\/","title":{"rendered":"On som"},"content":{"rendered":"<p><strong>Institut P\u00fablic Ferran Casablancas<\/strong><\/p>\n<p>Carrer Mare de les Aig\u00fces, 2.<br \/>\n08206 Sabadell, Barcelona.<br \/>\ntel. 937233850<br \/>\nfax 937164423<br \/>\nContacte institucional: iescasablancas<span class=\"atwho-query\">@xtec.cat<\/span><br \/>\nTr\u00e0mits administratius: secretaria_oficines@iescasablancas.cat<\/p>\n<p>&nbsp;<\/p>\n<p align=\"justify\">Estem ubicats entre el barri de La Conc\u00f2rdia i Ca n&#8217;Oriach, a prop de la estaci\u00f3 Nord de Renfe i Pla\u00e7a Espanya, aix\u00ed com diferents parades d&#8217;autobusos de Sabadell\u00a0(L\u00ednies 1, 2, 3, 7, 8, 9, 10).<\/p>\n<p><iframe loading=\"lazy\" src=\"https:\/\/www.google.com\/maps\/embed?pb=!1m18!1m12!1m3!1d1012.3717589137942!2d2.091250776828806!3d41.561257545947235!2m3!1f0!2f0!3f0!3m2!1i1024!2i768!4f13.1!3m3!1m2!1s0x12a494e9c1ecc28d%3A0x465caeb7f66ddba2!2sInstitut+Public+Ferr%C3%A1n+Casablancas!5e1!3m2!1sca!2ses!4v1455081020034\" width=\"600\" height=\"450\" frameborder=\"0\"><\/iframe><\/p>\n<p>&nbsp;<\/p>\n","protected":false},"excerpt":{"rendered":"<p>Institut P\u00fablic Ferran Casablancas<br \/>\nCarrer Mare de les Aig\u00fces, 2.<br \/>\n08206 Sabadell, Barcelona.<br \/>\ntel. 937233850<br \/>\nfax 937164423<br \/>\nContacte institucional: iescasablancas@xtec.cat<br \/>\nTr\u00e0mits administratius: secretaria_oficines@iescasablancas.cat<br \/>\n&nbsp;<br \/>\nEstem ubicats entre el barri de La Conc\u00f2rdia i Ca n&#8217;Oriach, a prop de la estaci\u00f3 Nord de Renfe i Pla\u00e7a Espanya, aix\u00ed com diferents parades d&#8217;autobusos de Sabadell\u00a0(L\u00ednies&hellip;  <a href=\"https:\/\/agora.xtec.cat\/iescasablancas\/linstitut\/on-som\/\" title=\"Read On som\">Llegeix m\u00e9s\u00bb<\/a><\/p>\n","protected":false},"author":1,"featured_media":0,"parent":19,"menu_order":10,"comment_status":"closed","ping_status":"closed","template":"page-templates\/side-menu.php","meta":{"_bbp_topic_count":0,"_bbp_reply_count":0,"_bbp_total_topic_count":0,"_bbp_total_reply_count":0,"_bbp_voice_count":0,"_bbp_anonymous_reply_count":0,"_bbp_topic_count_hidden":0,"_bbp_reply_count_hidden":0,"_bbp_forum_subforum_count":0,"footnotes":""},"class_list":["post-21","page","type-page","status-publish","hentry"],"post_mailing_queue_ids":[],"_links":{"self":[{"href":"https:\/\/agora.xtec.cat\/iescasablancas\/wp-json\/wp\/v2\/pages\/21","targetHints":{"allow":["GET"]}}],"collection":[{"href":"https:\/\/agora.xtec.cat\/iescasablancas\/wp-json\/wp\/v2\/pages"}],"about":[{"href":"https:\/\/agora.xtec.cat\/iescasablancas\/wp-json\/wp\/v2\/types\/page"}],"author":[{"embeddable":true,"href":"https:\/\/agora.xtec.cat\/iescasablancas\/wp-json\/wp\/v2\/users\/1"}],"replies":[{"embeddable":true,"href":"https:\/\/agora.xtec.cat\/iescasablancas\/wp-json\/wp\/v2\/comments?post=21"}],"version-history":[{"count":3,"href":"https:\/\/agora.xtec.cat\/iescasablancas\/wp-json\/wp\/v2\/pages\/21\/revisions"}],"predecessor-version":[{"id":8000,"href":"https:\/\/agora.xtec.cat\/iescasablancas\/wp-json\/wp\/v2\/pages\/21\/revisions\/8000"}],"up":[{"embeddable":true,"href":"https:\/\/agora.xtec.cat\/iescasablancas\/wp-json\/wp\/v2\/pages\/19"}],"wp:attachment":[{"href":"https:\/\/agora.xtec.cat\/iescasablancas\/wp-json\/wp\/v2\/media?parent=21"}],"curies":[{"name":"wp","href":"https:\/\/api.w.org\/{rel}","templated":true}]}}